{"id":18019,"date":"2025-11-25T19:39:45","date_gmt":"2025-11-25T18:39:45","guid":{"rendered":"https:\/\/cenariosdeacucar.pt\/?post_type=product&#038;p=18019"},"modified":"2026-01-20T19:36:41","modified_gmt":"2026-01-20T18:36:41","slug":"caneta-magica-vermelho","status":"publish","type":"product","link":"https:\/\/cenariosdeacucar.pt\/?product=caneta-magica-vermelho","title":{"rendered":"Caneta M\u00e1gica Vermelho"},"content":{"rendered":"","protected":false},"excerpt":{"rendered":"<p>Perfeito para elabora\u00e7\u00e3o de desenho e decora\u00e7\u00e3o de bolos, bolachas, entre outros.<br \/>\nPode usar em chantilly, ganache, buttercream, pasta de a\u00e7\u00facar, entre outros.<br \/>\nIdeal para as decora\u00e7\u00f5es de Bent\u00f4 Cakes e Cartoon Cakes.<br \/>\nCont\u00e9m um bico doseador fino e de f\u00e1cil aplica\u00e7\u00e3o.<\/p>\n<p>Frasco 25 gr<\/p>\n","protected":false},"featured_media":18020,"comment_status":"closed","ping_status":"closed","template":"","meta":[],"product_brand":[],"product_cat":[142,246,146,115],"product_tag":[],"class_list":{"0":"post-18019","1":"product","2":"type-product","3":"status-publish","4":"has-post-thumbnail","6":"product_cat-comestiveis","7":"product_cat-dia-dos-namorados","8":"product_cat-drips-canetas-e-bisnagas","9":"product_cat-epocas-especiais","11":"first","12":"instock","13":"shipping-taxable","14":"purchasable","15":"product-type-simple"},"yoast_head":"<!-- This site is optimized with the Yoast SEO plugin v27.4 - https:\/\/yoast.com\/product\/yoast-seo-wordpress\/ -->\n<title>Caneta M\u00e1gica Vermelho - Cen\u00e1rios de A\u00e7ucar<\/title>\n<meta name=\"robots\" content=\"index, follow, max-snippet:-1, max-image-preview:large, max-video-preview:-1\" \/>\n<link rel=\"canonical\" href=\"https:\/\/cenariosdeacucar.pt\/?product=caneta-magica-vermelho\" \/>\n<meta property=\"og:locale\" content=\"pt_PT\" \/>\n<meta property=\"og:type\" content=\"article\" \/>\n<meta property=\"og:title\" content=\"Caneta M\u00e1gica Vermelho - Cen\u00e1rios de A\u00e7ucar\" \/>\n<meta property=\"og:description\" content=\"Perfeito para elabora\u00e7\u00e3o de desenho e decora\u00e7\u00e3o de bolos, bolachas, entre outros. Pode usar em chantilly, ganache, buttercream, pasta de a\u00e7\u00facar, entre outros. Ideal para as decora\u00e7\u00f5es de Bent\u00f4 Cakes e Cartoon Cakes. Cont\u00e9m um bico doseador fino e de f\u00e1cil aplica\u00e7\u00e3o.  Frasco 25 gr\" \/>\n<meta property=\"og:url\" content=\"https:\/\/cenariosdeacucar.pt\/?product=caneta-magica-vermelho\" \/>\n<meta property=\"og:site_name\" content=\"Cen\u00e1rios de A\u00e7ucar\" \/>\n<meta property=\"article:modified_time\" content=\"2026-01-20T18:36:41+00:00\" \/>\n<meta property=\"og:image\" content=\"https:\/\/cenariosdeacucar.pt\/novo\/wp-content\/uploads\/2025\/11\/DECCAN001.jpg\" \/>\n\t<meta property=\"og:image:width\" content=\"900\" \/>\n\t<meta property=\"og:image:height\" content=\"900\" \/>\n\t<meta property=\"og:image:type\" content=\"image\/jpeg\" \/>\n<meta name=\"twitter:card\" content=\"summary_large_image\" \/>\n<meta name=\"twitter:label1\" content=\"Tempo estimado de leitura\" \/>\n\t<meta name=\"twitter:data1\" content=\"1 minuto\" \/>\n<script type=\"application\/ld+json\" class=\"yoast-schema-graph\">{\"@context\":\"https:\\\/\\\/schema.org\",\"@graph\":[{\"@type\":\"WebPage\",\"@id\":\"https:\\\/\\\/cenariosdeacucar.pt\\\/?product=caneta-magica-vermelho\",\"url\":\"https:\\\/\\\/cenariosdeacucar.pt\\\/?product=caneta-magica-vermelho\",\"name\":\"Caneta M\u00e1gica Vermelho - Cen\u00e1rios de A\u00e7ucar\",\"isPartOf\":{\"@id\":\"https:\\\/\\\/cenariosdeacucar.pt\\\/#website\"},\"primaryImageOfPage\":{\"@id\":\"https:\\\/\\\/cenariosdeacucar.pt\\\/?product=caneta-magica-vermelho#primaryimage\"},\"image\":{\"@id\":\"https:\\\/\\\/cenariosdeacucar.pt\\\/?product=caneta-magica-vermelho#primaryimage\"},\"thumbnailUrl\":\"https:\\\/\\\/cenariosdeacucar.pt\\\/novo\\\/wp-content\\\/uploads\\\/2025\\\/11\\\/DECCAN001.jpg\",\"datePublished\":\"2025-11-25T18:39:45+00:00\",\"dateModified\":\"2026-01-20T18:36:41+00:00\",\"breadcrumb\":{\"@id\":\"https:\\\/\\\/cenariosdeacucar.pt\\\/?product=caneta-magica-vermelho#breadcrumb\"},\"inLanguage\":\"pt-PT\",\"potentialAction\":[{\"@type\":\"ReadAction\",\"target\":[\"https:\\\/\\\/cenariosdeacucar.pt\\\/?product=caneta-magica-vermelho\"]}]},{\"@type\":\"ImageObject\",\"inLanguage\":\"pt-PT\",\"@id\":\"https:\\\/\\\/cenariosdeacucar.pt\\\/?product=caneta-magica-vermelho#primaryimage\",\"url\":\"https:\\\/\\\/cenariosdeacucar.pt\\\/novo\\\/wp-content\\\/uploads\\\/2025\\\/11\\\/DECCAN001.jpg\",\"contentUrl\":\"https:\\\/\\\/cenariosdeacucar.pt\\\/novo\\\/wp-content\\\/uploads\\\/2025\\\/11\\\/DECCAN001.jpg\",\"width\":900,\"height\":900},{\"@type\":\"BreadcrumbList\",\"@id\":\"https:\\\/\\\/cenariosdeacucar.pt\\\/?product=caneta-magica-vermelho#breadcrumb\",\"itemListElement\":[{\"@type\":\"ListItem\",\"position\":1,\"name\":\"In\u00edcio\",\"item\":\"https:\\\/\\\/cenariosdeacucar.pt\\\/\"},{\"@type\":\"ListItem\",\"position\":2,\"name\":\"Produtos\",\"item\":\"https:\\\/\\\/cenariosdeacucar.pt\\\/?post_type=product\"},{\"@type\":\"ListItem\",\"position\":3,\"name\":\"Caneta M\u00e1gica Vermelho\"}]},{\"@type\":\"WebSite\",\"@id\":\"https:\\\/\\\/cenariosdeacucar.pt\\\/#website\",\"url\":\"https:\\\/\\\/cenariosdeacucar.pt\\\/\",\"name\":\"Cen\u00e1rios de A\u00e7ucar\",\"description\":\"Cake Design | Festas\",\"potentialAction\":[{\"@type\":\"SearchAction\",\"target\":{\"@type\":\"EntryPoint\",\"urlTemplate\":\"https:\\\/\\\/cenariosdeacucar.pt\\\/?s={search_term_string}\"},\"query-input\":{\"@type\":\"PropertyValueSpecification\",\"valueRequired\":true,\"valueName\":\"search_term_string\"}}],\"inLanguage\":\"pt-PT\"}]}<\/script>\n<!-- \/ Yoast SEO plugin. -->","yoast_head_json":{"title":"Caneta M\u00e1gica Vermelho - Cen\u00e1rios de A\u00e7ucar","robots":{"index":"index","follow":"follow","max-snippet":"max-snippet:-1","max-image-preview":"max-image-preview:large","max-video-preview":"max-video-preview:-1"},"canonical":"https:\/\/cenariosdeacucar.pt\/?product=caneta-magica-vermelho","og_locale":"pt_PT","og_type":"article","og_title":"Caneta M\u00e1gica Vermelho - Cen\u00e1rios de A\u00e7ucar","og_description":"Perfeito para elabora\u00e7\u00e3o de desenho e decora\u00e7\u00e3o de bolos, bolachas, entre outros. Pode usar em chantilly, ganache, buttercream, pasta de a\u00e7\u00facar, entre outros. Ideal para as decora\u00e7\u00f5es de Bent\u00f4 Cakes e Cartoon Cakes. Cont\u00e9m um bico doseador fino e de f\u00e1cil aplica\u00e7\u00e3o.  Frasco 25 gr","og_url":"https:\/\/cenariosdeacucar.pt\/?product=caneta-magica-vermelho","og_site_name":"Cen\u00e1rios de A\u00e7ucar","article_modified_time":"2026-01-20T18:36:41+00:00","og_image":[{"width":900,"height":900,"url":"https:\/\/cenariosdeacucar.pt\/novo\/wp-content\/uploads\/2025\/11\/DECCAN001.jpg","type":"image\/jpeg"}],"twitter_card":"summary_large_image","twitter_misc":{"Tempo estimado de leitura":"1 minuto"},"schema":{"@context":"https:\/\/schema.org","@graph":[{"@type":"WebPage","@id":"https:\/\/cenariosdeacucar.pt\/?product=caneta-magica-vermelho","url":"https:\/\/cenariosdeacucar.pt\/?product=caneta-magica-vermelho","name":"Caneta M\u00e1gica Vermelho - Cen\u00e1rios de A\u00e7ucar","isPartOf":{"@id":"https:\/\/cenariosdeacucar.pt\/#website"},"primaryImageOfPage":{"@id":"https:\/\/cenariosdeacucar.pt\/?product=caneta-magica-vermelho#primaryimage"},"image":{"@id":"https:\/\/cenariosdeacucar.pt\/?product=caneta-magica-vermelho#primaryimage"},"thumbnailUrl":"https:\/\/cenariosdeacucar.pt\/novo\/wp-content\/uploads\/2025\/11\/DECCAN001.jpg","datePublished":"2025-11-25T18:39:45+00:00","dateModified":"2026-01-20T18:36:41+00:00","breadcrumb":{"@id":"https:\/\/cenariosdeacucar.pt\/?product=caneta-magica-vermelho#breadcrumb"},"inLanguage":"pt-PT","potentialAction":[{"@type":"ReadAction","target":["https:\/\/cenariosdeacucar.pt\/?product=caneta-magica-vermelho"]}]},{"@type":"ImageObject","inLanguage":"pt-PT","@id":"https:\/\/cenariosdeacucar.pt\/?product=caneta-magica-vermelho#primaryimage","url":"https:\/\/cenariosdeacucar.pt\/novo\/wp-content\/uploads\/2025\/11\/DECCAN001.jpg","contentUrl":"https:\/\/cenariosdeacucar.pt\/novo\/wp-content\/uploads\/2025\/11\/DECCAN001.jpg","width":900,"height":900},{"@type":"BreadcrumbList","@id":"https:\/\/cenariosdeacucar.pt\/?product=caneta-magica-vermelho#breadcrumb","itemListElement":[{"@type":"ListItem","position":1,"name":"In\u00edcio","item":"https:\/\/cenariosdeacucar.pt\/"},{"@type":"ListItem","position":2,"name":"Produtos","item":"https:\/\/cenariosdeacucar.pt\/?post_type=product"},{"@type":"ListItem","position":3,"name":"Caneta M\u00e1gica Vermelho"}]},{"@type":"WebSite","@id":"https:\/\/cenariosdeacucar.pt\/#website","url":"https:\/\/cenariosdeacucar.pt\/","name":"Cen\u00e1rios de A\u00e7ucar","description":"Cake Design | Festas","potentialAction":[{"@type":"SearchAction","target":{"@type":"EntryPoint","urlTemplate":"https:\/\/cenariosdeacucar.pt\/?s={search_term_string}"},"query-input":{"@type":"PropertyValueSpecification","valueRequired":true,"valueName":"search_term_string"}}],"inLanguage":"pt-PT"}]}},"_links":{"self":[{"href":"https:\/\/cenariosdeacucar.pt\/index.php?rest_route=\/wp\/v2\/product\/18019","targetHints":{"allow":["GET"]}}],"collection":[{"href":"https:\/\/cenariosdeacucar.pt\/index.php?rest_route=\/wp\/v2\/product"}],"about":[{"href":"https:\/\/cenariosdeacucar.pt\/index.php?rest_route=\/wp\/v2\/types\/product"}],"replies":[{"embeddable":true,"href":"https:\/\/cenariosdeacucar.pt\/index.php?rest_route=%2Fwp%2Fv2%2Fcomments&post=18019"}],"wp:featuredmedia":[{"embeddable":true,"href":"https:\/\/cenariosdeacucar.pt\/index.php?rest_route=\/wp\/v2\/media\/18020"}],"wp:attachment":[{"href":"https:\/\/cenariosdeacucar.pt\/index.php?rest_route=%2Fwp%2Fv2%2Fmedia&parent=18019"}],"wp:term":[{"taxonomy":"product_brand","embeddable":true,"href":"https:\/\/cenariosdeacucar.pt\/index.php?rest_route=%2Fwp%2Fv2%2Fproduct_brand&post=18019"},{"taxonomy":"product_cat","embeddable":true,"href":"https:\/\/cenariosdeacucar.pt\/index.php?rest_route=%2Fwp%2Fv2%2Fproduct_cat&post=18019"},{"taxonomy":"product_tag","embeddable":true,"href":"https:\/\/cenariosdeacucar.pt\/index.php?rest_route=%2Fwp%2Fv2%2Fproduct_tag&post=18019"}],"curies":[{"name":"wp","href":"https:\/\/api.w.org\/{rel}","templated":true}]}}

Caneta Mágica Vermelho

<p>Perfeito para elaboração de desenho e decoração de bolos, bolachas, entre outros.<br />
Pode usar em chantilly, ganache, buttercream, pasta de açúcar, entre outros.<br />
Ideal para as decorações de Bentô Cakes e Cartoon Cakes.<br />
Contém um bico doseador fino e de fácil aplicação.</p>
<p>Frasco 25 gr</p>

<!-- This site is optimized with the Yoast SEO plugin v27.4 - https://yoast.com/product/yoast-seo-wordpress/ -->
<title>Caneta Mágica Vermelho - Cenários de Açucar</title>
<meta name="robots" content="index, follow, max-snippet:-1, max-image-preview:large, max-video-preview:-1" />
<link rel="canonical" href="https://cenariosdeacucar.pt/?product=caneta-magica-vermelho" />
<meta property="og:locale" content="pt_PT" />
<meta property="og:type" content="article" />
<meta property="og:title" content="Caneta Mágica Vermelho - Cenários de Açucar" />
<meta property="og:description" content="Perfeito para elaboração de desenho e decoração de bolos, bolachas, entre outros. Pode usar em chantilly, ganache, buttercream, pasta de açúcar, entre outros. Ideal para as decorações de Bentô Cakes e Cartoon Cakes. Contém um bico doseador fino e de fácil aplicação.  Frasco 25 gr" />
<meta property="og:url" content="https://cenariosdeacucar.pt/?product=caneta-magica-vermelho" />
<meta property="og:site_name" content="Cenários de Açucar" />
<meta property="article:modified_time" content="2026-01-20T18:36:41+00:00" />
<meta property="og:image" content="https://cenariosdeacucar.pt/novo/wp-content/uploads/2025/11/DECCAN001.jpg" />
	<meta property="og:image:width" content="900" />
	<meta property="og:image:height" content="900" />
	<meta property="og:image:type" content="image/jpeg" />
<meta name="twitter:card" content="summary_large_image" />
<meta name="twitter:label1" content="Tempo estimado de leitura" />
	<meta name="twitter:data1" content="1 minuto" />
<script type="application/ld+json" class="yoast-schema-graph">{"@context":"https:\/\/schema.org","@graph":[{"@type":"WebPage","@id":"https:\/\/cenariosdeacucar.pt\/?product=caneta-magica-vermelho","url":"https:\/\/cenariosdeacucar.pt\/?product=caneta-magica-vermelho","name":"Caneta Mágica Vermelho - Cenários de Açucar","isPartOf":{"@id":"https:\/\/cenariosdeacucar.pt\/#website"},"primaryImageOfPage":{"@id":"https:\/\/cenariosdeacucar.pt\/?product=caneta-magica-vermelho#primaryimage"},"image":{"@id":"https:\/\/cenariosdeacucar.pt\/?product=caneta-magica-vermelho#primaryimage"},"thumbnailUrl":"https:\/\/cenariosdeacucar.pt\/novo\/wp-content\/uploads\/2025\/11\/DECCAN001.jpg","datePublished":"2025-11-25T18:39:45+00:00","dateModified":"2026-01-20T18:36:41+00:00","breadcrumb":{"@id":"https:\/\/cenariosdeacucar.pt\/?product=caneta-magica-vermelho#breadcrumb"},"inLanguage":"pt-PT","potentialAction":[{"@type":"ReadAction","target":["https:\/\/cenariosdeacucar.pt\/?product=caneta-magica-vermelho"]}]},{"@type":"ImageObject","inLanguage":"pt-PT","@id":"https:\/\/cenariosdeacucar.pt\/?product=caneta-magica-vermelho#primaryimage","url":"https:\/\/cenariosdeacucar.pt\/novo\/wp-content\/uploads\/2025\/11\/DECCAN001.jpg","contentUrl":"https:\/\/cenariosdeacucar.pt\/novo\/wp-content\/uploads\/2025\/11\/DECCAN001.jpg","width":900,"height":900},{"@type":"BreadcrumbList","@id":"https:\/\/cenariosdeacucar.pt\/?product=caneta-magica-vermelho#breadcrumb","itemListElement":[{"@type":"ListItem","position":1,"name":"Início","item":"https:\/\/cenariosdeacucar.pt\/"},{"@type":"ListItem","position":2,"name":"Produtos","item":"https:\/\/cenariosdeacucar.pt\/?post_type=product"},{"@type":"ListItem","position":3,"name":"Caneta Mágica Vermelho"}]},{"@type":"WebSite","@id":"https:\/\/cenariosdeacucar.pt\/#website","url":"https:\/\/cenariosdeacucar.pt\/","name":"Cenários de Açucar","description":"Cake Design | Festas","potentialAction":[{"@type":"SearchAction","target":{"@type":"EntryPoint","urlTemplate":"https:\/\/cenariosdeacucar.pt\/?s={search_term_string}"},"query-input":{"@type":"PropertyValueSpecification","valueRequired":true,"valueName":"search_term_string"}}],"inLanguage":"pt-PT"}]}</script>
<!-- / Yoast SEO plugin. -->

Caneta Mágica Vermelho - Cenários de Açucar

Perfeito para elaboração de desenho e decoração de bolos, bolachas, entre outros. Pode usar em chantilly, ganache, buttercream, pasta de açúcar, entre outros. Ideal para as decorações de Bentô Cakes e Cartoon Cakes. Contém um bico doseador fino e de fácil aplicação.  Frasco 25 gr

Cenários de Açucar

Início
