{"id":17904,"date":"2025-05-18T12:19:01","date_gmt":"2025-05-18T11:19:01","guid":{"rendered":"https:\/\/cenariosdeacucar.pt\/?post_type=product&#038;p=17904"},"modified":"2025-11-21T19:25:07","modified_gmt":"2025-11-21T18:25:07","slug":"anjo-da-guarda-azul","status":"publish","type":"product","link":"https:\/\/cenariosdeacucar.pt\/?product=anjo-da-guarda-azul","title":{"rendered":"Anjo da Guarda Azul"},"content":{"rendered":"","protected":false},"excerpt":{"rendered":"<ul>\n<li>SPECIAL EDITION: esta edi\u00e7\u00e3o especial de colecionadores tem mais detalhes, cores mais vibrantes e resina de alta qualidade.<\/li>\n<li>Dimens\u00f5es: 6.5\u00d73.8\u00d79.5 cm<\/li>\n<li>Produto em resina pintado \u00e0 m\u00e3o.<\/li>\n<li>Embalagem personalizada.<\/li>\n<li>Presente ideal para todas as idades!<\/li>\n<li>Desenhado em Portugal.<\/li>\n<\/ul>\n","protected":false},"featured_media":17905,"comment_status":"closed","ping_status":"closed","template":"","meta":[],"product_brand":[],"product_cat":[119,122,174,115,183],"product_tag":[],"class_list":{"0":"post-17904","1":"product","2":"type-product","3":"status-publish","4":"has-post-thumbnail","6":"product_cat-batizados","7":"product_cat-comunhoes","8":"product_cat-decoracao","9":"product_cat-epocas-especiais","10":"product_cat-lembrancas","12":"first","13":"outofstock","14":"shipping-taxable","15":"purchasable","16":"product-type-simple"},"yoast_head":"<!-- This site is optimized with the Yoast SEO plugin v27.4 - https:\/\/yoast.com\/product\/yoast-seo-wordpress\/ -->\n<title>Anjo da Guarda Azul - Cen\u00e1rios de A\u00e7ucar<\/title>\n<meta name=\"robots\" content=\"index, follow, max-snippet:-1, max-image-preview:large, max-video-preview:-1\" \/>\n<link rel=\"canonical\" href=\"https:\/\/cenariosdeacucar.pt\/?product=anjo-da-guarda-azul\" \/>\n<meta property=\"og:locale\" content=\"pt_PT\" \/>\n<meta property=\"og:type\" content=\"article\" \/>\n<meta property=\"og:title\" content=\"Anjo da Guarda Azul - Cen\u00e1rios de A\u00e7ucar\" \/>\n<meta property=\"og:description\" content=\"SPECIAL EDITION: esta edi\u00e7\u00e3o especial de colecionadores tem mais detalhes, cores mais vibrantes e resina de alta qualidade.  Dimens\u00f5es: 6.5\u00d73.8\u00d79.5 cm  Produto em resina pintado \u00e0 m\u00e3o.  Embalagem personalizada.  Presente ideal para todas as idades!  Desenhado em Portugal.\" \/>\n<meta property=\"og:url\" content=\"https:\/\/cenariosdeacucar.pt\/?product=anjo-da-guarda-azul\" \/>\n<meta property=\"og:site_name\" content=\"Cen\u00e1rios de A\u00e7ucar\" \/>\n<meta property=\"article:modified_time\" content=\"2025-11-21T18:25:07+00:00\" \/>\n<meta property=\"og:image\" content=\"https:\/\/cenariosdeacucar.pt\/novo\/wp-content\/uploads\/2025\/05\/640-6.webp\" \/>\n\t<meta property=\"og:image:width\" content=\"640\" \/>\n\t<meta property=\"og:image:height\" content=\"640\" \/>\n\t<meta property=\"og:image:type\" content=\"image\/webp\" \/>\n<meta name=\"twitter:card\" content=\"summary_large_image\" \/>\n<meta name=\"twitter:label1\" content=\"Tempo estimado de leitura\" \/>\n\t<meta name=\"twitter:data1\" content=\"1 minuto\" \/>\n<script type=\"application\/ld+json\" class=\"yoast-schema-graph\">{\"@context\":\"https:\\\/\\\/schema.org\",\"@graph\":[{\"@type\":\"WebPage\",\"@id\":\"https:\\\/\\\/cenariosdeacucar.pt\\\/?product=anjo-da-guarda-azul\",\"url\":\"https:\\\/\\\/cenariosdeacucar.pt\\\/?product=anjo-da-guarda-azul\",\"name\":\"Anjo da Guarda Azul - Cen\u00e1rios de A\u00e7ucar\",\"isPartOf\":{\"@id\":\"https:\\\/\\\/cenariosdeacucar.pt\\\/#website\"},\"primaryImageOfPage\":{\"@id\":\"https:\\\/\\\/cenariosdeacucar.pt\\\/?product=anjo-da-guarda-azul#primaryimage\"},\"image\":{\"@id\":\"https:\\\/\\\/cenariosdeacucar.pt\\\/?product=anjo-da-guarda-azul#primaryimage\"},\"thumbnailUrl\":\"https:\\\/\\\/cenariosdeacucar.pt\\\/novo\\\/wp-content\\\/uploads\\\/2025\\\/05\\\/640-6.webp\",\"datePublished\":\"2025-05-18T11:19:01+00:00\",\"dateModified\":\"2025-11-21T18:25:07+00:00\",\"breadcrumb\":{\"@id\":\"https:\\\/\\\/cenariosdeacucar.pt\\\/?product=anjo-da-guarda-azul#breadcrumb\"},\"inLanguage\":\"pt-PT\",\"potentialAction\":[{\"@type\":\"ReadAction\",\"target\":[\"https:\\\/\\\/cenariosdeacucar.pt\\\/?product=anjo-da-guarda-azul\"]}]},{\"@type\":\"ImageObject\",\"inLanguage\":\"pt-PT\",\"@id\":\"https:\\\/\\\/cenariosdeacucar.pt\\\/?product=anjo-da-guarda-azul#primaryimage\",\"url\":\"https:\\\/\\\/cenariosdeacucar.pt\\\/novo\\\/wp-content\\\/uploads\\\/2025\\\/05\\\/640-6.webp\",\"contentUrl\":\"https:\\\/\\\/cenariosdeacucar.pt\\\/novo\\\/wp-content\\\/uploads\\\/2025\\\/05\\\/640-6.webp\",\"width\":640,\"height\":640},{\"@type\":\"BreadcrumbList\",\"@id\":\"https:\\\/\\\/cenariosdeacucar.pt\\\/?product=anjo-da-guarda-azul#breadcrumb\",\"itemListElement\":[{\"@type\":\"ListItem\",\"position\":1,\"name\":\"In\u00edcio\",\"item\":\"https:\\\/\\\/cenariosdeacucar.pt\\\/\"},{\"@type\":\"ListItem\",\"position\":2,\"name\":\"Produtos\",\"item\":\"https:\\\/\\\/cenariosdeacucar.pt\\\/?post_type=product\"},{\"@type\":\"ListItem\",\"position\":3,\"name\":\"Anjo da Guarda Azul\"}]},{\"@type\":\"WebSite\",\"@id\":\"https:\\\/\\\/cenariosdeacucar.pt\\\/#website\",\"url\":\"https:\\\/\\\/cenariosdeacucar.pt\\\/\",\"name\":\"Cen\u00e1rios de A\u00e7ucar\",\"description\":\"Cake Design | Festas\",\"potentialAction\":[{\"@type\":\"SearchAction\",\"target\":{\"@type\":\"EntryPoint\",\"urlTemplate\":\"https:\\\/\\\/cenariosdeacucar.pt\\\/?s={search_term_string}\"},\"query-input\":{\"@type\":\"PropertyValueSpecification\",\"valueRequired\":true,\"valueName\":\"search_term_string\"}}],\"inLanguage\":\"pt-PT\"}]}<\/script>\n<!-- \/ Yoast SEO plugin. -->","yoast_head_json":{"title":"Anjo da Guarda Azul - Cen\u00e1rios de A\u00e7ucar","robots":{"index":"index","follow":"follow","max-snippet":"max-snippet:-1","max-image-preview":"max-image-preview:large","max-video-preview":"max-video-preview:-1"},"canonical":"https:\/\/cenariosdeacucar.pt\/?product=anjo-da-guarda-azul","og_locale":"pt_PT","og_type":"article","og_title":"Anjo da Guarda Azul - Cen\u00e1rios de A\u00e7ucar","og_description":"SPECIAL EDITION: esta edi\u00e7\u00e3o especial de colecionadores tem mais detalhes, cores mais vibrantes e resina de alta qualidade.  Dimens\u00f5es: 6.5\u00d73.8\u00d79.5 cm  Produto em resina pintado \u00e0 m\u00e3o.  Embalagem personalizada.  Presente ideal para todas as idades!  Desenhado em Portugal.","og_url":"https:\/\/cenariosdeacucar.pt\/?product=anjo-da-guarda-azul","og_site_name":"Cen\u00e1rios de A\u00e7ucar","article_modified_time":"2025-11-21T18:25:07+00:00","og_image":[{"width":640,"height":640,"url":"https:\/\/cenariosdeacucar.pt\/novo\/wp-content\/uploads\/2025\/05\/640-6.webp","type":"image\/webp"}],"twitter_card":"summary_large_image","twitter_misc":{"Tempo estimado de leitura":"1 minuto"},"schema":{"@context":"https:\/\/schema.org","@graph":[{"@type":"WebPage","@id":"https:\/\/cenariosdeacucar.pt\/?product=anjo-da-guarda-azul","url":"https:\/\/cenariosdeacucar.pt\/?product=anjo-da-guarda-azul","name":"Anjo da Guarda Azul - Cen\u00e1rios de A\u00e7ucar","isPartOf":{"@id":"https:\/\/cenariosdeacucar.pt\/#website"},"primaryImageOfPage":{"@id":"https:\/\/cenariosdeacucar.pt\/?product=anjo-da-guarda-azul#primaryimage"},"image":{"@id":"https:\/\/cenariosdeacucar.pt\/?product=anjo-da-guarda-azul#primaryimage"},"thumbnailUrl":"https:\/\/cenariosdeacucar.pt\/novo\/wp-content\/uploads\/2025\/05\/640-6.webp","datePublished":"2025-05-18T11:19:01+00:00","dateModified":"2025-11-21T18:25:07+00:00","breadcrumb":{"@id":"https:\/\/cenariosdeacucar.pt\/?product=anjo-da-guarda-azul#breadcrumb"},"inLanguage":"pt-PT","potentialAction":[{"@type":"ReadAction","target":["https:\/\/cenariosdeacucar.pt\/?product=anjo-da-guarda-azul"]}]},{"@type":"ImageObject","inLanguage":"pt-PT","@id":"https:\/\/cenariosdeacucar.pt\/?product=anjo-da-guarda-azul#primaryimage","url":"https:\/\/cenariosdeacucar.pt\/novo\/wp-content\/uploads\/2025\/05\/640-6.webp","contentUrl":"https:\/\/cenariosdeacucar.pt\/novo\/wp-content\/uploads\/2025\/05\/640-6.webp","width":640,"height":640},{"@type":"BreadcrumbList","@id":"https:\/\/cenariosdeacucar.pt\/?product=anjo-da-guarda-azul#breadcrumb","itemListElement":[{"@type":"ListItem","position":1,"name":"In\u00edcio","item":"https:\/\/cenariosdeacucar.pt\/"},{"@type":"ListItem","position":2,"name":"Produtos","item":"https:\/\/cenariosdeacucar.pt\/?post_type=product"},{"@type":"ListItem","position":3,"name":"Anjo da Guarda Azul"}]},{"@type":"WebSite","@id":"https:\/\/cenariosdeacucar.pt\/#website","url":"https:\/\/cenariosdeacucar.pt\/","name":"Cen\u00e1rios de A\u00e7ucar","description":"Cake Design | Festas","potentialAction":[{"@type":"SearchAction","target":{"@type":"EntryPoint","urlTemplate":"https:\/\/cenariosdeacucar.pt\/?s={search_term_string}"},"query-input":{"@type":"PropertyValueSpecification","valueRequired":true,"valueName":"search_term_string"}}],"inLanguage":"pt-PT"}]}},"_links":{"self":[{"href":"https:\/\/cenariosdeacucar.pt\/index.php?rest_route=\/wp\/v2\/product\/17904","targetHints":{"allow":["GET"]}}],"collection":[{"href":"https:\/\/cenariosdeacucar.pt\/index.php?rest_route=\/wp\/v2\/product"}],"about":[{"href":"https:\/\/cenariosdeacucar.pt\/index.php?rest_route=\/wp\/v2\/types\/product"}],"replies":[{"embeddable":true,"href":"https:\/\/cenariosdeacucar.pt\/index.php?rest_route=%2Fwp%2Fv2%2Fcomments&post=17904"}],"wp:featuredmedia":[{"embeddable":true,"href":"https:\/\/cenariosdeacucar.pt\/index.php?rest_route=\/wp\/v2\/media\/17905"}],"wp:attachment":[{"href":"https:\/\/cenariosdeacucar.pt\/index.php?rest_route=%2Fwp%2Fv2%2Fmedia&parent=17904"}],"wp:term":[{"taxonomy":"product_brand","embeddable":true,"href":"https:\/\/cenariosdeacucar.pt\/index.php?rest_route=%2Fwp%2Fv2%2Fproduct_brand&post=17904"},{"taxonomy":"product_cat","embeddable":true,"href":"https:\/\/cenariosdeacucar.pt\/index.php?rest_route=%2Fwp%2Fv2%2Fproduct_cat&post=17904"},{"taxonomy":"product_tag","embeddable":true,"href":"https:\/\/cenariosdeacucar.pt\/index.php?rest_route=%2Fwp%2Fv2%2Fproduct_tag&post=17904"}],"curies":[{"name":"wp","href":"https:\/\/api.w.org\/{rel}","templated":true}]}}

<ul>
<li>SPECIAL EDITION: esta edição especial de colecionadores tem mais detalhes, cores mais vibrantes e resina de alta qualidade.</li>
<li>Dimensões: 6.5×3.8×9.5 cm</li>
<li>Produto em resina pintado à mão.</li>
<li>Embalagem personalizada.</li>
<li>Presente ideal para todas as idades!</li>
<li>Desenhado em Portugal.</li>
</ul>

<!-- This site is optimized with the Yoast SEO plugin v27.4 - https://yoast.com/product/yoast-seo-wordpress/ -->
<title>Anjo da Guarda Azul - Cenários de Açucar</title>
<meta name="robots" content="index, follow, max-snippet:-1, max-image-preview:large, max-video-preview:-1" />
<link rel="canonical" href="https://cenariosdeacucar.pt/?product=anjo-da-guarda-azul" />
<meta property="og:locale" content="pt_PT" />
<meta property="og:type" content="article" />
<meta property="og:title" content="Anjo da Guarda Azul - Cenários de Açucar" />
<meta property="og:description" content="SPECIAL EDITION: esta edição especial de colecionadores tem mais detalhes, cores mais vibrantes e resina de alta qualidade.  Dimensões: 6.5×3.8×9.5 cm  Produto em resina pintado à mão.  Embalagem personalizada.  Presente ideal para todas as idades!  Desenhado em Portugal." />
<meta property="og:url" content="https://cenariosdeacucar.pt/?product=anjo-da-guarda-azul" />
<meta property="og:site_name" content="Cenários de Açucar" />
<meta property="article:modified_time" content="2025-11-21T18:25:07+00:00" />
<meta property="og:image" content="https://cenariosdeacucar.pt/novo/wp-content/uploads/2025/05/640-6.webp" />
	<meta property="og:image:width" content="640" />
	<meta property="og:image:height" content="640" />
	<meta property="og:image:type" content="image/webp" />
<meta name="twitter:card" content="summary_large_image" />
<meta name="twitter:label1" content="Tempo estimado de leitura" />
	<meta name="twitter:data1" content="1 minuto" />
<script type="application/ld+json" class="yoast-schema-graph">{"@context":"https:\/\/schema.org","@graph":[{"@type":"WebPage","@id":"https:\/\/cenariosdeacucar.pt\/?product=anjo-da-guarda-azul","url":"https:\/\/cenariosdeacucar.pt\/?product=anjo-da-guarda-azul","name":"Anjo da Guarda Azul - Cenários de Açucar","isPartOf":{"@id":"https:\/\/cenariosdeacucar.pt\/#website"},"primaryImageOfPage":{"@id":"https:\/\/cenariosdeacucar.pt\/?product=anjo-da-guarda-azul#primaryimage"},"image":{"@id":"https:\/\/cenariosdeacucar.pt\/?product=anjo-da-guarda-azul#primaryimage"},"thumbnailUrl":"https:\/\/cenariosdeacucar.pt\/novo\/wp-content\/uploads\/2025\/05\/640-6.webp","datePublished":"2025-05-18T11:19:01+00:00","dateModified":"2025-11-21T18:25:07+00:00","breadcrumb":{"@id":"https:\/\/cenariosdeacucar.pt\/?product=anjo-da-guarda-azul#breadcrumb"},"inLanguage":"pt-PT","potentialAction":[{"@type":"ReadAction","target":["https:\/\/cenariosdeacucar.pt\/?product=anjo-da-guarda-azul"]}]},{"@type":"ImageObject","inLanguage":"pt-PT","@id":"https:\/\/cenariosdeacucar.pt\/?product=anjo-da-guarda-azul#primaryimage","url":"https:\/\/cenariosdeacucar.pt\/novo\/wp-content\/uploads\/2025\/05\/640-6.webp","contentUrl":"https:\/\/cenariosdeacucar.pt\/novo\/wp-content\/uploads\/2025\/05\/640-6.webp","width":640,"height":640},{"@type":"BreadcrumbList","@id":"https:\/\/cenariosdeacucar.pt\/?product=anjo-da-guarda-azul#breadcrumb","itemListElement":[{"@type":"ListItem","position":1,"name":"Início","item":"https:\/\/cenariosdeacucar.pt\/"},{"@type":"ListItem","position":2,"name":"Produtos","item":"https:\/\/cenariosdeacucar.pt\/?post_type=product"},{"@type":"ListItem","position":3,"name":"Anjo da Guarda Azul"}]},{"@type":"WebSite","@id":"https:\/\/cenariosdeacucar.pt\/#website","url":"https:\/\/cenariosdeacucar.pt\/","name":"Cenários de Açucar","description":"Cake Design | Festas","potentialAction":[{"@type":"SearchAction","target":{"@type":"EntryPoint","urlTemplate":"https:\/\/cenariosdeacucar.pt\/?s={search_term_string}"},"query-input":{"@type":"PropertyValueSpecification","valueRequired":true,"valueName":"search_term_string"}}],"inLanguage":"pt-PT"}]}</script>
<!-- / Yoast SEO plugin. -->

Anjo da Guarda Azul - Cenários de Açucar

SPECIAL EDITION: esta edição especial de colecionadores tem mais detalhes, cores mais vibrantes e resina de alta qualidade.  Dimensões: 6.5×3.8×9.5 cm  Produto em resina pintado à mão.  Embalagem personalizada.  Presente ideal para todas as idades!  Desenhado em Portugal.

Cenários de Açucar

Início
