{"id":17427,"date":"2024-11-12T18:05:37","date_gmt":"2024-11-12T17:05:37","guid":{"rendered":"https:\/\/cenariosdeacucar.pt\/?post_type=product&#038;p=17427"},"modified":"2025-11-17T17:57:15","modified_gmt":"2025-11-17T16:57:15","slug":"bolo-inverno","status":"publish","type":"product","link":"https:\/\/cenariosdeacucar.pt\/?product=bolo-inverno","title":{"rendered":"Bolo Inverno"},"content":{"rendered":"<p>Modo de Prepara\u00e7\u00e3o:<\/p>\n<p>Preparado BOLO INVERNO + \u00d3leo + \u00c1gua<\/p>\n<p>1. Misture todos os ingredientes at\u00e9 estarem bem integrados e a massa homog\u00e9nea. 2. Deposite a massa numa forma. 3. Leve ao forno.<\/p>\n<p>&nbsp;<\/p>\n<p>&nbsp;<\/p>\n","protected":false},"excerpt":{"rendered":"<p>Preparado em p\u00f3 para elabora\u00e7\u00e3o de bolos, cupcakes, tortas, crinkles e outras receitas. Pode enriquecer a receita com Mix Frutos Secos ou cenoura ralada. Destaca-se pelo sabor \u00fanico, quente e reconfortante. Com um aroma \u00e9 intenso e convidativo, devido \u00e0 combina\u00e7\u00e3o das especiarias, tornando-o perfeito para ocasi\u00f5es festivas.<\/p>\n","protected":false},"featured_media":17428,"comment_status":"closed","ping_status":"closed","template":"","meta":[],"product_brand":[],"product_cat":[142,243,115,117,143],"product_tag":[],"class_list":{"0":"post-17427","1":"product","2":"type-product","3":"status-publish","4":"has-post-thumbnail","6":"product_cat-comestiveis","7":"product_cat-comestiveis-natal","8":"product_cat-epocas-especiais","9":"product_cat-natal","10":"product_cat-preparados-para-bolos","12":"first","13":"instock","14":"shipping-taxable","15":"purchasable","16":"product-type-simple"},"yoast_head":"<!-- This site is optimized with the Yoast SEO plugin v27.4 - https:\/\/yoast.com\/product\/yoast-seo-wordpress\/ -->\n<title>Bolo Inverno - Cen\u00e1rios de A\u00e7ucar<\/title>\n<meta name=\"robots\" content=\"index, follow, max-snippet:-1, max-image-preview:large, max-video-preview:-1\" \/>\n<link rel=\"canonical\" href=\"https:\/\/cenariosdeacucar.pt\/?product=bolo-inverno\" \/>\n<meta property=\"og:locale\" content=\"pt_PT\" \/>\n<meta property=\"og:type\" content=\"article\" \/>\n<meta property=\"og:title\" content=\"Bolo Inverno - Cen\u00e1rios de A\u00e7ucar\" \/>\n<meta property=\"og:description\" content=\"Preparado em p\u00f3 para elabora\u00e7\u00e3o de bolos, cupcakes, tortas, crinkles e outras receitas. Pode enriquecer a receita com Mix Frutos Secos ou cenoura ralada. Destaca-se pelo sabor \u00fanico, quente e reconfortante. Com um aroma \u00e9 intenso e convidativo, devido \u00e0 combina\u00e7\u00e3o das especiarias, tornando-o perfeito para ocasi\u00f5es festivas.\" \/>\n<meta property=\"og:url\" content=\"https:\/\/cenariosdeacucar.pt\/?product=bolo-inverno\" \/>\n<meta property=\"og:site_name\" content=\"Cen\u00e1rios de A\u00e7ucar\" \/>\n<meta property=\"article:modified_time\" content=\"2025-11-17T16:57:15+00:00\" \/>\n<meta property=\"og:image\" content=\"https:\/\/cenariosdeacucar.pt\/novo\/wp-content\/uploads\/2024\/11\/PREBOL070.jpg\" \/>\n\t<meta property=\"og:image:width\" content=\"900\" \/>\n\t<meta property=\"og:image:height\" content=\"900\" \/>\n\t<meta property=\"og:image:type\" content=\"image\/jpeg\" \/>\n<meta name=\"twitter:card\" content=\"summary_large_image\" \/>\n<meta name=\"twitter:label1\" content=\"Tempo estimado de leitura\" \/>\n\t<meta name=\"twitter:data1\" content=\"1 minuto\" \/>\n<script type=\"application\/ld+json\" class=\"yoast-schema-graph\">{\"@context\":\"https:\\\/\\\/schema.org\",\"@graph\":[{\"@type\":\"WebPage\",\"@id\":\"https:\\\/\\\/cenariosdeacucar.pt\\\/?product=bolo-inverno\",\"url\":\"https:\\\/\\\/cenariosdeacucar.pt\\\/?product=bolo-inverno\",\"name\":\"Bolo Inverno - Cen\u00e1rios de A\u00e7ucar\",\"isPartOf\":{\"@id\":\"https:\\\/\\\/cenariosdeacucar.pt\\\/#website\"},\"primaryImageOfPage\":{\"@id\":\"https:\\\/\\\/cenariosdeacucar.pt\\\/?product=bolo-inverno#primaryimage\"},\"image\":{\"@id\":\"https:\\\/\\\/cenariosdeacucar.pt\\\/?product=bolo-inverno#primaryimage\"},\"thumbnailUrl\":\"https:\\\/\\\/cenariosdeacucar.pt\\\/novo\\\/wp-content\\\/uploads\\\/2024\\\/11\\\/PREBOL070.jpg\",\"datePublished\":\"2024-11-12T17:05:37+00:00\",\"dateModified\":\"2025-11-17T16:57:15+00:00\",\"breadcrumb\":{\"@id\":\"https:\\\/\\\/cenariosdeacucar.pt\\\/?product=bolo-inverno#breadcrumb\"},\"inLanguage\":\"pt-PT\",\"potentialAction\":[{\"@type\":\"ReadAction\",\"target\":[\"https:\\\/\\\/cenariosdeacucar.pt\\\/?product=bolo-inverno\"]}]},{\"@type\":\"ImageObject\",\"inLanguage\":\"pt-PT\",\"@id\":\"https:\\\/\\\/cenariosdeacucar.pt\\\/?product=bolo-inverno#primaryimage\",\"url\":\"https:\\\/\\\/cenariosdeacucar.pt\\\/novo\\\/wp-content\\\/uploads\\\/2024\\\/11\\\/PREBOL070.jpg\",\"contentUrl\":\"https:\\\/\\\/cenariosdeacucar.pt\\\/novo\\\/wp-content\\\/uploads\\\/2024\\\/11\\\/PREBOL070.jpg\",\"width\":900,\"height\":900},{\"@type\":\"BreadcrumbList\",\"@id\":\"https:\\\/\\\/cenariosdeacucar.pt\\\/?product=bolo-inverno#breadcrumb\",\"itemListElement\":[{\"@type\":\"ListItem\",\"position\":1,\"name\":\"In\u00edcio\",\"item\":\"https:\\\/\\\/cenariosdeacucar.pt\\\/\"},{\"@type\":\"ListItem\",\"position\":2,\"name\":\"Produtos\",\"item\":\"https:\\\/\\\/cenariosdeacucar.pt\\\/?post_type=product\"},{\"@type\":\"ListItem\",\"position\":3,\"name\":\"Bolo Inverno\"}]},{\"@type\":\"WebSite\",\"@id\":\"https:\\\/\\\/cenariosdeacucar.pt\\\/#website\",\"url\":\"https:\\\/\\\/cenariosdeacucar.pt\\\/\",\"name\":\"Cen\u00e1rios de A\u00e7ucar\",\"description\":\"Cake Design | Festas\",\"potentialAction\":[{\"@type\":\"SearchAction\",\"target\":{\"@type\":\"EntryPoint\",\"urlTemplate\":\"https:\\\/\\\/cenariosdeacucar.pt\\\/?s={search_term_string}\"},\"query-input\":{\"@type\":\"PropertyValueSpecification\",\"valueRequired\":true,\"valueName\":\"search_term_string\"}}],\"inLanguage\":\"pt-PT\"}]}<\/script>\n<!-- \/ Yoast SEO plugin. -->","yoast_head_json":{"title":"Bolo Inverno - Cen\u00e1rios de A\u00e7ucar","robots":{"index":"index","follow":"follow","max-snippet":"max-snippet:-1","max-image-preview":"max-image-preview:large","max-video-preview":"max-video-preview:-1"},"canonical":"https:\/\/cenariosdeacucar.pt\/?product=bolo-inverno","og_locale":"pt_PT","og_type":"article","og_title":"Bolo Inverno - Cen\u00e1rios de A\u00e7ucar","og_description":"Preparado em p\u00f3 para elabora\u00e7\u00e3o de bolos, cupcakes, tortas, crinkles e outras receitas. Pode enriquecer a receita com Mix Frutos Secos ou cenoura ralada. Destaca-se pelo sabor \u00fanico, quente e reconfortante. Com um aroma \u00e9 intenso e convidativo, devido \u00e0 combina\u00e7\u00e3o das especiarias, tornando-o perfeito para ocasi\u00f5es festivas.","og_url":"https:\/\/cenariosdeacucar.pt\/?product=bolo-inverno","og_site_name":"Cen\u00e1rios de A\u00e7ucar","article_modified_time":"2025-11-17T16:57:15+00:00","og_image":[{"width":900,"height":900,"url":"https:\/\/cenariosdeacucar.pt\/novo\/wp-content\/uploads\/2024\/11\/PREBOL070.jpg","type":"image\/jpeg"}],"twitter_card":"summary_large_image","twitter_misc":{"Tempo estimado de leitura":"1 minuto"},"schema":{"@context":"https:\/\/schema.org","@graph":[{"@type":"WebPage","@id":"https:\/\/cenariosdeacucar.pt\/?product=bolo-inverno","url":"https:\/\/cenariosdeacucar.pt\/?product=bolo-inverno","name":"Bolo Inverno - Cen\u00e1rios de A\u00e7ucar","isPartOf":{"@id":"https:\/\/cenariosdeacucar.pt\/#website"},"primaryImageOfPage":{"@id":"https:\/\/cenariosdeacucar.pt\/?product=bolo-inverno#primaryimage"},"image":{"@id":"https:\/\/cenariosdeacucar.pt\/?product=bolo-inverno#primaryimage"},"thumbnailUrl":"https:\/\/cenariosdeacucar.pt\/novo\/wp-content\/uploads\/2024\/11\/PREBOL070.jpg","datePublished":"2024-11-12T17:05:37+00:00","dateModified":"2025-11-17T16:57:15+00:00","breadcrumb":{"@id":"https:\/\/cenariosdeacucar.pt\/?product=bolo-inverno#breadcrumb"},"inLanguage":"pt-PT","potentialAction":[{"@type":"ReadAction","target":["https:\/\/cenariosdeacucar.pt\/?product=bolo-inverno"]}]},{"@type":"ImageObject","inLanguage":"pt-PT","@id":"https:\/\/cenariosdeacucar.pt\/?product=bolo-inverno#primaryimage","url":"https:\/\/cenariosdeacucar.pt\/novo\/wp-content\/uploads\/2024\/11\/PREBOL070.jpg","contentUrl":"https:\/\/cenariosdeacucar.pt\/novo\/wp-content\/uploads\/2024\/11\/PREBOL070.jpg","width":900,"height":900},{"@type":"BreadcrumbList","@id":"https:\/\/cenariosdeacucar.pt\/?product=bolo-inverno#breadcrumb","itemListElement":[{"@type":"ListItem","position":1,"name":"In\u00edcio","item":"https:\/\/cenariosdeacucar.pt\/"},{"@type":"ListItem","position":2,"name":"Produtos","item":"https:\/\/cenariosdeacucar.pt\/?post_type=product"},{"@type":"ListItem","position":3,"name":"Bolo Inverno"}]},{"@type":"WebSite","@id":"https:\/\/cenariosdeacucar.pt\/#website","url":"https:\/\/cenariosdeacucar.pt\/","name":"Cen\u00e1rios de A\u00e7ucar","description":"Cake Design | Festas","potentialAction":[{"@type":"SearchAction","target":{"@type":"EntryPoint","urlTemplate":"https:\/\/cenariosdeacucar.pt\/?s={search_term_string}"},"query-input":{"@type":"PropertyValueSpecification","valueRequired":true,"valueName":"search_term_string"}}],"inLanguage":"pt-PT"}]}},"_links":{"self":[{"href":"https:\/\/cenariosdeacucar.pt\/index.php?rest_route=\/wp\/v2\/product\/17427","targetHints":{"allow":["GET"]}}],"collection":[{"href":"https:\/\/cenariosdeacucar.pt\/index.php?rest_route=\/wp\/v2\/product"}],"about":[{"href":"https:\/\/cenariosdeacucar.pt\/index.php?rest_route=\/wp\/v2\/types\/product"}],"replies":[{"embeddable":true,"href":"https:\/\/cenariosdeacucar.pt\/index.php?rest_route=%2Fwp%2Fv2%2Fcomments&post=17427"}],"wp:featuredmedia":[{"embeddable":true,"href":"https:\/\/cenariosdeacucar.pt\/index.php?rest_route=\/wp\/v2\/media\/17428"}],"wp:attachment":[{"href":"https:\/\/cenariosdeacucar.pt\/index.php?rest_route=%2Fwp%2Fv2%2Fmedia&parent=17427"}],"wp:term":[{"taxonomy":"product_brand","embeddable":true,"href":"https:\/\/cenariosdeacucar.pt\/index.php?rest_route=%2Fwp%2Fv2%2Fproduct_brand&post=17427"},{"taxonomy":"product_cat","embeddable":true,"href":"https:\/\/cenariosdeacucar.pt\/index.php?rest_route=%2Fwp%2Fv2%2Fproduct_cat&post=17427"},{"taxonomy":"product_tag","embeddable":true,"href":"https:\/\/cenariosdeacucar.pt\/index.php?rest_route=%2Fwp%2Fv2%2Fproduct_tag&post=17427"}],"curies":[{"name":"wp","href":"https:\/\/api.w.org\/{rel}","templated":true}]}}

<p>Modo de Preparação:</p>
<p>Preparado BOLO INVERNO + Óleo + Água</p>
<p>1. Misture todos os ingredientes até estarem bem integrados e a massa homogénea. 2. Deposite a massa numa forma. 3. Leve ao forno.</p>
<p>&nbsp;</p>
<p>&nbsp;</p>

<p>Preparado em pó para elaboração de bolos, cupcakes, tortas, crinkles e outras receitas. Pode enriquecer a receita com Mix Frutos Secos ou cenoura ralada. Destaca-se pelo sabor único, quente e reconfortante. Com um aroma é intenso e convidativo, devido à combinação das especiarias, tornando-o perfeito para ocasiões festivas.</p>

<!-- This site is optimized with the Yoast SEO plugin v27.4 - https://yoast.com/product/yoast-seo-wordpress/ -->
<title>Bolo Inverno - Cenários de Açucar</title>
<meta name="robots" content="index, follow, max-snippet:-1, max-image-preview:large, max-video-preview:-1" />
<link rel="canonical" href="https://cenariosdeacucar.pt/?product=bolo-inverno" />
<meta property="og:locale" content="pt_PT" />
<meta property="og:type" content="article" />
<meta property="og:title" content="Bolo Inverno - Cenários de Açucar" />
<meta property="og:description" content="Preparado em pó para elaboração de bolos, cupcakes, tortas, crinkles e outras receitas. Pode enriquecer a receita com Mix Frutos Secos ou cenoura ralada. Destaca-se pelo sabor único, quente e reconfortante. Com um aroma é intenso e convidativo, devido à combinação das especiarias, tornando-o perfeito para ocasiões festivas." />
<meta property="og:url" content="https://cenariosdeacucar.pt/?product=bolo-inverno" />
<meta property="og:site_name" content="Cenários de Açucar" />
<meta property="article:modified_time" content="2025-11-17T16:57:15+00:00" />
<meta property="og:image" content="https://cenariosdeacucar.pt/novo/wp-content/uploads/2024/11/PREBOL070.jpg" />
	<meta property="og:image:width" content="900" />
	<meta property="og:image:height" content="900" />
	<meta property="og:image:type" content="image/jpeg" />
<meta name="twitter:card" content="summary_large_image" />
<meta name="twitter:label1" content="Tempo estimado de leitura" />
	<meta name="twitter:data1" content="1 minuto" />
<script type="application/ld+json" class="yoast-schema-graph">{"@context":"https:\/\/schema.org","@graph":[{"@type":"WebPage","@id":"https:\/\/cenariosdeacucar.pt\/?product=bolo-inverno","url":"https:\/\/cenariosdeacucar.pt\/?product=bolo-inverno","name":"Bolo Inverno - Cenários de Açucar","isPartOf":{"@id":"https:\/\/cenariosdeacucar.pt\/#website"},"primaryImageOfPage":{"@id":"https:\/\/cenariosdeacucar.pt\/?product=bolo-inverno#primaryimage"},"image":{"@id":"https:\/\/cenariosdeacucar.pt\/?product=bolo-inverno#primaryimage"},"thumbnailUrl":"https:\/\/cenariosdeacucar.pt\/novo\/wp-content\/uploads\/2024\/11\/PREBOL070.jpg","datePublished":"2024-11-12T17:05:37+00:00","dateModified":"2025-11-17T16:57:15+00:00","breadcrumb":{"@id":"https:\/\/cenariosdeacucar.pt\/?product=bolo-inverno#breadcrumb"},"inLanguage":"pt-PT","potentialAction":[{"@type":"ReadAction","target":["https:\/\/cenariosdeacucar.pt\/?product=bolo-inverno"]}]},{"@type":"ImageObject","inLanguage":"pt-PT","@id":"https:\/\/cenariosdeacucar.pt\/?product=bolo-inverno#primaryimage","url":"https:\/\/cenariosdeacucar.pt\/novo\/wp-content\/uploads\/2024\/11\/PREBOL070.jpg","contentUrl":"https:\/\/cenariosdeacucar.pt\/novo\/wp-content\/uploads\/2024\/11\/PREBOL070.jpg","width":900,"height":900},{"@type":"BreadcrumbList","@id":"https:\/\/cenariosdeacucar.pt\/?product=bolo-inverno#breadcrumb","itemListElement":[{"@type":"ListItem","position":1,"name":"Início","item":"https:\/\/cenariosdeacucar.pt\/"},{"@type":"ListItem","position":2,"name":"Produtos","item":"https:\/\/cenariosdeacucar.pt\/?post_type=product"},{"@type":"ListItem","position":3,"name":"Bolo Inverno"}]},{"@type":"WebSite","@id":"https:\/\/cenariosdeacucar.pt\/#website","url":"https:\/\/cenariosdeacucar.pt\/","name":"Cenários de Açucar","description":"Cake Design | Festas","potentialAction":[{"@type":"SearchAction","target":{"@type":"EntryPoint","urlTemplate":"https:\/\/cenariosdeacucar.pt\/?s={search_term_string}"},"query-input":{"@type":"PropertyValueSpecification","valueRequired":true,"valueName":"search_term_string"}}],"inLanguage":"pt-PT"}]}</script>
<!-- / Yoast SEO plugin. -->

Bolo Inverno - Cenários de Açucar

Preparado em pó para elaboração de bolos, cupcakes, tortas, crinkles e outras receitas. Pode enriquecer a receita com Mix Frutos Secos ou cenoura ralada. Destaca-se pelo sabor único, quente e reconfortante. Com um aroma é intenso e convidativo, devido à combinação das especiarias, tornando-o perfeito para ocasiões festivas.

Cenários de Açucar

Início
