{"id":17205,"date":"2024-07-09T12:33:29","date_gmt":"2024-07-09T11:33:29","guid":{"rendered":"https:\/\/cenariosdeacucar.pt\/?post_type=product&#038;p=17205"},"modified":"2025-03-24T17:35:07","modified_gmt":"2025-03-24T16:35:07","slug":"kit-baloes-arco-iris-tons-pastel","status":"publish","type":"product","link":"https:\/\/cenariosdeacucar.pt\/?product=kit-baloes-arco-iris-tons-pastel","title":{"rendered":"Kit Bal\u00f5es Arco Iris Tons Pastel"},"content":{"rendered":"<p><b>Inclu\u00ed:<\/b><br \/>\n10 x 12&#8243; &#8211; Bal\u00f5es Lil\u00e1s Pastel L\u00e1tex;<br \/>\n10 x 12&#8243; &#8211; Bal\u00f5es Amarelo Pastel L\u00e1tex;<br \/>\n10 x 12&#8243; &#8211; Bal\u00f5es Verde Menta Pastel L\u00e1tex;<br \/>\n5 x 12&#8243; &#8211; Bal\u00f5es Vermelho Pastel L\u00e1tex;<br \/>\n5 x 12&#8243; &#8211; Bal\u00f5es Azul Pastel L\u00e1tex;<br \/>\nFita de 2,5mt para estrutura de arco desconstru\u00eddo.<\/p>\n","protected":false},"excerpt":{"rendered":"<p>Cri\u00e1mos o conjunto perfeito de bal\u00f5es para o dia especial!<\/p>\n","protected":false},"featured_media":17206,"comment_status":"closed","ping_status":"closed","template":"","meta":[],"product_brand":[],"product_cat":[191,123,186,120,107,108,119,115,185],"product_tag":[],"class_list":{"0":"post-17205","1":"product","2":"type-product","3":"status-publish","4":"has-post-thumbnail","6":"product_cat-1-o-aniversario","7":"product_cat-aniversarios-idades","8":"product_cat-arco-iris-estrelas-nuvens","9":"product_cat-babyshower","10":"product_cat-baloes","11":"product_cat-baloes-lisos","12":"product_cat-batizados","13":"product_cat-epocas-especiais","14":"product_cat-festas-tematicas","16":"first","17":"instock","18":"shipping-taxable","19":"purchasable","20":"product-type-simple"},"yoast_head":"<!-- This site is optimized with the Yoast SEO plugin v27.4 - https:\/\/yoast.com\/product\/yoast-seo-wordpress\/ -->\n<title>Kit Bal\u00f5es Arco Iris Tons Pastel - Cen\u00e1rios de A\u00e7ucar<\/title>\n<meta name=\"robots\" content=\"index, follow, max-snippet:-1, max-image-preview:large, max-video-preview:-1\" \/>\n<link rel=\"canonical\" href=\"https:\/\/cenariosdeacucar.pt\/?product=kit-baloes-arco-iris-tons-pastel\" \/>\n<meta property=\"og:locale\" content=\"pt_PT\" \/>\n<meta property=\"og:type\" content=\"article\" \/>\n<meta property=\"og:title\" content=\"Kit Bal\u00f5es Arco Iris Tons Pastel - Cen\u00e1rios de A\u00e7ucar\" \/>\n<meta property=\"og:description\" content=\"Cri\u00e1mos o conjunto perfeito de bal\u00f5es para o dia especial!\" \/>\n<meta property=\"og:url\" content=\"https:\/\/cenariosdeacucar.pt\/?product=kit-baloes-arco-iris-tons-pastel\" \/>\n<meta property=\"og:site_name\" content=\"Cen\u00e1rios de A\u00e7ucar\" \/>\n<meta property=\"article:modified_time\" content=\"2025-03-24T16:35:07+00:00\" \/>\n<meta property=\"og:image\" content=\"https:\/\/cenariosdeacucar.pt\/novo\/wp-content\/uploads\/2024\/07\/112-1140_00.webp\" \/>\n\t<meta property=\"og:image:width\" content=\"600\" \/>\n\t<meta property=\"og:image:height\" content=\"600\" \/>\n\t<meta property=\"og:image:type\" content=\"image\/webp\" \/>\n<meta name=\"twitter:card\" content=\"summary_large_image\" \/>\n<meta name=\"twitter:label1\" content=\"Tempo estimado de leitura\" \/>\n\t<meta name=\"twitter:data1\" content=\"1 minuto\" \/>\n<script type=\"application\/ld+json\" class=\"yoast-schema-graph\">{\"@context\":\"https:\\\/\\\/schema.org\",\"@graph\":[{\"@type\":\"WebPage\",\"@id\":\"https:\\\/\\\/cenariosdeacucar.pt\\\/?product=kit-baloes-arco-iris-tons-pastel\",\"url\":\"https:\\\/\\\/cenariosdeacucar.pt\\\/?product=kit-baloes-arco-iris-tons-pastel\",\"name\":\"Kit Bal\u00f5es Arco Iris Tons Pastel - Cen\u00e1rios de A\u00e7ucar\",\"isPartOf\":{\"@id\":\"https:\\\/\\\/cenariosdeacucar.pt\\\/#website\"},\"primaryImageOfPage\":{\"@id\":\"https:\\\/\\\/cenariosdeacucar.pt\\\/?product=kit-baloes-arco-iris-tons-pastel#primaryimage\"},\"image\":{\"@id\":\"https:\\\/\\\/cenariosdeacucar.pt\\\/?product=kit-baloes-arco-iris-tons-pastel#primaryimage\"},\"thumbnailUrl\":\"https:\\\/\\\/cenariosdeacucar.pt\\\/novo\\\/wp-content\\\/uploads\\\/2024\\\/07\\\/112-1140_00.webp\",\"datePublished\":\"2024-07-09T11:33:29+00:00\",\"dateModified\":\"2025-03-24T16:35:07+00:00\",\"breadcrumb\":{\"@id\":\"https:\\\/\\\/cenariosdeacucar.pt\\\/?product=kit-baloes-arco-iris-tons-pastel#breadcrumb\"},\"inLanguage\":\"pt-PT\",\"potentialAction\":[{\"@type\":\"ReadAction\",\"target\":[\"https:\\\/\\\/cenariosdeacucar.pt\\\/?product=kit-baloes-arco-iris-tons-pastel\"]}]},{\"@type\":\"ImageObject\",\"inLanguage\":\"pt-PT\",\"@id\":\"https:\\\/\\\/cenariosdeacucar.pt\\\/?product=kit-baloes-arco-iris-tons-pastel#primaryimage\",\"url\":\"https:\\\/\\\/cenariosdeacucar.pt\\\/novo\\\/wp-content\\\/uploads\\\/2024\\\/07\\\/112-1140_00.webp\",\"contentUrl\":\"https:\\\/\\\/cenariosdeacucar.pt\\\/novo\\\/wp-content\\\/uploads\\\/2024\\\/07\\\/112-1140_00.webp\",\"width\":600,\"height\":600},{\"@type\":\"BreadcrumbList\",\"@id\":\"https:\\\/\\\/cenariosdeacucar.pt\\\/?product=kit-baloes-arco-iris-tons-pastel#breadcrumb\",\"itemListElement\":[{\"@type\":\"ListItem\",\"position\":1,\"name\":\"In\u00edcio\",\"item\":\"https:\\\/\\\/cenariosdeacucar.pt\\\/\"},{\"@type\":\"ListItem\",\"position\":2,\"name\":\"Produtos\",\"item\":\"https:\\\/\\\/cenariosdeacucar.pt\\\/?post_type=product\"},{\"@type\":\"ListItem\",\"position\":3,\"name\":\"Kit Bal\u00f5es Arco Iris Tons Pastel\"}]},{\"@type\":\"WebSite\",\"@id\":\"https:\\\/\\\/cenariosdeacucar.pt\\\/#website\",\"url\":\"https:\\\/\\\/cenariosdeacucar.pt\\\/\",\"name\":\"Cen\u00e1rios de A\u00e7ucar\",\"description\":\"Cake Design | Festas\",\"potentialAction\":[{\"@type\":\"SearchAction\",\"target\":{\"@type\":\"EntryPoint\",\"urlTemplate\":\"https:\\\/\\\/cenariosdeacucar.pt\\\/?s={search_term_string}\"},\"query-input\":{\"@type\":\"PropertyValueSpecification\",\"valueRequired\":true,\"valueName\":\"search_term_string\"}}],\"inLanguage\":\"pt-PT\"}]}<\/script>\n<!-- \/ Yoast SEO plugin. -->","yoast_head_json":{"title":"Kit Bal\u00f5es Arco Iris Tons Pastel - Cen\u00e1rios de A\u00e7ucar","robots":{"index":"index","follow":"follow","max-snippet":"max-snippet:-1","max-image-preview":"max-image-preview:large","max-video-preview":"max-video-preview:-1"},"canonical":"https:\/\/cenariosdeacucar.pt\/?product=kit-baloes-arco-iris-tons-pastel","og_locale":"pt_PT","og_type":"article","og_title":"Kit Bal\u00f5es Arco Iris Tons Pastel - Cen\u00e1rios de A\u00e7ucar","og_description":"Cri\u00e1mos o conjunto perfeito de bal\u00f5es para o dia especial!","og_url":"https:\/\/cenariosdeacucar.pt\/?product=kit-baloes-arco-iris-tons-pastel","og_site_name":"Cen\u00e1rios de A\u00e7ucar","article_modified_time":"2025-03-24T16:35:07+00:00","og_image":[{"width":600,"height":600,"url":"https:\/\/cenariosdeacucar.pt\/novo\/wp-content\/uploads\/2024\/07\/112-1140_00.webp","type":"image\/webp"}],"twitter_card":"summary_large_image","twitter_misc":{"Tempo estimado de leitura":"1 minuto"},"schema":{"@context":"https:\/\/schema.org","@graph":[{"@type":"WebPage","@id":"https:\/\/cenariosdeacucar.pt\/?product=kit-baloes-arco-iris-tons-pastel","url":"https:\/\/cenariosdeacucar.pt\/?product=kit-baloes-arco-iris-tons-pastel","name":"Kit Bal\u00f5es Arco Iris Tons Pastel - Cen\u00e1rios de A\u00e7ucar","isPartOf":{"@id":"https:\/\/cenariosdeacucar.pt\/#website"},"primaryImageOfPage":{"@id":"https:\/\/cenariosdeacucar.pt\/?product=kit-baloes-arco-iris-tons-pastel#primaryimage"},"image":{"@id":"https:\/\/cenariosdeacucar.pt\/?product=kit-baloes-arco-iris-tons-pastel#primaryimage"},"thumbnailUrl":"https:\/\/cenariosdeacucar.pt\/novo\/wp-content\/uploads\/2024\/07\/112-1140_00.webp","datePublished":"2024-07-09T11:33:29+00:00","dateModified":"2025-03-24T16:35:07+00:00","breadcrumb":{"@id":"https:\/\/cenariosdeacucar.pt\/?product=kit-baloes-arco-iris-tons-pastel#breadcrumb"},"inLanguage":"pt-PT","potentialAction":[{"@type":"ReadAction","target":["https:\/\/cenariosdeacucar.pt\/?product=kit-baloes-arco-iris-tons-pastel"]}]},{"@type":"ImageObject","inLanguage":"pt-PT","@id":"https:\/\/cenariosdeacucar.pt\/?product=kit-baloes-arco-iris-tons-pastel#primaryimage","url":"https:\/\/cenariosdeacucar.pt\/novo\/wp-content\/uploads\/2024\/07\/112-1140_00.webp","contentUrl":"https:\/\/cenariosdeacucar.pt\/novo\/wp-content\/uploads\/2024\/07\/112-1140_00.webp","width":600,"height":600},{"@type":"BreadcrumbList","@id":"https:\/\/cenariosdeacucar.pt\/?product=kit-baloes-arco-iris-tons-pastel#breadcrumb","itemListElement":[{"@type":"ListItem","position":1,"name":"In\u00edcio","item":"https:\/\/cenariosdeacucar.pt\/"},{"@type":"ListItem","position":2,"name":"Produtos","item":"https:\/\/cenariosdeacucar.pt\/?post_type=product"},{"@type":"ListItem","position":3,"name":"Kit Bal\u00f5es Arco Iris Tons Pastel"}]},{"@type":"WebSite","@id":"https:\/\/cenariosdeacucar.pt\/#website","url":"https:\/\/cenariosdeacucar.pt\/","name":"Cen\u00e1rios de A\u00e7ucar","description":"Cake Design | Festas","potentialAction":[{"@type":"SearchAction","target":{"@type":"EntryPoint","urlTemplate":"https:\/\/cenariosdeacucar.pt\/?s={search_term_string}"},"query-input":{"@type":"PropertyValueSpecification","valueRequired":true,"valueName":"search_term_string"}}],"inLanguage":"pt-PT"}]}},"_links":{"self":[{"href":"https:\/\/cenariosdeacucar.pt\/index.php?rest_route=\/wp\/v2\/product\/17205","targetHints":{"allow":["GET"]}}],"collection":[{"href":"https:\/\/cenariosdeacucar.pt\/index.php?rest_route=\/wp\/v2\/product"}],"about":[{"href":"https:\/\/cenariosdeacucar.pt\/index.php?rest_route=\/wp\/v2\/types\/product"}],"replies":[{"embeddable":true,"href":"https:\/\/cenariosdeacucar.pt\/index.php?rest_route=%2Fwp%2Fv2%2Fcomments&post=17205"}],"wp:featuredmedia":[{"embeddable":true,"href":"https:\/\/cenariosdeacucar.pt\/index.php?rest_route=\/wp\/v2\/media\/17206"}],"wp:attachment":[{"href":"https:\/\/cenariosdeacucar.pt\/index.php?rest_route=%2Fwp%2Fv2%2Fmedia&parent=17205"}],"wp:term":[{"taxonomy":"product_brand","embeddable":true,"href":"https:\/\/cenariosdeacucar.pt\/index.php?rest_route=%2Fwp%2Fv2%2Fproduct_brand&post=17205"},{"taxonomy":"product_cat","embeddable":true,"href":"https:\/\/cenariosdeacucar.pt\/index.php?rest_route=%2Fwp%2Fv2%2Fproduct_cat&post=17205"},{"taxonomy":"product_tag","embeddable":true,"href":"https:\/\/cenariosdeacucar.pt\/index.php?rest_route=%2Fwp%2Fv2%2Fproduct_tag&post=17205"}],"curies":[{"name":"wp","href":"https:\/\/api.w.org\/{rel}","templated":true}]}}

Kit Balões Arco Iris Tons Pastel

<p><b>Incluí:</b><br />
10 x 12&#8243; &#8211; Balões Lilás Pastel Látex;<br />
10 x 12&#8243; &#8211; Balões Amarelo Pastel Látex;<br />
10 x 12&#8243; &#8211; Balões Verde Menta Pastel Látex;<br />
5 x 12&#8243; &#8211; Balões Vermelho Pastel Látex;<br />
5 x 12&#8243; &#8211; Balões Azul Pastel Látex;<br />
Fita de 2,5mt para estrutura de arco desconstruído.</p>

<p>Criámos o conjunto perfeito de balões para o dia especial!</p>

<!-- This site is optimized with the Yoast SEO plugin v27.4 - https://yoast.com/product/yoast-seo-wordpress/ -->
<title>Kit Balões Arco Iris Tons Pastel - Cenários de Açucar</title>
<meta name="robots" content="index, follow, max-snippet:-1, max-image-preview:large, max-video-preview:-1" />
<link rel="canonical" href="https://cenariosdeacucar.pt/?product=kit-baloes-arco-iris-tons-pastel" />
<meta property="og:locale" content="pt_PT" />
<meta property="og:type" content="article" />
<meta property="og:title" content="Kit Balões Arco Iris Tons Pastel - Cenários de Açucar" />
<meta property="og:description" content="Criámos o conjunto perfeito de balões para o dia especial!" />
<meta property="og:url" content="https://cenariosdeacucar.pt/?product=kit-baloes-arco-iris-tons-pastel" />
<meta property="og:site_name" content="Cenários de Açucar" />
<meta property="article:modified_time" content="2025-03-24T16:35:07+00:00" />
<meta property="og:image" content="https://cenariosdeacucar.pt/novo/wp-content/uploads/2024/07/112-1140_00.webp" />
	<meta property="og:image:width" content="600" />
	<meta property="og:image:height" content="600" />
	<meta property="og:image:type" content="image/webp" />
<meta name="twitter:card" content="summary_large_image" />
<meta name="twitter:label1" content="Tempo estimado de leitura" />
	<meta name="twitter:data1" content="1 minuto" />
<script type="application/ld+json" class="yoast-schema-graph">{"@context":"https:\/\/schema.org","@graph":[{"@type":"WebPage","@id":"https:\/\/cenariosdeacucar.pt\/?product=kit-baloes-arco-iris-tons-pastel","url":"https:\/\/cenariosdeacucar.pt\/?product=kit-baloes-arco-iris-tons-pastel","name":"Kit Balões Arco Iris Tons Pastel - Cenários de Açucar","isPartOf":{"@id":"https:\/\/cenariosdeacucar.pt\/#website"},"primaryImageOfPage":{"@id":"https:\/\/cenariosdeacucar.pt\/?product=kit-baloes-arco-iris-tons-pastel#primaryimage"},"image":{"@id":"https:\/\/cenariosdeacucar.pt\/?product=kit-baloes-arco-iris-tons-pastel#primaryimage"},"thumbnailUrl":"https:\/\/cenariosdeacucar.pt\/novo\/wp-content\/uploads\/2024\/07\/112-1140_00.webp","datePublished":"2024-07-09T11:33:29+00:00","dateModified":"2025-03-24T16:35:07+00:00","breadcrumb":{"@id":"https:\/\/cenariosdeacucar.pt\/?product=kit-baloes-arco-iris-tons-pastel#breadcrumb"},"inLanguage":"pt-PT","potentialAction":[{"@type":"ReadAction","target":["https:\/\/cenariosdeacucar.pt\/?product=kit-baloes-arco-iris-tons-pastel"]}]},{"@type":"ImageObject","inLanguage":"pt-PT","@id":"https:\/\/cenariosdeacucar.pt\/?product=kit-baloes-arco-iris-tons-pastel#primaryimage","url":"https:\/\/cenariosdeacucar.pt\/novo\/wp-content\/uploads\/2024\/07\/112-1140_00.webp","contentUrl":"https:\/\/cenariosdeacucar.pt\/novo\/wp-content\/uploads\/2024\/07\/112-1140_00.webp","width":600,"height":600},{"@type":"BreadcrumbList","@id":"https:\/\/cenariosdeacucar.pt\/?product=kit-baloes-arco-iris-tons-pastel#breadcrumb","itemListElement":[{"@type":"ListItem","position":1,"name":"Início","item":"https:\/\/cenariosdeacucar.pt\/"},{"@type":"ListItem","position":2,"name":"Produtos","item":"https:\/\/cenariosdeacucar.pt\/?post_type=product"},{"@type":"ListItem","position":3,"name":"Kit Balões Arco Iris Tons Pastel"}]},{"@type":"WebSite","@id":"https:\/\/cenariosdeacucar.pt\/#website","url":"https:\/\/cenariosdeacucar.pt\/","name":"Cenários de Açucar","description":"Cake Design | Festas","potentialAction":[{"@type":"SearchAction","target":{"@type":"EntryPoint","urlTemplate":"https:\/\/cenariosdeacucar.pt\/?s={search_term_string}"},"query-input":{"@type":"PropertyValueSpecification","valueRequired":true,"valueName":"search_term_string"}}],"inLanguage":"pt-PT"}]}</script>
<!-- / Yoast SEO plugin. -->

Kit Balões Arco Iris Tons Pastel - Cenários de Açucar

Criámos o conjunto perfeito de balões para o dia especial!

Cenários de Açucar

Início
