{"id":16588,"date":"2023-11-09T12:54:04","date_gmt":"2023-11-09T11:54:04","guid":{"rendered":"https:\/\/cenariosdeacucar.pt\/?post_type=product&#038;p=16588"},"modified":"2026-03-11T13:36:51","modified_gmt":"2026-03-11T12:36:51","slug":"creme-sniickeerss","status":"publish","type":"product","link":"https:\/\/cenariosdeacucar.pt\/?product=creme-sniickeerss","title":{"rendered":"Creme Sniickeerss"},"content":{"rendered":"","protected":false},"excerpt":{"rendered":"<p class=\"description\">Sabor \u00fanico e delicioso a amendoim e caramelo, para recheio de bolos, bombons, tarte, tortas e outras sobremesas. Um toque diferente e supreendente. &#8211; F\u00e1cil aplica\u00e7\u00e3o; &#8211; Textura cremosa; &#8211; Pronto a usar; &#8211; N\u00e3o necessita de frio.<\/p>\n<p class=\"unit\">Balde 500 gr<\/p>\n","protected":false},"featured_media":16589,"comment_status":"closed","ping_status":"closed","template":"","meta":[],"product_brand":[],"product_cat":[142,144],"product_tag":[],"class_list":{"0":"post-16588","1":"product","2":"type-product","3":"status-publish","4":"has-post-thumbnail","6":"product_cat-comestiveis","7":"product_cat-recheios-e-coberturas","9":"first","10":"instock","11":"shipping-taxable","12":"purchasable","13":"product-type-simple"},"yoast_head":"<!-- This site is optimized with the Yoast SEO plugin v27.4 - https:\/\/yoast.com\/product\/yoast-seo-wordpress\/ -->\n<title>Creme Sniickeerss - Cen\u00e1rios de A\u00e7ucar<\/title>\n<meta name=\"robots\" content=\"index, follow, max-snippet:-1, max-image-preview:large, max-video-preview:-1\" \/>\n<link rel=\"canonical\" href=\"https:\/\/cenariosdeacucar.pt\/?product=creme-sniickeerss\" \/>\n<meta property=\"og:locale\" content=\"pt_PT\" \/>\n<meta property=\"og:type\" content=\"article\" \/>\n<meta property=\"og:title\" content=\"Creme Sniickeerss - Cen\u00e1rios de A\u00e7ucar\" \/>\n<meta property=\"og:description\" content=\"Sabor \u00fanico e delicioso a amendoim e caramelo, para recheio de bolos, bombons, tarte, tortas e outras sobremesas. Um toque diferente e supreendente. - F\u00e1cil aplica\u00e7\u00e3o; - Textura cremosa; - Pronto a usar; - N\u00e3o necessita de frio. Balde 500 gr\" \/>\n<meta property=\"og:url\" content=\"https:\/\/cenariosdeacucar.pt\/?product=creme-sniickeerss\" \/>\n<meta property=\"og:site_name\" content=\"Cen\u00e1rios de A\u00e7ucar\" \/>\n<meta property=\"article:modified_time\" content=\"2026-03-11T12:36:51+00:00\" \/>\n<meta property=\"og:image\" content=\"https:\/\/cenariosdeacucar.pt\/novo\/wp-content\/uploads\/2023\/11\/RECCHO157.jpg\" \/>\n\t<meta property=\"og:image:width\" content=\"900\" \/>\n\t<meta property=\"og:image:height\" content=\"900\" \/>\n\t<meta property=\"og:image:type\" content=\"image\/jpeg\" \/>\n<meta name=\"twitter:card\" content=\"summary_large_image\" \/>\n<script type=\"application\/ld+json\" class=\"yoast-schema-graph\">{\"@context\":\"https:\\\/\\\/schema.org\",\"@graph\":[{\"@type\":\"WebPage\",\"@id\":\"https:\\\/\\\/cenariosdeacucar.pt\\\/?product=creme-sniickeerss\",\"url\":\"https:\\\/\\\/cenariosdeacucar.pt\\\/?product=creme-sniickeerss\",\"name\":\"Creme Sniickeerss - Cen\u00e1rios de A\u00e7ucar\",\"isPartOf\":{\"@id\":\"https:\\\/\\\/cenariosdeacucar.pt\\\/#website\"},\"primaryImageOfPage\":{\"@id\":\"https:\\\/\\\/cenariosdeacucar.pt\\\/?product=creme-sniickeerss#primaryimage\"},\"image\":{\"@id\":\"https:\\\/\\\/cenariosdeacucar.pt\\\/?product=creme-sniickeerss#primaryimage\"},\"thumbnailUrl\":\"https:\\\/\\\/cenariosdeacucar.pt\\\/novo\\\/wp-content\\\/uploads\\\/2023\\\/11\\\/RECCHO157.jpg\",\"datePublished\":\"2023-11-09T11:54:04+00:00\",\"dateModified\":\"2026-03-11T12:36:51+00:00\",\"breadcrumb\":{\"@id\":\"https:\\\/\\\/cenariosdeacucar.pt\\\/?product=creme-sniickeerss#breadcrumb\"},\"inLanguage\":\"pt-PT\",\"potentialAction\":[{\"@type\":\"ReadAction\",\"target\":[\"https:\\\/\\\/cenariosdeacucar.pt\\\/?product=creme-sniickeerss\"]}]},{\"@type\":\"ImageObject\",\"inLanguage\":\"pt-PT\",\"@id\":\"https:\\\/\\\/cenariosdeacucar.pt\\\/?product=creme-sniickeerss#primaryimage\",\"url\":\"https:\\\/\\\/cenariosdeacucar.pt\\\/novo\\\/wp-content\\\/uploads\\\/2023\\\/11\\\/RECCHO157.jpg\",\"contentUrl\":\"https:\\\/\\\/cenariosdeacucar.pt\\\/novo\\\/wp-content\\\/uploads\\\/2023\\\/11\\\/RECCHO157.jpg\",\"width\":900,\"height\":900},{\"@type\":\"BreadcrumbList\",\"@id\":\"https:\\\/\\\/cenariosdeacucar.pt\\\/?product=creme-sniickeerss#breadcrumb\",\"itemListElement\":[{\"@type\":\"ListItem\",\"position\":1,\"name\":\"In\u00edcio\",\"item\":\"https:\\\/\\\/cenariosdeacucar.pt\\\/\"},{\"@type\":\"ListItem\",\"position\":2,\"name\":\"Produtos\",\"item\":\"https:\\\/\\\/cenariosdeacucar.pt\\\/?post_type=product\"},{\"@type\":\"ListItem\",\"position\":3,\"name\":\"Creme Sniickeerss\"}]},{\"@type\":\"WebSite\",\"@id\":\"https:\\\/\\\/cenariosdeacucar.pt\\\/#website\",\"url\":\"https:\\\/\\\/cenariosdeacucar.pt\\\/\",\"name\":\"Cen\u00e1rios de A\u00e7ucar\",\"description\":\"Cake Design | Festas\",\"potentialAction\":[{\"@type\":\"SearchAction\",\"target\":{\"@type\":\"EntryPoint\",\"urlTemplate\":\"https:\\\/\\\/cenariosdeacucar.pt\\\/?s={search_term_string}\"},\"query-input\":{\"@type\":\"PropertyValueSpecification\",\"valueRequired\":true,\"valueName\":\"search_term_string\"}}],\"inLanguage\":\"pt-PT\"}]}<\/script>\n<!-- \/ Yoast SEO plugin. -->","yoast_head_json":{"title":"Creme Sniickeerss - Cen\u00e1rios de A\u00e7ucar","robots":{"index":"index","follow":"follow","max-snippet":"max-snippet:-1","max-image-preview":"max-image-preview:large","max-video-preview":"max-video-preview:-1"},"canonical":"https:\/\/cenariosdeacucar.pt\/?product=creme-sniickeerss","og_locale":"pt_PT","og_type":"article","og_title":"Creme Sniickeerss - Cen\u00e1rios de A\u00e7ucar","og_description":"Sabor \u00fanico e delicioso a amendoim e caramelo, para recheio de bolos, bombons, tarte, tortas e outras sobremesas. Um toque diferente e supreendente. - F\u00e1cil aplica\u00e7\u00e3o; - Textura cremosa; - Pronto a usar; - N\u00e3o necessita de frio. Balde 500 gr","og_url":"https:\/\/cenariosdeacucar.pt\/?product=creme-sniickeerss","og_site_name":"Cen\u00e1rios de A\u00e7ucar","article_modified_time":"2026-03-11T12:36:51+00:00","og_image":[{"width":900,"height":900,"url":"https:\/\/cenariosdeacucar.pt\/novo\/wp-content\/uploads\/2023\/11\/RECCHO157.jpg","type":"image\/jpeg"}],"twitter_card":"summary_large_image","schema":{"@context":"https:\/\/schema.org","@graph":[{"@type":"WebPage","@id":"https:\/\/cenariosdeacucar.pt\/?product=creme-sniickeerss","url":"https:\/\/cenariosdeacucar.pt\/?product=creme-sniickeerss","name":"Creme Sniickeerss - Cen\u00e1rios de A\u00e7ucar","isPartOf":{"@id":"https:\/\/cenariosdeacucar.pt\/#website"},"primaryImageOfPage":{"@id":"https:\/\/cenariosdeacucar.pt\/?product=creme-sniickeerss#primaryimage"},"image":{"@id":"https:\/\/cenariosdeacucar.pt\/?product=creme-sniickeerss#primaryimage"},"thumbnailUrl":"https:\/\/cenariosdeacucar.pt\/novo\/wp-content\/uploads\/2023\/11\/RECCHO157.jpg","datePublished":"2023-11-09T11:54:04+00:00","dateModified":"2026-03-11T12:36:51+00:00","breadcrumb":{"@id":"https:\/\/cenariosdeacucar.pt\/?product=creme-sniickeerss#breadcrumb"},"inLanguage":"pt-PT","potentialAction":[{"@type":"ReadAction","target":["https:\/\/cenariosdeacucar.pt\/?product=creme-sniickeerss"]}]},{"@type":"ImageObject","inLanguage":"pt-PT","@id":"https:\/\/cenariosdeacucar.pt\/?product=creme-sniickeerss#primaryimage","url":"https:\/\/cenariosdeacucar.pt\/novo\/wp-content\/uploads\/2023\/11\/RECCHO157.jpg","contentUrl":"https:\/\/cenariosdeacucar.pt\/novo\/wp-content\/uploads\/2023\/11\/RECCHO157.jpg","width":900,"height":900},{"@type":"BreadcrumbList","@id":"https:\/\/cenariosdeacucar.pt\/?product=creme-sniickeerss#breadcrumb","itemListElement":[{"@type":"ListItem","position":1,"name":"In\u00edcio","item":"https:\/\/cenariosdeacucar.pt\/"},{"@type":"ListItem","position":2,"name":"Produtos","item":"https:\/\/cenariosdeacucar.pt\/?post_type=product"},{"@type":"ListItem","position":3,"name":"Creme Sniickeerss"}]},{"@type":"WebSite","@id":"https:\/\/cenariosdeacucar.pt\/#website","url":"https:\/\/cenariosdeacucar.pt\/","name":"Cen\u00e1rios de A\u00e7ucar","description":"Cake Design | Festas","potentialAction":[{"@type":"SearchAction","target":{"@type":"EntryPoint","urlTemplate":"https:\/\/cenariosdeacucar.pt\/?s={search_term_string}"},"query-input":{"@type":"PropertyValueSpecification","valueRequired":true,"valueName":"search_term_string"}}],"inLanguage":"pt-PT"}]}},"_links":{"self":[{"href":"https:\/\/cenariosdeacucar.pt\/index.php?rest_route=\/wp\/v2\/product\/16588","targetHints":{"allow":["GET"]}}],"collection":[{"href":"https:\/\/cenariosdeacucar.pt\/index.php?rest_route=\/wp\/v2\/product"}],"about":[{"href":"https:\/\/cenariosdeacucar.pt\/index.php?rest_route=\/wp\/v2\/types\/product"}],"replies":[{"embeddable":true,"href":"https:\/\/cenariosdeacucar.pt\/index.php?rest_route=%2Fwp%2Fv2%2Fcomments&post=16588"}],"wp:featuredmedia":[{"embeddable":true,"href":"https:\/\/cenariosdeacucar.pt\/index.php?rest_route=\/wp\/v2\/media\/16589"}],"wp:attachment":[{"href":"https:\/\/cenariosdeacucar.pt\/index.php?rest_route=%2Fwp%2Fv2%2Fmedia&parent=16588"}],"wp:term":[{"taxonomy":"product_brand","embeddable":true,"href":"https:\/\/cenariosdeacucar.pt\/index.php?rest_route=%2Fwp%2Fv2%2Fproduct_brand&post=16588"},{"taxonomy":"product_cat","embeddable":true,"href":"https:\/\/cenariosdeacucar.pt\/index.php?rest_route=%2Fwp%2Fv2%2Fproduct_cat&post=16588"},{"taxonomy":"product_tag","embeddable":true,"href":"https:\/\/cenariosdeacucar.pt\/index.php?rest_route=%2Fwp%2Fv2%2Fproduct_tag&post=16588"}],"curies":[{"name":"wp","href":"https:\/\/api.w.org\/{rel}","templated":true}]}}

<p class="description">Sabor único e delicioso a amendoim e caramelo, para recheio de bolos, bombons, tarte, tortas e outras sobremesas. Um toque diferente e supreendente. &#8211; Fácil aplicação; &#8211; Textura cremosa; &#8211; Pronto a usar; &#8211; Não necessita de frio.</p>
<p class="unit">Balde 500 gr</p>

<!-- This site is optimized with the Yoast SEO plugin v27.4 - https://yoast.com/product/yoast-seo-wordpress/ -->
<title>Creme Sniickeerss - Cenários de Açucar</title>
<meta name="robots" content="index, follow, max-snippet:-1, max-image-preview:large, max-video-preview:-1" />
<link rel="canonical" href="https://cenariosdeacucar.pt/?product=creme-sniickeerss" />
<meta property="og:locale" content="pt_PT" />
<meta property="og:type" content="article" />
<meta property="og:title" content="Creme Sniickeerss - Cenários de Açucar" />
<meta property="og:description" content="Sabor único e delicioso a amendoim e caramelo, para recheio de bolos, bombons, tarte, tortas e outras sobremesas. Um toque diferente e supreendente. - Fácil aplicação; - Textura cremosa; - Pronto a usar; - Não necessita de frio. Balde 500 gr" />
<meta property="og:url" content="https://cenariosdeacucar.pt/?product=creme-sniickeerss" />
<meta property="og:site_name" content="Cenários de Açucar" />
<meta property="article:modified_time" content="2026-03-11T12:36:51+00:00" />
<meta property="og:image" content="https://cenariosdeacucar.pt/novo/wp-content/uploads/2023/11/RECCHO157.jpg" />
	<meta property="og:image:width" content="900" />
	<meta property="og:image:height" content="900" />
	<meta property="og:image:type" content="image/jpeg" />
<meta name="twitter:card" content="summary_large_image" />
<script type="application/ld+json" class="yoast-schema-graph">{"@context":"https:\/\/schema.org","@graph":[{"@type":"WebPage","@id":"https:\/\/cenariosdeacucar.pt\/?product=creme-sniickeerss","url":"https:\/\/cenariosdeacucar.pt\/?product=creme-sniickeerss","name":"Creme Sniickeerss - Cenários de Açucar","isPartOf":{"@id":"https:\/\/cenariosdeacucar.pt\/#website"},"primaryImageOfPage":{"@id":"https:\/\/cenariosdeacucar.pt\/?product=creme-sniickeerss#primaryimage"},"image":{"@id":"https:\/\/cenariosdeacucar.pt\/?product=creme-sniickeerss#primaryimage"},"thumbnailUrl":"https:\/\/cenariosdeacucar.pt\/novo\/wp-content\/uploads\/2023\/11\/RECCHO157.jpg","datePublished":"2023-11-09T11:54:04+00:00","dateModified":"2026-03-11T12:36:51+00:00","breadcrumb":{"@id":"https:\/\/cenariosdeacucar.pt\/?product=creme-sniickeerss#breadcrumb"},"inLanguage":"pt-PT","potentialAction":[{"@type":"ReadAction","target":["https:\/\/cenariosdeacucar.pt\/?product=creme-sniickeerss"]}]},{"@type":"ImageObject","inLanguage":"pt-PT","@id":"https:\/\/cenariosdeacucar.pt\/?product=creme-sniickeerss#primaryimage","url":"https:\/\/cenariosdeacucar.pt\/novo\/wp-content\/uploads\/2023\/11\/RECCHO157.jpg","contentUrl":"https:\/\/cenariosdeacucar.pt\/novo\/wp-content\/uploads\/2023\/11\/RECCHO157.jpg","width":900,"height":900},{"@type":"BreadcrumbList","@id":"https:\/\/cenariosdeacucar.pt\/?product=creme-sniickeerss#breadcrumb","itemListElement":[{"@type":"ListItem","position":1,"name":"Início","item":"https:\/\/cenariosdeacucar.pt\/"},{"@type":"ListItem","position":2,"name":"Produtos","item":"https:\/\/cenariosdeacucar.pt\/?post_type=product"},{"@type":"ListItem","position":3,"name":"Creme Sniickeerss"}]},{"@type":"WebSite","@id":"https:\/\/cenariosdeacucar.pt\/#website","url":"https:\/\/cenariosdeacucar.pt\/","name":"Cenários de Açucar","description":"Cake Design | Festas","potentialAction":[{"@type":"SearchAction","target":{"@type":"EntryPoint","urlTemplate":"https:\/\/cenariosdeacucar.pt\/?s={search_term_string}"},"query-input":{"@type":"PropertyValueSpecification","valueRequired":true,"valueName":"search_term_string"}}],"inLanguage":"pt-PT"}]}</script>
<!-- / Yoast SEO plugin. -->

Creme Sniickeerss - Cenários de Açucar

Sabor único e delicioso a amendoim e caramelo, para recheio de bolos, bombons, tarte, tortas e outras sobremesas. Um toque diferente e supreendente. - Fácil aplicação; - Textura cremosa; - Pronto a usar; - Não necessita de frio. Balde 500 gr

Cenários de Açucar

Início
