{"id":16569,"date":"2023-10-29T18:03:33","date_gmt":"2023-10-29T17:03:33","guid":{"rendered":"https:\/\/cenariosdeacucar.pt\/?post_type=product&#038;p=16569"},"modified":"2024-07-09T17:25:52","modified_gmt":"2024-07-09T16:25:52","slug":"corante-em-gel-progel-preto","status":"publish","type":"product","link":"https:\/\/cenariosdeacucar.pt\/?product=corante-em-gel-progel-preto","title":{"rendered":"CORANTE EM GEL PROGEL PRETO"},"content":{"rendered":"<div id=\"product-description-short-2793\" class=\"description-short\">Rainbow Dust ProGel s\u00e3o corantes alimentares profissionais em gel, s\u00e3o t\u00e3o concentrados que s\u00f3 precisam da menor quantidade para dar cor profunda e rica \u00e0s cria\u00e7\u00f5es. Basta misturar na sua pasta de a\u00e7\u00facar, ma\u00e7ap\u00e3o, creme de manteiga ou massa e v\u00ea-la a transformar-se na cor desejada.<\/div>\n<div class=\"product-actions\">\n<form id=\"add-to-cart-or-refresh\" action=\"https:\/\/azucren.es\/pt\/carrinho\" method=\"post\">\n<div class=\"product-variants\"><\/div>\n<section class=\"product-discounts\"><\/section>\n<div class=\"product-add-to-cart\"><\/div>\n<\/form>\n<\/div>\n","protected":false},"excerpt":{"rendered":"<p>Rainbow Dust ProGel s\u00e3o corantes alimentares profissionais em gel, s\u00e3o t\u00e3o concentrados que s\u00f3 precisam da menor quantidade para dar cor profunda e rica \u00e0s cria\u00e7\u00f5es. Basta misturar na sua pasta de a\u00e7\u00facar, ma\u00e7ap\u00e3o, creme de manteiga ou massa e v\u00ea-la a transformar-se na cor desejada.<\/p>\n","protected":false},"featured_media":16570,"comment_status":"closed","ping_status":"closed","template":"","meta":[],"product_brand":[],"product_cat":[153,155],"product_tag":[],"class_list":{"0":"post-16569","1":"product","2":"type-product","3":"status-publish","4":"has-post-thumbnail","6":"product_cat-corantes","7":"product_cat-corantes-gel","9":"first","10":"instock","11":"shipping-taxable","12":"purchasable","13":"product-type-simple"},"yoast_head":"<!-- This site is optimized with the Yoast SEO plugin v27.4 - https:\/\/yoast.com\/product\/yoast-seo-wordpress\/ -->\n<title>CORANTE EM GEL PROGEL PRETO - Cen\u00e1rios de A\u00e7ucar<\/title>\n<meta name=\"robots\" content=\"index, follow, max-snippet:-1, max-image-preview:large, max-video-preview:-1\" \/>\n<link rel=\"canonical\" href=\"https:\/\/cenariosdeacucar.pt\/?product=corante-em-gel-progel-preto\" \/>\n<meta property=\"og:locale\" content=\"pt_PT\" \/>\n<meta property=\"og:type\" content=\"article\" \/>\n<meta property=\"og:title\" content=\"CORANTE EM GEL PROGEL PRETO - Cen\u00e1rios de A\u00e7ucar\" \/>\n<meta property=\"og:description\" content=\"Rainbow Dust ProGel s\u00e3o corantes alimentares profissionais em gel, s\u00e3o t\u00e3o concentrados que s\u00f3 precisam da menor quantidade para dar cor profunda e rica \u00e0s cria\u00e7\u00f5es. Basta misturar na sua pasta de a\u00e7\u00facar, ma\u00e7ap\u00e3o, creme de manteiga ou massa e v\u00ea-la a transformar-se na cor desejada.\" \/>\n<meta property=\"og:url\" content=\"https:\/\/cenariosdeacucar.pt\/?product=corante-em-gel-progel-preto\" \/>\n<meta property=\"og:site_name\" content=\"Cen\u00e1rios de A\u00e7ucar\" \/>\n<meta property=\"article:modified_time\" content=\"2024-07-09T16:25:52+00:00\" \/>\n<meta property=\"og:image\" content=\"https:\/\/cenariosdeacucar.pt\/novo\/wp-content\/uploads\/2023\/10\/colorante-en-gel-progel-black-negro-25-gramos-rainbow-dust.png\" \/>\n\t<meta property=\"og:image:width\" content=\"800\" \/>\n\t<meta property=\"og:image:height\" content=\"800\" \/>\n\t<meta property=\"og:image:type\" content=\"image\/png\" \/>\n<meta name=\"twitter:card\" content=\"summary_large_image\" \/>\n<meta name=\"twitter:label1\" content=\"Tempo estimado de leitura\" \/>\n\t<meta name=\"twitter:data1\" content=\"1 minuto\" \/>\n<script type=\"application\/ld+json\" class=\"yoast-schema-graph\">{\"@context\":\"https:\\\/\\\/schema.org\",\"@graph\":[{\"@type\":\"WebPage\",\"@id\":\"https:\\\/\\\/cenariosdeacucar.pt\\\/?product=corante-em-gel-progel-preto\",\"url\":\"https:\\\/\\\/cenariosdeacucar.pt\\\/?product=corante-em-gel-progel-preto\",\"name\":\"CORANTE EM GEL PROGEL PRETO - Cen\u00e1rios de A\u00e7ucar\",\"isPartOf\":{\"@id\":\"https:\\\/\\\/cenariosdeacucar.pt\\\/#website\"},\"primaryImageOfPage\":{\"@id\":\"https:\\\/\\\/cenariosdeacucar.pt\\\/?product=corante-em-gel-progel-preto#primaryimage\"},\"image\":{\"@id\":\"https:\\\/\\\/cenariosdeacucar.pt\\\/?product=corante-em-gel-progel-preto#primaryimage\"},\"thumbnailUrl\":\"https:\\\/\\\/cenariosdeacucar.pt\\\/novo\\\/wp-content\\\/uploads\\\/2023\\\/10\\\/colorante-en-gel-progel-black-negro-25-gramos-rainbow-dust.png\",\"datePublished\":\"2023-10-29T17:03:33+00:00\",\"dateModified\":\"2024-07-09T16:25:52+00:00\",\"breadcrumb\":{\"@id\":\"https:\\\/\\\/cenariosdeacucar.pt\\\/?product=corante-em-gel-progel-preto#breadcrumb\"},\"inLanguage\":\"pt-PT\",\"potentialAction\":[{\"@type\":\"ReadAction\",\"target\":[\"https:\\\/\\\/cenariosdeacucar.pt\\\/?product=corante-em-gel-progel-preto\"]}]},{\"@type\":\"ImageObject\",\"inLanguage\":\"pt-PT\",\"@id\":\"https:\\\/\\\/cenariosdeacucar.pt\\\/?product=corante-em-gel-progel-preto#primaryimage\",\"url\":\"https:\\\/\\\/cenariosdeacucar.pt\\\/novo\\\/wp-content\\\/uploads\\\/2023\\\/10\\\/colorante-en-gel-progel-black-negro-25-gramos-rainbow-dust.png\",\"contentUrl\":\"https:\\\/\\\/cenariosdeacucar.pt\\\/novo\\\/wp-content\\\/uploads\\\/2023\\\/10\\\/colorante-en-gel-progel-black-negro-25-gramos-rainbow-dust.png\",\"width\":800,\"height\":800},{\"@type\":\"BreadcrumbList\",\"@id\":\"https:\\\/\\\/cenariosdeacucar.pt\\\/?product=corante-em-gel-progel-preto#breadcrumb\",\"itemListElement\":[{\"@type\":\"ListItem\",\"position\":1,\"name\":\"In\u00edcio\",\"item\":\"https:\\\/\\\/cenariosdeacucar.pt\\\/\"},{\"@type\":\"ListItem\",\"position\":2,\"name\":\"Produtos\",\"item\":\"https:\\\/\\\/cenariosdeacucar.pt\\\/?post_type=product\"},{\"@type\":\"ListItem\",\"position\":3,\"name\":\"CORANTE EM GEL PROGEL PRETO\"}]},{\"@type\":\"WebSite\",\"@id\":\"https:\\\/\\\/cenariosdeacucar.pt\\\/#website\",\"url\":\"https:\\\/\\\/cenariosdeacucar.pt\\\/\",\"name\":\"Cen\u00e1rios de A\u00e7ucar\",\"description\":\"Cake Design | Festas\",\"potentialAction\":[{\"@type\":\"SearchAction\",\"target\":{\"@type\":\"EntryPoint\",\"urlTemplate\":\"https:\\\/\\\/cenariosdeacucar.pt\\\/?s={search_term_string}\"},\"query-input\":{\"@type\":\"PropertyValueSpecification\",\"valueRequired\":true,\"valueName\":\"search_term_string\"}}],\"inLanguage\":\"pt-PT\"}]}<\/script>\n<!-- \/ Yoast SEO plugin. -->","yoast_head_json":{"title":"CORANTE EM GEL PROGEL PRETO - Cen\u00e1rios de A\u00e7ucar","robots":{"index":"index","follow":"follow","max-snippet":"max-snippet:-1","max-image-preview":"max-image-preview:large","max-video-preview":"max-video-preview:-1"},"canonical":"https:\/\/cenariosdeacucar.pt\/?product=corante-em-gel-progel-preto","og_locale":"pt_PT","og_type":"article","og_title":"CORANTE EM GEL PROGEL PRETO - Cen\u00e1rios de A\u00e7ucar","og_description":"Rainbow Dust ProGel s\u00e3o corantes alimentares profissionais em gel, s\u00e3o t\u00e3o concentrados que s\u00f3 precisam da menor quantidade para dar cor profunda e rica \u00e0s cria\u00e7\u00f5es. Basta misturar na sua pasta de a\u00e7\u00facar, ma\u00e7ap\u00e3o, creme de manteiga ou massa e v\u00ea-la a transformar-se na cor desejada.","og_url":"https:\/\/cenariosdeacucar.pt\/?product=corante-em-gel-progel-preto","og_site_name":"Cen\u00e1rios de A\u00e7ucar","article_modified_time":"2024-07-09T16:25:52+00:00","og_image":[{"width":800,"height":800,"url":"https:\/\/cenariosdeacucar.pt\/novo\/wp-content\/uploads\/2023\/10\/colorante-en-gel-progel-black-negro-25-gramos-rainbow-dust.png","type":"image\/png"}],"twitter_card":"summary_large_image","twitter_misc":{"Tempo estimado de leitura":"1 minuto"},"schema":{"@context":"https:\/\/schema.org","@graph":[{"@type":"WebPage","@id":"https:\/\/cenariosdeacucar.pt\/?product=corante-em-gel-progel-preto","url":"https:\/\/cenariosdeacucar.pt\/?product=corante-em-gel-progel-preto","name":"CORANTE EM GEL PROGEL PRETO - Cen\u00e1rios de A\u00e7ucar","isPartOf":{"@id":"https:\/\/cenariosdeacucar.pt\/#website"},"primaryImageOfPage":{"@id":"https:\/\/cenariosdeacucar.pt\/?product=corante-em-gel-progel-preto#primaryimage"},"image":{"@id":"https:\/\/cenariosdeacucar.pt\/?product=corante-em-gel-progel-preto#primaryimage"},"thumbnailUrl":"https:\/\/cenariosdeacucar.pt\/novo\/wp-content\/uploads\/2023\/10\/colorante-en-gel-progel-black-negro-25-gramos-rainbow-dust.png","datePublished":"2023-10-29T17:03:33+00:00","dateModified":"2024-07-09T16:25:52+00:00","breadcrumb":{"@id":"https:\/\/cenariosdeacucar.pt\/?product=corante-em-gel-progel-preto#breadcrumb"},"inLanguage":"pt-PT","potentialAction":[{"@type":"ReadAction","target":["https:\/\/cenariosdeacucar.pt\/?product=corante-em-gel-progel-preto"]}]},{"@type":"ImageObject","inLanguage":"pt-PT","@id":"https:\/\/cenariosdeacucar.pt\/?product=corante-em-gel-progel-preto#primaryimage","url":"https:\/\/cenariosdeacucar.pt\/novo\/wp-content\/uploads\/2023\/10\/colorante-en-gel-progel-black-negro-25-gramos-rainbow-dust.png","contentUrl":"https:\/\/cenariosdeacucar.pt\/novo\/wp-content\/uploads\/2023\/10\/colorante-en-gel-progel-black-negro-25-gramos-rainbow-dust.png","width":800,"height":800},{"@type":"BreadcrumbList","@id":"https:\/\/cenariosdeacucar.pt\/?product=corante-em-gel-progel-preto#breadcrumb","itemListElement":[{"@type":"ListItem","position":1,"name":"In\u00edcio","item":"https:\/\/cenariosdeacucar.pt\/"},{"@type":"ListItem","position":2,"name":"Produtos","item":"https:\/\/cenariosdeacucar.pt\/?post_type=product"},{"@type":"ListItem","position":3,"name":"CORANTE EM GEL PROGEL PRETO"}]},{"@type":"WebSite","@id":"https:\/\/cenariosdeacucar.pt\/#website","url":"https:\/\/cenariosdeacucar.pt\/","name":"Cen\u00e1rios de A\u00e7ucar","description":"Cake Design | Festas","potentialAction":[{"@type":"SearchAction","target":{"@type":"EntryPoint","urlTemplate":"https:\/\/cenariosdeacucar.pt\/?s={search_term_string}"},"query-input":{"@type":"PropertyValueSpecification","valueRequired":true,"valueName":"search_term_string"}}],"inLanguage":"pt-PT"}]}},"_links":{"self":[{"href":"https:\/\/cenariosdeacucar.pt\/index.php?rest_route=\/wp\/v2\/product\/16569","targetHints":{"allow":["GET"]}}],"collection":[{"href":"https:\/\/cenariosdeacucar.pt\/index.php?rest_route=\/wp\/v2\/product"}],"about":[{"href":"https:\/\/cenariosdeacucar.pt\/index.php?rest_route=\/wp\/v2\/types\/product"}],"replies":[{"embeddable":true,"href":"https:\/\/cenariosdeacucar.pt\/index.php?rest_route=%2Fwp%2Fv2%2Fcomments&post=16569"}],"wp:featuredmedia":[{"embeddable":true,"href":"https:\/\/cenariosdeacucar.pt\/index.php?rest_route=\/wp\/v2\/media\/16570"}],"wp:attachment":[{"href":"https:\/\/cenariosdeacucar.pt\/index.php?rest_route=%2Fwp%2Fv2%2Fmedia&parent=16569"}],"wp:term":[{"taxonomy":"product_brand","embeddable":true,"href":"https:\/\/cenariosdeacucar.pt\/index.php?rest_route=%2Fwp%2Fv2%2Fproduct_brand&post=16569"},{"taxonomy":"product_cat","embeddable":true,"href":"https:\/\/cenariosdeacucar.pt\/index.php?rest_route=%2Fwp%2Fv2%2Fproduct_cat&post=16569"},{"taxonomy":"product_tag","embeddable":true,"href":"https:\/\/cenariosdeacucar.pt\/index.php?rest_route=%2Fwp%2Fv2%2Fproduct_tag&post=16569"}],"curies":[{"name":"wp","href":"https:\/\/api.w.org\/{rel}","templated":true}]}}

<div id="product-description-short-2793" class="description-short">Rainbow Dust ProGel são corantes alimentares profissionais em gel, são tão concentrados que só precisam da menor quantidade para dar cor profunda e rica às criações. Basta misturar na sua pasta de açúcar, maçapão, creme de manteiga ou massa e vê-la a transformar-se na cor desejada.</div>
<div class="product-actions">
<form id="add-to-cart-or-refresh" action="https://azucren.es/pt/carrinho" method="post">
<div class="product-variants"></div>
<section class="product-discounts"></section>
<div class="product-add-to-cart"></div>
</form>
</div>

<p>Rainbow Dust ProGel são corantes alimentares profissionais em gel, são tão concentrados que só precisam da menor quantidade para dar cor profunda e rica às criações. Basta misturar na sua pasta de açúcar, maçapão, creme de manteiga ou massa e vê-la a transformar-se na cor desejada.</p>

<!-- This site is optimized with the Yoast SEO plugin v27.4 - https://yoast.com/product/yoast-seo-wordpress/ -->
<title>CORANTE EM GEL PROGEL PRETO - Cenários de Açucar</title>
<meta name="robots" content="index, follow, max-snippet:-1, max-image-preview:large, max-video-preview:-1" />
<link rel="canonical" href="https://cenariosdeacucar.pt/?product=corante-em-gel-progel-preto" />
<meta property="og:locale" content="pt_PT" />
<meta property="og:type" content="article" />
<meta property="og:title" content="CORANTE EM GEL PROGEL PRETO - Cenários de Açucar" />
<meta property="og:description" content="Rainbow Dust ProGel são corantes alimentares profissionais em gel, são tão concentrados que só precisam da menor quantidade para dar cor profunda e rica às criações. Basta misturar na sua pasta de açúcar, maçapão, creme de manteiga ou massa e vê-la a transformar-se na cor desejada." />
<meta property="og:url" content="https://cenariosdeacucar.pt/?product=corante-em-gel-progel-preto" />
<meta property="og:site_name" content="Cenários de Açucar" />
<meta property="article:modified_time" content="2024-07-09T16:25:52+00:00" />
<meta property="og:image" content="https://cenariosdeacucar.pt/novo/wp-content/uploads/2023/10/colorante-en-gel-progel-black-negro-25-gramos-rainbow-dust.png" />
	<meta property="og:image:width" content="800" />
	<meta property="og:image:height" content="800" />
	<meta property="og:image:type" content="image/png" />
<meta name="twitter:card" content="summary_large_image" />
<meta name="twitter:label1" content="Tempo estimado de leitura" />
	<meta name="twitter:data1" content="1 minuto" />
<script type="application/ld+json" class="yoast-schema-graph">{"@context":"https:\/\/schema.org","@graph":[{"@type":"WebPage","@id":"https:\/\/cenariosdeacucar.pt\/?product=corante-em-gel-progel-preto","url":"https:\/\/cenariosdeacucar.pt\/?product=corante-em-gel-progel-preto","name":"CORANTE EM GEL PROGEL PRETO - Cenários de Açucar","isPartOf":{"@id":"https:\/\/cenariosdeacucar.pt\/#website"},"primaryImageOfPage":{"@id":"https:\/\/cenariosdeacucar.pt\/?product=corante-em-gel-progel-preto#primaryimage"},"image":{"@id":"https:\/\/cenariosdeacucar.pt\/?product=corante-em-gel-progel-preto#primaryimage"},"thumbnailUrl":"https:\/\/cenariosdeacucar.pt\/novo\/wp-content\/uploads\/2023\/10\/colorante-en-gel-progel-black-negro-25-gramos-rainbow-dust.png","datePublished":"2023-10-29T17:03:33+00:00","dateModified":"2024-07-09T16:25:52+00:00","breadcrumb":{"@id":"https:\/\/cenariosdeacucar.pt\/?product=corante-em-gel-progel-preto#breadcrumb"},"inLanguage":"pt-PT","potentialAction":[{"@type":"ReadAction","target":["https:\/\/cenariosdeacucar.pt\/?product=corante-em-gel-progel-preto"]}]},{"@type":"ImageObject","inLanguage":"pt-PT","@id":"https:\/\/cenariosdeacucar.pt\/?product=corante-em-gel-progel-preto#primaryimage","url":"https:\/\/cenariosdeacucar.pt\/novo\/wp-content\/uploads\/2023\/10\/colorante-en-gel-progel-black-negro-25-gramos-rainbow-dust.png","contentUrl":"https:\/\/cenariosdeacucar.pt\/novo\/wp-content\/uploads\/2023\/10\/colorante-en-gel-progel-black-negro-25-gramos-rainbow-dust.png","width":800,"height":800},{"@type":"BreadcrumbList","@id":"https:\/\/cenariosdeacucar.pt\/?product=corante-em-gel-progel-preto#breadcrumb","itemListElement":[{"@type":"ListItem","position":1,"name":"Início","item":"https:\/\/cenariosdeacucar.pt\/"},{"@type":"ListItem","position":2,"name":"Produtos","item":"https:\/\/cenariosdeacucar.pt\/?post_type=product"},{"@type":"ListItem","position":3,"name":"CORANTE EM GEL PROGEL PRETO"}]},{"@type":"WebSite","@id":"https:\/\/cenariosdeacucar.pt\/#website","url":"https:\/\/cenariosdeacucar.pt\/","name":"Cenários de Açucar","description":"Cake Design | Festas","potentialAction":[{"@type":"SearchAction","target":{"@type":"EntryPoint","urlTemplate":"https:\/\/cenariosdeacucar.pt\/?s={search_term_string}"},"query-input":{"@type":"PropertyValueSpecification","valueRequired":true,"valueName":"search_term_string"}}],"inLanguage":"pt-PT"}]}</script>
<!-- / Yoast SEO plugin. -->

CORANTE EM GEL PROGEL PRETO - Cenários de Açucar

Rainbow Dust ProGel são corantes alimentares profissionais em gel, são tão concentrados que só precisam da menor quantidade para dar cor profunda e rica às criações. Basta misturar na sua pasta de açúcar, maçapão, creme de manteiga ou massa e vê-la a transformar-se na cor desejada.

Cenários de Açucar

Início
