{"id":15984,"date":"2023-03-07T12:23:47","date_gmt":"2023-03-07T11:23:47","guid":{"rendered":"https:\/\/cenariosdeacucar.pt\/?post_type=product&#038;p=15984"},"modified":"2023-09-26T17:45:27","modified_gmt":"2023-09-26T16:45:27","slug":"creme-pasteleiro-500gr","status":"publish","type":"product","link":"https:\/\/cenariosdeacucar.pt\/?product=creme-pasteleiro-500gr","title":{"rendered":"Creme Pasteleiro 500gr"},"content":{"rendered":"<p><strong>MODO DE PREPARA\u00c7\u00c3O:<\/strong><\/p>\n<div id=\"tab-description\" class=\"woocommerce-Tabs-panel woocommerce-Tabs-panel--description panel entry-content wc-tab\" role=\"tabpanel\" aria-labelledby=\"tab-title-description\">\n<p>Preparado CREME PASTELEIRO + A\u00e7\u00facar + \u00c1gua<\/p>\n<p>1. Junte o preparado, o a\u00e7\u00facar e a \u00e1gua.<\/p>\n<p>2. Bata em velocidade m\u00e9dia cerca de 2 minutos.<\/p>\n<p>3. Pronto a usar.<\/p>\n<p>INGREDIENTES<br \/>\nA\u00e7\u00facar, amido modificado, dextrose (gl\u00faten), prote\u00ednas\u00a0 do leite, gelificante (E401), levedante qu\u00edmico (E341i), conservantes (E200 e E202), anti aglomerante (E551), corantes (E171, E122, E110) e aromas. Pode conter vest\u00edgios ovos, soja, frutos de casca rija, sementes de s\u00e9samo e sulfitos.<\/p>\n<p>ALERG\u00c9NIOS<br \/>\n\u2013 Leite e seus derivados (prote\u00edna do leite);<br \/>\n\u2013 Gl\u00faten e seus derivados (dextrose);<br \/>\n\u2013 Ovos e seus derivados (a sua presen\u00e7a por contamina\u00e7\u00e3o cruzada n\u00e3o pode ser exclu\u00edda);<br \/>\n\u2013 Soja e produtos \u00e0 base de soja (a sua presen\u00e7a por contamina\u00e7\u00e3o cruzada n\u00e3o pode ser exclu\u00edda)<\/p>\n<\/div>\n","protected":false},"excerpt":{"rendered":"<p class=\"description\">Preparado em p\u00f3 para recheios, coberturas e decora\u00e7\u00e3o de todo o tipo de bolos.<\/p>\n<p class=\"description\">F\u00e1cil de barrar.<\/p>\n<p class=\"description\">Textura e sabor do aut\u00eantico creme pasteleiro artesanal.<\/p>\n<p>Embalagem de 500gr<\/p>\n","protected":false},"featured_media":13906,"comment_status":"closed","ping_status":"closed","template":"","meta":[],"product_brand":[],"product_cat":[142,144],"product_tag":[],"class_list":{"0":"post-15984","1":"product","2":"type-product","3":"status-publish","4":"has-post-thumbnail","6":"product_cat-comestiveis","7":"product_cat-recheios-e-coberturas","9":"first","10":"instock","11":"shipping-taxable","12":"purchasable","13":"product-type-simple"},"yoast_head":"<!-- This site is optimized with the Yoast SEO plugin v27.4 - https:\/\/yoast.com\/product\/yoast-seo-wordpress\/ -->\n<title>Creme Pasteleiro 500gr - Cen\u00e1rios de A\u00e7ucar<\/title>\n<meta name=\"robots\" content=\"index, follow, max-snippet:-1, max-image-preview:large, max-video-preview:-1\" \/>\n<link rel=\"canonical\" href=\"https:\/\/cenariosdeacucar.pt\/?product=creme-pasteleiro-500gr\" \/>\n<meta property=\"og:locale\" content=\"pt_PT\" \/>\n<meta property=\"og:type\" content=\"article\" \/>\n<meta property=\"og:title\" content=\"Creme Pasteleiro 500gr - Cen\u00e1rios de A\u00e7ucar\" \/>\n<meta property=\"og:description\" content=\"Preparado em p\u00f3 para recheios, coberturas e decora\u00e7\u00e3o de todo o tipo de bolos. F\u00e1cil de barrar. Textura e sabor do aut\u00eantico creme pasteleiro artesanal. Embalagem de 500gr\" \/>\n<meta property=\"og:url\" content=\"https:\/\/cenariosdeacucar.pt\/?product=creme-pasteleiro-500gr\" \/>\n<meta property=\"og:site_name\" content=\"Cen\u00e1rios de A\u00e7ucar\" \/>\n<meta property=\"article:modified_time\" content=\"2023-09-26T16:45:27+00:00\" \/>\n<meta property=\"og:image\" content=\"https:\/\/cenariosdeacucar.pt\/novo\/wp-content\/uploads\/2021\/05\/RECPOS001.jpg\" \/>\n\t<meta property=\"og:image:width\" content=\"600\" \/>\n\t<meta property=\"og:image:height\" content=\"600\" \/>\n\t<meta property=\"og:image:type\" content=\"image\/jpeg\" \/>\n<meta name=\"twitter:card\" content=\"summary_large_image\" \/>\n<meta name=\"twitter:label1\" content=\"Tempo estimado de leitura\" \/>\n\t<meta name=\"twitter:data1\" content=\"1 minuto\" \/>\n<script type=\"application\/ld+json\" class=\"yoast-schema-graph\">{\"@context\":\"https:\\\/\\\/schema.org\",\"@graph\":[{\"@type\":\"WebPage\",\"@id\":\"https:\\\/\\\/cenariosdeacucar.pt\\\/?product=creme-pasteleiro-500gr\",\"url\":\"https:\\\/\\\/cenariosdeacucar.pt\\\/?product=creme-pasteleiro-500gr\",\"name\":\"Creme Pasteleiro 500gr - Cen\u00e1rios de A\u00e7ucar\",\"isPartOf\":{\"@id\":\"https:\\\/\\\/cenariosdeacucar.pt\\\/#website\"},\"primaryImageOfPage\":{\"@id\":\"https:\\\/\\\/cenariosdeacucar.pt\\\/?product=creme-pasteleiro-500gr#primaryimage\"},\"image\":{\"@id\":\"https:\\\/\\\/cenariosdeacucar.pt\\\/?product=creme-pasteleiro-500gr#primaryimage\"},\"thumbnailUrl\":\"https:\\\/\\\/cenariosdeacucar.pt\\\/novo\\\/wp-content\\\/uploads\\\/2021\\\/05\\\/RECPOS001.jpg\",\"datePublished\":\"2023-03-07T11:23:47+00:00\",\"dateModified\":\"2023-09-26T16:45:27+00:00\",\"breadcrumb\":{\"@id\":\"https:\\\/\\\/cenariosdeacucar.pt\\\/?product=creme-pasteleiro-500gr#breadcrumb\"},\"inLanguage\":\"pt-PT\",\"potentialAction\":[{\"@type\":\"ReadAction\",\"target\":[\"https:\\\/\\\/cenariosdeacucar.pt\\\/?product=creme-pasteleiro-500gr\"]}]},{\"@type\":\"ImageObject\",\"inLanguage\":\"pt-PT\",\"@id\":\"https:\\\/\\\/cenariosdeacucar.pt\\\/?product=creme-pasteleiro-500gr#primaryimage\",\"url\":\"https:\\\/\\\/cenariosdeacucar.pt\\\/novo\\\/wp-content\\\/uploads\\\/2021\\\/05\\\/RECPOS001.jpg\",\"contentUrl\":\"https:\\\/\\\/cenariosdeacucar.pt\\\/novo\\\/wp-content\\\/uploads\\\/2021\\\/05\\\/RECPOS001.jpg\",\"width\":600,\"height\":600},{\"@type\":\"BreadcrumbList\",\"@id\":\"https:\\\/\\\/cenariosdeacucar.pt\\\/?product=creme-pasteleiro-500gr#breadcrumb\",\"itemListElement\":[{\"@type\":\"ListItem\",\"position\":1,\"name\":\"In\u00edcio\",\"item\":\"https:\\\/\\\/cenariosdeacucar.pt\\\/\"},{\"@type\":\"ListItem\",\"position\":2,\"name\":\"Produtos\",\"item\":\"https:\\\/\\\/cenariosdeacucar.pt\\\/?post_type=product\"},{\"@type\":\"ListItem\",\"position\":3,\"name\":\"Creme Pasteleiro 500gr\"}]},{\"@type\":\"WebSite\",\"@id\":\"https:\\\/\\\/cenariosdeacucar.pt\\\/#website\",\"url\":\"https:\\\/\\\/cenariosdeacucar.pt\\\/\",\"name\":\"Cen\u00e1rios de A\u00e7ucar\",\"description\":\"Cake Design | Festas\",\"potentialAction\":[{\"@type\":\"SearchAction\",\"target\":{\"@type\":\"EntryPoint\",\"urlTemplate\":\"https:\\\/\\\/cenariosdeacucar.pt\\\/?s={search_term_string}\"},\"query-input\":{\"@type\":\"PropertyValueSpecification\",\"valueRequired\":true,\"valueName\":\"search_term_string\"}}],\"inLanguage\":\"pt-PT\"}]}<\/script>\n<!-- \/ Yoast SEO plugin. -->","yoast_head_json":{"title":"Creme Pasteleiro 500gr - Cen\u00e1rios de A\u00e7ucar","robots":{"index":"index","follow":"follow","max-snippet":"max-snippet:-1","max-image-preview":"max-image-preview:large","max-video-preview":"max-video-preview:-1"},"canonical":"https:\/\/cenariosdeacucar.pt\/?product=creme-pasteleiro-500gr","og_locale":"pt_PT","og_type":"article","og_title":"Creme Pasteleiro 500gr - Cen\u00e1rios de A\u00e7ucar","og_description":"Preparado em p\u00f3 para recheios, coberturas e decora\u00e7\u00e3o de todo o tipo de bolos. F\u00e1cil de barrar. Textura e sabor do aut\u00eantico creme pasteleiro artesanal. Embalagem de 500gr","og_url":"https:\/\/cenariosdeacucar.pt\/?product=creme-pasteleiro-500gr","og_site_name":"Cen\u00e1rios de A\u00e7ucar","article_modified_time":"2023-09-26T16:45:27+00:00","og_image":[{"width":600,"height":600,"url":"https:\/\/cenariosdeacucar.pt\/novo\/wp-content\/uploads\/2021\/05\/RECPOS001.jpg","type":"image\/jpeg"}],"twitter_card":"summary_large_image","twitter_misc":{"Tempo estimado de leitura":"1 minuto"},"schema":{"@context":"https:\/\/schema.org","@graph":[{"@type":"WebPage","@id":"https:\/\/cenariosdeacucar.pt\/?product=creme-pasteleiro-500gr","url":"https:\/\/cenariosdeacucar.pt\/?product=creme-pasteleiro-500gr","name":"Creme Pasteleiro 500gr - Cen\u00e1rios de A\u00e7ucar","isPartOf":{"@id":"https:\/\/cenariosdeacucar.pt\/#website"},"primaryImageOfPage":{"@id":"https:\/\/cenariosdeacucar.pt\/?product=creme-pasteleiro-500gr#primaryimage"},"image":{"@id":"https:\/\/cenariosdeacucar.pt\/?product=creme-pasteleiro-500gr#primaryimage"},"thumbnailUrl":"https:\/\/cenariosdeacucar.pt\/novo\/wp-content\/uploads\/2021\/05\/RECPOS001.jpg","datePublished":"2023-03-07T11:23:47+00:00","dateModified":"2023-09-26T16:45:27+00:00","breadcrumb":{"@id":"https:\/\/cenariosdeacucar.pt\/?product=creme-pasteleiro-500gr#breadcrumb"},"inLanguage":"pt-PT","potentialAction":[{"@type":"ReadAction","target":["https:\/\/cenariosdeacucar.pt\/?product=creme-pasteleiro-500gr"]}]},{"@type":"ImageObject","inLanguage":"pt-PT","@id":"https:\/\/cenariosdeacucar.pt\/?product=creme-pasteleiro-500gr#primaryimage","url":"https:\/\/cenariosdeacucar.pt\/novo\/wp-content\/uploads\/2021\/05\/RECPOS001.jpg","contentUrl":"https:\/\/cenariosdeacucar.pt\/novo\/wp-content\/uploads\/2021\/05\/RECPOS001.jpg","width":600,"height":600},{"@type":"BreadcrumbList","@id":"https:\/\/cenariosdeacucar.pt\/?product=creme-pasteleiro-500gr#breadcrumb","itemListElement":[{"@type":"ListItem","position":1,"name":"In\u00edcio","item":"https:\/\/cenariosdeacucar.pt\/"},{"@type":"ListItem","position":2,"name":"Produtos","item":"https:\/\/cenariosdeacucar.pt\/?post_type=product"},{"@type":"ListItem","position":3,"name":"Creme Pasteleiro 500gr"}]},{"@type":"WebSite","@id":"https:\/\/cenariosdeacucar.pt\/#website","url":"https:\/\/cenariosdeacucar.pt\/","name":"Cen\u00e1rios de A\u00e7ucar","description":"Cake Design | Festas","potentialAction":[{"@type":"SearchAction","target":{"@type":"EntryPoint","urlTemplate":"https:\/\/cenariosdeacucar.pt\/?s={search_term_string}"},"query-input":{"@type":"PropertyValueSpecification","valueRequired":true,"valueName":"search_term_string"}}],"inLanguage":"pt-PT"}]}},"_links":{"self":[{"href":"https:\/\/cenariosdeacucar.pt\/index.php?rest_route=\/wp\/v2\/product\/15984","targetHints":{"allow":["GET"]}}],"collection":[{"href":"https:\/\/cenariosdeacucar.pt\/index.php?rest_route=\/wp\/v2\/product"}],"about":[{"href":"https:\/\/cenariosdeacucar.pt\/index.php?rest_route=\/wp\/v2\/types\/product"}],"replies":[{"embeddable":true,"href":"https:\/\/cenariosdeacucar.pt\/index.php?rest_route=%2Fwp%2Fv2%2Fcomments&post=15984"}],"wp:featuredmedia":[{"embeddable":true,"href":"https:\/\/cenariosdeacucar.pt\/index.php?rest_route=\/wp\/v2\/media\/13906"}],"wp:attachment":[{"href":"https:\/\/cenariosdeacucar.pt\/index.php?rest_route=%2Fwp%2Fv2%2Fmedia&parent=15984"}],"wp:term":[{"taxonomy":"product_brand","embeddable":true,"href":"https:\/\/cenariosdeacucar.pt\/index.php?rest_route=%2Fwp%2Fv2%2Fproduct_brand&post=15984"},{"taxonomy":"product_cat","embeddable":true,"href":"https:\/\/cenariosdeacucar.pt\/index.php?rest_route=%2Fwp%2Fv2%2Fproduct_cat&post=15984"},{"taxonomy":"product_tag","embeddable":true,"href":"https:\/\/cenariosdeacucar.pt\/index.php?rest_route=%2Fwp%2Fv2%2Fproduct_tag&post=15984"}],"curies":[{"name":"wp","href":"https:\/\/api.w.org\/{rel}","templated":true}]}}