{"id":15790,"date":"2022-11-23T13:37:23","date_gmt":"2022-11-23T12:37:23","guid":{"rendered":"https:\/\/cenariosdeacucar.pt\/?post_type=product&#038;p=15790"},"modified":"2022-11-23T13:37:24","modified_gmt":"2022-11-23T12:37:24","slug":"prato-alto-de-bolo-melamina-vanilla-cream","status":"publish","type":"product","link":"https:\/\/cenariosdeacucar.pt\/?product=prato-alto-de-bolo-melamina-vanilla-cream","title":{"rendered":"Prato Alto de Bolo Melamina Vanilla Cream"},"content":{"rendered":"<p><strong>Caracter\u00edsticas:<\/strong><\/p>\n<ul>\n<li>Material: melamina<\/li>\n<li>Vem desmontado em 2 pe\u00e7as mas \u00e9 muito f\u00e1cil de montar<\/li>\n<li>O fabricante recomenda a lavagem \u00e0 m\u00e3o<\/li>\n<\/ul>\n","protected":false},"excerpt":{"rendered":"<p class=\"product_title entry-title\">Prato Alto de Bolo Melamina Vanilla Cream M\u00e9dio 23,5 cm<\/p>\n","protected":false},"featured_media":15791,"comment_status":"closed","ping_status":"closed","template":"","meta":[],"product_brand":[],"product_cat":[182,174],"product_tag":[],"class_list":{"0":"post-15790","1":"product","2":"type-product","3":"status-publish","4":"has-post-thumbnail","6":"product_cat-casa-e-decor","7":"product_cat-decoracao","9":"first","10":"instock","11":"shipping-taxable","12":"purchasable","13":"product-type-simple"},"yoast_head":"<!-- This site is optimized with the Yoast SEO plugin v27.5 - https:\/\/yoast.com\/product\/yoast-seo-wordpress\/ -->\n<title>Prato Alto de Bolo Melamina Vanilla Cream - Cen\u00e1rios de A\u00e7ucar<\/title>\n<meta name=\"robots\" content=\"index, follow, max-snippet:-1, max-image-preview:large, max-video-preview:-1\" \/>\n<link rel=\"canonical\" href=\"https:\/\/cenariosdeacucar.pt\/?product=prato-alto-de-bolo-melamina-vanilla-cream\" \/>\n<meta property=\"og:locale\" content=\"pt_PT\" \/>\n<meta property=\"og:type\" content=\"article\" \/>\n<meta property=\"og:title\" content=\"Prato Alto de Bolo Melamina Vanilla Cream - Cen\u00e1rios de A\u00e7ucar\" \/>\n<meta property=\"og:description\" content=\"Prato Alto de Bolo Melamina Vanilla Cream M\u00e9dio 23,5 cm\" \/>\n<meta property=\"og:url\" content=\"https:\/\/cenariosdeacucar.pt\/?product=prato-alto-de-bolo-melamina-vanilla-cream\" \/>\n<meta property=\"og:site_name\" content=\"Cen\u00e1rios de A\u00e7ucar\" \/>\n<meta property=\"article:modified_time\" content=\"2022-11-23T12:37:24+00:00\" \/>\n<meta property=\"og:image\" content=\"https:\/\/cenariosdeacucar.pt\/novo\/wp-content\/uploads\/2022\/11\/Prato-Alto-de-Bolo-Melamina-Vanilla-Cream-Medio-235-cm-_.jpg\" \/>\n\t<meta property=\"og:image:width\" content=\"1200\" \/>\n\t<meta property=\"og:image:height\" content=\"1200\" \/>\n\t<meta property=\"og:image:type\" content=\"image\/jpeg\" \/>\n<meta name=\"twitter:card\" content=\"summary_large_image\" \/>\n<meta name=\"twitter:label1\" content=\"Tempo estimado de leitura\" \/>\n\t<meta name=\"twitter:data1\" content=\"1 minuto\" \/>\n<script type=\"application\/ld+json\" class=\"yoast-schema-graph\">{\"@context\":\"https:\\\/\\\/schema.org\",\"@graph\":[{\"@type\":\"WebPage\",\"@id\":\"https:\\\/\\\/cenariosdeacucar.pt\\\/?product=prato-alto-de-bolo-melamina-vanilla-cream\",\"url\":\"https:\\\/\\\/cenariosdeacucar.pt\\\/?product=prato-alto-de-bolo-melamina-vanilla-cream\",\"name\":\"Prato Alto de Bolo Melamina Vanilla Cream - Cen\u00e1rios de A\u00e7ucar\",\"isPartOf\":{\"@id\":\"https:\\\/\\\/cenariosdeacucar.pt\\\/#website\"},\"primaryImageOfPage\":{\"@id\":\"https:\\\/\\\/cenariosdeacucar.pt\\\/?product=prato-alto-de-bolo-melamina-vanilla-cream#primaryimage\"},\"image\":{\"@id\":\"https:\\\/\\\/cenariosdeacucar.pt\\\/?product=prato-alto-de-bolo-melamina-vanilla-cream#primaryimage\"},\"thumbnailUrl\":\"https:\\\/\\\/cenariosdeacucar.pt\\\/novo\\\/wp-content\\\/uploads\\\/2022\\\/11\\\/Prato-Alto-de-Bolo-Melamina-Vanilla-Cream-Medio-235-cm-_.jpg\",\"datePublished\":\"2022-11-23T12:37:23+00:00\",\"dateModified\":\"2022-11-23T12:37:24+00:00\",\"breadcrumb\":{\"@id\":\"https:\\\/\\\/cenariosdeacucar.pt\\\/?product=prato-alto-de-bolo-melamina-vanilla-cream#breadcrumb\"},\"inLanguage\":\"pt-PT\",\"potentialAction\":[{\"@type\":\"ReadAction\",\"target\":[\"https:\\\/\\\/cenariosdeacucar.pt\\\/?product=prato-alto-de-bolo-melamina-vanilla-cream\"]}]},{\"@type\":\"ImageObject\",\"inLanguage\":\"pt-PT\",\"@id\":\"https:\\\/\\\/cenariosdeacucar.pt\\\/?product=prato-alto-de-bolo-melamina-vanilla-cream#primaryimage\",\"url\":\"https:\\\/\\\/cenariosdeacucar.pt\\\/novo\\\/wp-content\\\/uploads\\\/2022\\\/11\\\/Prato-Alto-de-Bolo-Melamina-Vanilla-Cream-Medio-235-cm-_.jpg\",\"contentUrl\":\"https:\\\/\\\/cenariosdeacucar.pt\\\/novo\\\/wp-content\\\/uploads\\\/2022\\\/11\\\/Prato-Alto-de-Bolo-Melamina-Vanilla-Cream-Medio-235-cm-_.jpg\",\"width\":1200,\"height\":1200},{\"@type\":\"BreadcrumbList\",\"@id\":\"https:\\\/\\\/cenariosdeacucar.pt\\\/?product=prato-alto-de-bolo-melamina-vanilla-cream#breadcrumb\",\"itemListElement\":[{\"@type\":\"ListItem\",\"position\":1,\"name\":\"In\u00edcio\",\"item\":\"https:\\\/\\\/cenariosdeacucar.pt\\\/\"},{\"@type\":\"ListItem\",\"position\":2,\"name\":\"Produtos\",\"item\":\"https:\\\/\\\/cenariosdeacucar.pt\\\/?post_type=product\"},{\"@type\":\"ListItem\",\"position\":3,\"name\":\"Prato Alto de Bolo Melamina Vanilla Cream\"}]},{\"@type\":\"WebSite\",\"@id\":\"https:\\\/\\\/cenariosdeacucar.pt\\\/#website\",\"url\":\"https:\\\/\\\/cenariosdeacucar.pt\\\/\",\"name\":\"Cen\u00e1rios de A\u00e7ucar\",\"description\":\"Cake Design | Festas\",\"potentialAction\":[{\"@type\":\"SearchAction\",\"target\":{\"@type\":\"EntryPoint\",\"urlTemplate\":\"https:\\\/\\\/cenariosdeacucar.pt\\\/?s={search_term_string}\"},\"query-input\":{\"@type\":\"PropertyValueSpecification\",\"valueRequired\":true,\"valueName\":\"search_term_string\"}}],\"inLanguage\":\"pt-PT\"}]}<\/script>\n<!-- \/ Yoast SEO plugin. -->","yoast_head_json":{"title":"Prato Alto de Bolo Melamina Vanilla Cream - Cen\u00e1rios de A\u00e7ucar","robots":{"index":"index","follow":"follow","max-snippet":"max-snippet:-1","max-image-preview":"max-image-preview:large","max-video-preview":"max-video-preview:-1"},"canonical":"https:\/\/cenariosdeacucar.pt\/?product=prato-alto-de-bolo-melamina-vanilla-cream","og_locale":"pt_PT","og_type":"article","og_title":"Prato Alto de Bolo Melamina Vanilla Cream - Cen\u00e1rios de A\u00e7ucar","og_description":"Prato Alto de Bolo Melamina Vanilla Cream M\u00e9dio 23,5 cm","og_url":"https:\/\/cenariosdeacucar.pt\/?product=prato-alto-de-bolo-melamina-vanilla-cream","og_site_name":"Cen\u00e1rios de A\u00e7ucar","article_modified_time":"2022-11-23T12:37:24+00:00","og_image":[{"width":1200,"height":1200,"url":"https:\/\/cenariosdeacucar.pt\/novo\/wp-content\/uploads\/2022\/11\/Prato-Alto-de-Bolo-Melamina-Vanilla-Cream-Medio-235-cm-_.jpg","type":"image\/jpeg"}],"twitter_card":"summary_large_image","twitter_misc":{"Tempo estimado de leitura":"1 minuto"},"schema":{"@context":"https:\/\/schema.org","@graph":[{"@type":"WebPage","@id":"https:\/\/cenariosdeacucar.pt\/?product=prato-alto-de-bolo-melamina-vanilla-cream","url":"https:\/\/cenariosdeacucar.pt\/?product=prato-alto-de-bolo-melamina-vanilla-cream","name":"Prato Alto de Bolo Melamina Vanilla Cream - Cen\u00e1rios de A\u00e7ucar","isPartOf":{"@id":"https:\/\/cenariosdeacucar.pt\/#website"},"primaryImageOfPage":{"@id":"https:\/\/cenariosdeacucar.pt\/?product=prato-alto-de-bolo-melamina-vanilla-cream#primaryimage"},"image":{"@id":"https:\/\/cenariosdeacucar.pt\/?product=prato-alto-de-bolo-melamina-vanilla-cream#primaryimage"},"thumbnailUrl":"https:\/\/cenariosdeacucar.pt\/novo\/wp-content\/uploads\/2022\/11\/Prato-Alto-de-Bolo-Melamina-Vanilla-Cream-Medio-235-cm-_.jpg","datePublished":"2022-11-23T12:37:23+00:00","dateModified":"2022-11-23T12:37:24+00:00","breadcrumb":{"@id":"https:\/\/cenariosdeacucar.pt\/?product=prato-alto-de-bolo-melamina-vanilla-cream#breadcrumb"},"inLanguage":"pt-PT","potentialAction":[{"@type":"ReadAction","target":["https:\/\/cenariosdeacucar.pt\/?product=prato-alto-de-bolo-melamina-vanilla-cream"]}]},{"@type":"ImageObject","inLanguage":"pt-PT","@id":"https:\/\/cenariosdeacucar.pt\/?product=prato-alto-de-bolo-melamina-vanilla-cream#primaryimage","url":"https:\/\/cenariosdeacucar.pt\/novo\/wp-content\/uploads\/2022\/11\/Prato-Alto-de-Bolo-Melamina-Vanilla-Cream-Medio-235-cm-_.jpg","contentUrl":"https:\/\/cenariosdeacucar.pt\/novo\/wp-content\/uploads\/2022\/11\/Prato-Alto-de-Bolo-Melamina-Vanilla-Cream-Medio-235-cm-_.jpg","width":1200,"height":1200},{"@type":"BreadcrumbList","@id":"https:\/\/cenariosdeacucar.pt\/?product=prato-alto-de-bolo-melamina-vanilla-cream#breadcrumb","itemListElement":[{"@type":"ListItem","position":1,"name":"In\u00edcio","item":"https:\/\/cenariosdeacucar.pt\/"},{"@type":"ListItem","position":2,"name":"Produtos","item":"https:\/\/cenariosdeacucar.pt\/?post_type=product"},{"@type":"ListItem","position":3,"name":"Prato Alto de Bolo Melamina Vanilla Cream"}]},{"@type":"WebSite","@id":"https:\/\/cenariosdeacucar.pt\/#website","url":"https:\/\/cenariosdeacucar.pt\/","name":"Cen\u00e1rios de A\u00e7ucar","description":"Cake Design | Festas","potentialAction":[{"@type":"SearchAction","target":{"@type":"EntryPoint","urlTemplate":"https:\/\/cenariosdeacucar.pt\/?s={search_term_string}"},"query-input":{"@type":"PropertyValueSpecification","valueRequired":true,"valueName":"search_term_string"}}],"inLanguage":"pt-PT"}]}},"_links":{"self":[{"href":"https:\/\/cenariosdeacucar.pt\/index.php?rest_route=\/wp\/v2\/product\/15790","targetHints":{"allow":["GET"]}}],"collection":[{"href":"https:\/\/cenariosdeacucar.pt\/index.php?rest_route=\/wp\/v2\/product"}],"about":[{"href":"https:\/\/cenariosdeacucar.pt\/index.php?rest_route=\/wp\/v2\/types\/product"}],"replies":[{"embeddable":true,"href":"https:\/\/cenariosdeacucar.pt\/index.php?rest_route=%2Fwp%2Fv2%2Fcomments&post=15790"}],"wp:featuredmedia":[{"embeddable":true,"href":"https:\/\/cenariosdeacucar.pt\/index.php?rest_route=\/wp\/v2\/media\/15791"}],"wp:attachment":[{"href":"https:\/\/cenariosdeacucar.pt\/index.php?rest_route=%2Fwp%2Fv2%2Fmedia&parent=15790"}],"wp:term":[{"taxonomy":"product_brand","embeddable":true,"href":"https:\/\/cenariosdeacucar.pt\/index.php?rest_route=%2Fwp%2Fv2%2Fproduct_brand&post=15790"},{"taxonomy":"product_cat","embeddable":true,"href":"https:\/\/cenariosdeacucar.pt\/index.php?rest_route=%2Fwp%2Fv2%2Fproduct_cat&post=15790"},{"taxonomy":"product_tag","embeddable":true,"href":"https:\/\/cenariosdeacucar.pt\/index.php?rest_route=%2Fwp%2Fv2%2Fproduct_tag&post=15790"}],"curies":[{"name":"wp","href":"https:\/\/api.w.org\/{rel}","templated":true}]}}

<p><strong>Características:</strong></p>
<ul>
<li>Material: melamina</li>
<li>Vem desmontado em 2 peças mas é muito fácil de montar</li>
<li>O fabricante recomenda a lavagem à mão</li>
</ul>

<p class="product_title entry-title">Prato Alto de Bolo Melamina Vanilla Cream Médio 23,5 cm</p>

<!-- This site is optimized with the Yoast SEO plugin v27.5 - https://yoast.com/product/yoast-seo-wordpress/ -->
<title>Prato Alto de Bolo Melamina Vanilla Cream - Cenários de Açucar</title>
<meta name="robots" content="index, follow, max-snippet:-1, max-image-preview:large, max-video-preview:-1" />
<link rel="canonical" href="https://cenariosdeacucar.pt/?product=prato-alto-de-bolo-melamina-vanilla-cream" />
<meta property="og:locale" content="pt_PT" />
<meta property="og:type" content="article" />
<meta property="og:title" content="Prato Alto de Bolo Melamina Vanilla Cream - Cenários de Açucar" />
<meta property="og:description" content="Prato Alto de Bolo Melamina Vanilla Cream Médio 23,5 cm" />
<meta property="og:url" content="https://cenariosdeacucar.pt/?product=prato-alto-de-bolo-melamina-vanilla-cream" />
<meta property="og:site_name" content="Cenários de Açucar" />
<meta property="article:modified_time" content="2022-11-23T12:37:24+00:00" />
<meta property="og:image" content="https://cenariosdeacucar.pt/novo/wp-content/uploads/2022/11/Prato-Alto-de-Bolo-Melamina-Vanilla-Cream-Medio-235-cm-_.jpg" />
	<meta property="og:image:width" content="1200" />
	<meta property="og:image:height" content="1200" />
	<meta property="og:image:type" content="image/jpeg" />
<meta name="twitter:card" content="summary_large_image" />
<meta name="twitter:label1" content="Tempo estimado de leitura" />
	<meta name="twitter:data1" content="1 minuto" />
<script type="application/ld+json" class="yoast-schema-graph">{"@context":"https:\/\/schema.org","@graph":[{"@type":"WebPage","@id":"https:\/\/cenariosdeacucar.pt\/?product=prato-alto-de-bolo-melamina-vanilla-cream","url":"https:\/\/cenariosdeacucar.pt\/?product=prato-alto-de-bolo-melamina-vanilla-cream","name":"Prato Alto de Bolo Melamina Vanilla Cream - Cenários de Açucar","isPartOf":{"@id":"https:\/\/cenariosdeacucar.pt\/#website"},"primaryImageOfPage":{"@id":"https:\/\/cenariosdeacucar.pt\/?product=prato-alto-de-bolo-melamina-vanilla-cream#primaryimage"},"image":{"@id":"https:\/\/cenariosdeacucar.pt\/?product=prato-alto-de-bolo-melamina-vanilla-cream#primaryimage"},"thumbnailUrl":"https:\/\/cenariosdeacucar.pt\/novo\/wp-content\/uploads\/2022\/11\/Prato-Alto-de-Bolo-Melamina-Vanilla-Cream-Medio-235-cm-_.jpg","datePublished":"2022-11-23T12:37:23+00:00","dateModified":"2022-11-23T12:37:24+00:00","breadcrumb":{"@id":"https:\/\/cenariosdeacucar.pt\/?product=prato-alto-de-bolo-melamina-vanilla-cream#breadcrumb"},"inLanguage":"pt-PT","potentialAction":[{"@type":"ReadAction","target":["https:\/\/cenariosdeacucar.pt\/?product=prato-alto-de-bolo-melamina-vanilla-cream"]}]},{"@type":"ImageObject","inLanguage":"pt-PT","@id":"https:\/\/cenariosdeacucar.pt\/?product=prato-alto-de-bolo-melamina-vanilla-cream#primaryimage","url":"https:\/\/cenariosdeacucar.pt\/novo\/wp-content\/uploads\/2022\/11\/Prato-Alto-de-Bolo-Melamina-Vanilla-Cream-Medio-235-cm-_.jpg","contentUrl":"https:\/\/cenariosdeacucar.pt\/novo\/wp-content\/uploads\/2022\/11\/Prato-Alto-de-Bolo-Melamina-Vanilla-Cream-Medio-235-cm-_.jpg","width":1200,"height":1200},{"@type":"BreadcrumbList","@id":"https:\/\/cenariosdeacucar.pt\/?product=prato-alto-de-bolo-melamina-vanilla-cream#breadcrumb","itemListElement":[{"@type":"ListItem","position":1,"name":"Início","item":"https:\/\/cenariosdeacucar.pt\/"},{"@type":"ListItem","position":2,"name":"Produtos","item":"https:\/\/cenariosdeacucar.pt\/?post_type=product"},{"@type":"ListItem","position":3,"name":"Prato Alto de Bolo Melamina Vanilla Cream"}]},{"@type":"WebSite","@id":"https:\/\/cenariosdeacucar.pt\/#website","url":"https:\/\/cenariosdeacucar.pt\/","name":"Cenários de Açucar","description":"Cake Design | Festas","potentialAction":[{"@type":"SearchAction","target":{"@type":"EntryPoint","urlTemplate":"https:\/\/cenariosdeacucar.pt\/?s={search_term_string}"},"query-input":{"@type":"PropertyValueSpecification","valueRequired":true,"valueName":"search_term_string"}}],"inLanguage":"pt-PT"}]}</script>
<!-- / Yoast SEO plugin. -->

Prato Alto de Bolo Melamina Vanilla Cream - Cenários de Açucar

Prato Alto de Bolo Melamina Vanilla Cream Médio 23,5 cm

Cenários de Açucar

Início
