{"id":15702,"date":"2022-11-16T11:07:56","date_gmt":"2022-11-16T10:07:56","guid":{"rendered":"https:\/\/cenariosdeacucar.pt\/?post_type=product&#038;p=15702"},"modified":"2022-11-16T11:07:58","modified_gmt":"2022-11-16T10:07:58","slug":"conjunto-2-cortadores-girafa-e-leao","status":"publish","type":"product","link":"https:\/\/cenariosdeacucar.pt\/?product=conjunto-2-cortadores-girafa-e-leao","title":{"rendered":"CONJUNTO 2 CORTADORES GIRAFA E LE\u00c3O"},"content":{"rendered":"<p>Descri\u00e7\u00e3o:<\/p>\n<p>Tamanhos: Girafa 4,5 x 9,5 x 2,2 h cm. Le\u00e3o 7 x 8 x 2,2 h cm<\/p>\n","protected":false},"excerpt":{"rendered":"<p>Descri\u00e7\u00e3o: Tamanhos: Girafa 4,5 x 9,5 x 2,2 h cm. Le\u00e3o 7 x 8 x 2,2 h cm<\/p>\n","protected":false},"featured_media":15703,"comment_status":"closed","ping_status":"closed","template":"","meta":[],"product_brand":[],"product_cat":[188,158,161,185],"product_tag":[],"class_list":{"0":"post-15702","1":"product","2":"type-product","3":"status-publish","4":"has-post-thumbnail","6":"product_cat-animais-da-selva-bosque","7":"product_cat-cakedesign","8":"product_cat-cortadores","9":"product_cat-festas-tematicas","11":"first","12":"instock","13":"shipping-taxable","14":"purchasable","15":"product-type-simple"},"yoast_head":"<!-- This site is optimized with the Yoast SEO plugin v27.4 - https:\/\/yoast.com\/product\/yoast-seo-wordpress\/ -->\n<title>CONJUNTO 2 CORTADORES GIRAFA E LE\u00c3O - Cen\u00e1rios de A\u00e7ucar<\/title>\n<meta name=\"robots\" content=\"index, follow, max-snippet:-1, max-image-preview:large, max-video-preview:-1\" \/>\n<link rel=\"canonical\" href=\"https:\/\/cenariosdeacucar.pt\/?product=conjunto-2-cortadores-girafa-e-leao\" \/>\n<meta property=\"og:locale\" content=\"pt_PT\" \/>\n<meta property=\"og:type\" content=\"article\" \/>\n<meta property=\"og:title\" content=\"CONJUNTO 2 CORTADORES GIRAFA E LE\u00c3O - Cen\u00e1rios de A\u00e7ucar\" \/>\n<meta property=\"og:description\" content=\"Descri\u00e7\u00e3o: Tamanhos: Girafa 4,5 x 9,5 x 2,2 h cm. Le\u00e3o 7 x 8 x 2,2 h cm\" \/>\n<meta property=\"og:url\" content=\"https:\/\/cenariosdeacucar.pt\/?product=conjunto-2-cortadores-girafa-e-leao\" \/>\n<meta property=\"og:site_name\" content=\"Cen\u00e1rios de A\u00e7ucar\" \/>\n<meta property=\"article:modified_time\" content=\"2022-11-16T10:07:58+00:00\" \/>\n<meta property=\"og:image\" content=\"https:\/\/cenariosdeacucar.pt\/novo\/wp-content\/uploads\/2022\/11\/set-2-cortadores-de-plastico-jirafa-y-leon-decora-0255201-.jpg\" \/>\n\t<meta property=\"og:image:width\" content=\"800\" \/>\n\t<meta property=\"og:image:height\" content=\"800\" \/>\n\t<meta property=\"og:image:type\" content=\"image\/jpeg\" \/>\n<meta name=\"twitter:card\" content=\"summary_large_image\" \/>\n<meta name=\"twitter:label1\" content=\"Tempo estimado de leitura\" \/>\n\t<meta name=\"twitter:data1\" content=\"1 minuto\" \/>\n<script type=\"application\/ld+json\" class=\"yoast-schema-graph\">{\"@context\":\"https:\\\/\\\/schema.org\",\"@graph\":[{\"@type\":\"WebPage\",\"@id\":\"https:\\\/\\\/cenariosdeacucar.pt\\\/?product=conjunto-2-cortadores-girafa-e-leao\",\"url\":\"https:\\\/\\\/cenariosdeacucar.pt\\\/?product=conjunto-2-cortadores-girafa-e-leao\",\"name\":\"CONJUNTO 2 CORTADORES GIRAFA E LE\u00c3O - Cen\u00e1rios de A\u00e7ucar\",\"isPartOf\":{\"@id\":\"https:\\\/\\\/cenariosdeacucar.pt\\\/#website\"},\"primaryImageOfPage\":{\"@id\":\"https:\\\/\\\/cenariosdeacucar.pt\\\/?product=conjunto-2-cortadores-girafa-e-leao#primaryimage\"},\"image\":{\"@id\":\"https:\\\/\\\/cenariosdeacucar.pt\\\/?product=conjunto-2-cortadores-girafa-e-leao#primaryimage\"},\"thumbnailUrl\":\"https:\\\/\\\/cenariosdeacucar.pt\\\/novo\\\/wp-content\\\/uploads\\\/2022\\\/11\\\/set-2-cortadores-de-plastico-jirafa-y-leon-decora-0255201-.jpg\",\"datePublished\":\"2022-11-16T10:07:56+00:00\",\"dateModified\":\"2022-11-16T10:07:58+00:00\",\"breadcrumb\":{\"@id\":\"https:\\\/\\\/cenariosdeacucar.pt\\\/?product=conjunto-2-cortadores-girafa-e-leao#breadcrumb\"},\"inLanguage\":\"pt-PT\",\"potentialAction\":[{\"@type\":\"ReadAction\",\"target\":[\"https:\\\/\\\/cenariosdeacucar.pt\\\/?product=conjunto-2-cortadores-girafa-e-leao\"]}]},{\"@type\":\"ImageObject\",\"inLanguage\":\"pt-PT\",\"@id\":\"https:\\\/\\\/cenariosdeacucar.pt\\\/?product=conjunto-2-cortadores-girafa-e-leao#primaryimage\",\"url\":\"https:\\\/\\\/cenariosdeacucar.pt\\\/novo\\\/wp-content\\\/uploads\\\/2022\\\/11\\\/set-2-cortadores-de-plastico-jirafa-y-leon-decora-0255201-.jpg\",\"contentUrl\":\"https:\\\/\\\/cenariosdeacucar.pt\\\/novo\\\/wp-content\\\/uploads\\\/2022\\\/11\\\/set-2-cortadores-de-plastico-jirafa-y-leon-decora-0255201-.jpg\",\"width\":800,\"height\":800},{\"@type\":\"BreadcrumbList\",\"@id\":\"https:\\\/\\\/cenariosdeacucar.pt\\\/?product=conjunto-2-cortadores-girafa-e-leao#breadcrumb\",\"itemListElement\":[{\"@type\":\"ListItem\",\"position\":1,\"name\":\"In\u00edcio\",\"item\":\"https:\\\/\\\/cenariosdeacucar.pt\\\/\"},{\"@type\":\"ListItem\",\"position\":2,\"name\":\"Produtos\",\"item\":\"https:\\\/\\\/cenariosdeacucar.pt\\\/?post_type=product\"},{\"@type\":\"ListItem\",\"position\":3,\"name\":\"CONJUNTO 2 CORTADORES GIRAFA E LE\u00c3O\"}]},{\"@type\":\"WebSite\",\"@id\":\"https:\\\/\\\/cenariosdeacucar.pt\\\/#website\",\"url\":\"https:\\\/\\\/cenariosdeacucar.pt\\\/\",\"name\":\"Cen\u00e1rios de A\u00e7ucar\",\"description\":\"Cake Design | Festas\",\"potentialAction\":[{\"@type\":\"SearchAction\",\"target\":{\"@type\":\"EntryPoint\",\"urlTemplate\":\"https:\\\/\\\/cenariosdeacucar.pt\\\/?s={search_term_string}\"},\"query-input\":{\"@type\":\"PropertyValueSpecification\",\"valueRequired\":true,\"valueName\":\"search_term_string\"}}],\"inLanguage\":\"pt-PT\"}]}<\/script>\n<!-- \/ Yoast SEO plugin. -->","yoast_head_json":{"title":"CONJUNTO 2 CORTADORES GIRAFA E LE\u00c3O - Cen\u00e1rios de A\u00e7ucar","robots":{"index":"index","follow":"follow","max-snippet":"max-snippet:-1","max-image-preview":"max-image-preview:large","max-video-preview":"max-video-preview:-1"},"canonical":"https:\/\/cenariosdeacucar.pt\/?product=conjunto-2-cortadores-girafa-e-leao","og_locale":"pt_PT","og_type":"article","og_title":"CONJUNTO 2 CORTADORES GIRAFA E LE\u00c3O - Cen\u00e1rios de A\u00e7ucar","og_description":"Descri\u00e7\u00e3o: Tamanhos: Girafa 4,5 x 9,5 x 2,2 h cm. Le\u00e3o 7 x 8 x 2,2 h cm","og_url":"https:\/\/cenariosdeacucar.pt\/?product=conjunto-2-cortadores-girafa-e-leao","og_site_name":"Cen\u00e1rios de A\u00e7ucar","article_modified_time":"2022-11-16T10:07:58+00:00","og_image":[{"width":800,"height":800,"url":"https:\/\/cenariosdeacucar.pt\/novo\/wp-content\/uploads\/2022\/11\/set-2-cortadores-de-plastico-jirafa-y-leon-decora-0255201-.jpg","type":"image\/jpeg"}],"twitter_card":"summary_large_image","twitter_misc":{"Tempo estimado de leitura":"1 minuto"},"schema":{"@context":"https:\/\/schema.org","@graph":[{"@type":"WebPage","@id":"https:\/\/cenariosdeacucar.pt\/?product=conjunto-2-cortadores-girafa-e-leao","url":"https:\/\/cenariosdeacucar.pt\/?product=conjunto-2-cortadores-girafa-e-leao","name":"CONJUNTO 2 CORTADORES GIRAFA E LE\u00c3O - Cen\u00e1rios de A\u00e7ucar","isPartOf":{"@id":"https:\/\/cenariosdeacucar.pt\/#website"},"primaryImageOfPage":{"@id":"https:\/\/cenariosdeacucar.pt\/?product=conjunto-2-cortadores-girafa-e-leao#primaryimage"},"image":{"@id":"https:\/\/cenariosdeacucar.pt\/?product=conjunto-2-cortadores-girafa-e-leao#primaryimage"},"thumbnailUrl":"https:\/\/cenariosdeacucar.pt\/novo\/wp-content\/uploads\/2022\/11\/set-2-cortadores-de-plastico-jirafa-y-leon-decora-0255201-.jpg","datePublished":"2022-11-16T10:07:56+00:00","dateModified":"2022-11-16T10:07:58+00:00","breadcrumb":{"@id":"https:\/\/cenariosdeacucar.pt\/?product=conjunto-2-cortadores-girafa-e-leao#breadcrumb"},"inLanguage":"pt-PT","potentialAction":[{"@type":"ReadAction","target":["https:\/\/cenariosdeacucar.pt\/?product=conjunto-2-cortadores-girafa-e-leao"]}]},{"@type":"ImageObject","inLanguage":"pt-PT","@id":"https:\/\/cenariosdeacucar.pt\/?product=conjunto-2-cortadores-girafa-e-leao#primaryimage","url":"https:\/\/cenariosdeacucar.pt\/novo\/wp-content\/uploads\/2022\/11\/set-2-cortadores-de-plastico-jirafa-y-leon-decora-0255201-.jpg","contentUrl":"https:\/\/cenariosdeacucar.pt\/novo\/wp-content\/uploads\/2022\/11\/set-2-cortadores-de-plastico-jirafa-y-leon-decora-0255201-.jpg","width":800,"height":800},{"@type":"BreadcrumbList","@id":"https:\/\/cenariosdeacucar.pt\/?product=conjunto-2-cortadores-girafa-e-leao#breadcrumb","itemListElement":[{"@type":"ListItem","position":1,"name":"In\u00edcio","item":"https:\/\/cenariosdeacucar.pt\/"},{"@type":"ListItem","position":2,"name":"Produtos","item":"https:\/\/cenariosdeacucar.pt\/?post_type=product"},{"@type":"ListItem","position":3,"name":"CONJUNTO 2 CORTADORES GIRAFA E LE\u00c3O"}]},{"@type":"WebSite","@id":"https:\/\/cenariosdeacucar.pt\/#website","url":"https:\/\/cenariosdeacucar.pt\/","name":"Cen\u00e1rios de A\u00e7ucar","description":"Cake Design | Festas","potentialAction":[{"@type":"SearchAction","target":{"@type":"EntryPoint","urlTemplate":"https:\/\/cenariosdeacucar.pt\/?s={search_term_string}"},"query-input":{"@type":"PropertyValueSpecification","valueRequired":true,"valueName":"search_term_string"}}],"inLanguage":"pt-PT"}]}},"_links":{"self":[{"href":"https:\/\/cenariosdeacucar.pt\/index.php?rest_route=\/wp\/v2\/product\/15702","targetHints":{"allow":["GET"]}}],"collection":[{"href":"https:\/\/cenariosdeacucar.pt\/index.php?rest_route=\/wp\/v2\/product"}],"about":[{"href":"https:\/\/cenariosdeacucar.pt\/index.php?rest_route=\/wp\/v2\/types\/product"}],"replies":[{"embeddable":true,"href":"https:\/\/cenariosdeacucar.pt\/index.php?rest_route=%2Fwp%2Fv2%2Fcomments&post=15702"}],"wp:featuredmedia":[{"embeddable":true,"href":"https:\/\/cenariosdeacucar.pt\/index.php?rest_route=\/wp\/v2\/media\/15703"}],"wp:attachment":[{"href":"https:\/\/cenariosdeacucar.pt\/index.php?rest_route=%2Fwp%2Fv2%2Fmedia&parent=15702"}],"wp:term":[{"taxonomy":"product_brand","embeddable":true,"href":"https:\/\/cenariosdeacucar.pt\/index.php?rest_route=%2Fwp%2Fv2%2Fproduct_brand&post=15702"},{"taxonomy":"product_cat","embeddable":true,"href":"https:\/\/cenariosdeacucar.pt\/index.php?rest_route=%2Fwp%2Fv2%2Fproduct_cat&post=15702"},{"taxonomy":"product_tag","embeddable":true,"href":"https:\/\/cenariosdeacucar.pt\/index.php?rest_route=%2Fwp%2Fv2%2Fproduct_tag&post=15702"}],"curies":[{"name":"wp","href":"https:\/\/api.w.org\/{rel}","templated":true}]}}

CONJUNTO 2 CORTADORES GIRAFA E LEÃO

<p>Descrição:</p>
<p>Tamanhos: Girafa 4,5 x 9,5 x 2,2 h cm. Leão 7 x 8 x 2,2 h cm</p>

<p>Descrição: Tamanhos: Girafa 4,5 x 9,5 x 2,2 h cm. Leão 7 x 8 x 2,2 h cm</p>

<!-- This site is optimized with the Yoast SEO plugin v27.4 - https://yoast.com/product/yoast-seo-wordpress/ -->
<title>CONJUNTO 2 CORTADORES GIRAFA E LEÃO - Cenários de Açucar</title>
<meta name="robots" content="index, follow, max-snippet:-1, max-image-preview:large, max-video-preview:-1" />
<link rel="canonical" href="https://cenariosdeacucar.pt/?product=conjunto-2-cortadores-girafa-e-leao" />
<meta property="og:locale" content="pt_PT" />
<meta property="og:type" content="article" />
<meta property="og:title" content="CONJUNTO 2 CORTADORES GIRAFA E LEÃO - Cenários de Açucar" />
<meta property="og:description" content="Descrição: Tamanhos: Girafa 4,5 x 9,5 x 2,2 h cm. Leão 7 x 8 x 2,2 h cm" />
<meta property="og:url" content="https://cenariosdeacucar.pt/?product=conjunto-2-cortadores-girafa-e-leao" />
<meta property="og:site_name" content="Cenários de Açucar" />
<meta property="article:modified_time" content="2022-11-16T10:07:58+00:00" />
<meta property="og:image" content="https://cenariosdeacucar.pt/novo/wp-content/uploads/2022/11/set-2-cortadores-de-plastico-jirafa-y-leon-decora-0255201-.jpg" />
	<meta property="og:image:width" content="800" />
	<meta property="og:image:height" content="800" />
	<meta property="og:image:type" content="image/jpeg" />
<meta name="twitter:card" content="summary_large_image" />
<meta name="twitter:label1" content="Tempo estimado de leitura" />
	<meta name="twitter:data1" content="1 minuto" />
<script type="application/ld+json" class="yoast-schema-graph">{"@context":"https:\/\/schema.org","@graph":[{"@type":"WebPage","@id":"https:\/\/cenariosdeacucar.pt\/?product=conjunto-2-cortadores-girafa-e-leao","url":"https:\/\/cenariosdeacucar.pt\/?product=conjunto-2-cortadores-girafa-e-leao","name":"CONJUNTO 2 CORTADORES GIRAFA E LEÃO - Cenários de Açucar","isPartOf":{"@id":"https:\/\/cenariosdeacucar.pt\/#website"},"primaryImageOfPage":{"@id":"https:\/\/cenariosdeacucar.pt\/?product=conjunto-2-cortadores-girafa-e-leao#primaryimage"},"image":{"@id":"https:\/\/cenariosdeacucar.pt\/?product=conjunto-2-cortadores-girafa-e-leao#primaryimage"},"thumbnailUrl":"https:\/\/cenariosdeacucar.pt\/novo\/wp-content\/uploads\/2022\/11\/set-2-cortadores-de-plastico-jirafa-y-leon-decora-0255201-.jpg","datePublished":"2022-11-16T10:07:56+00:00","dateModified":"2022-11-16T10:07:58+00:00","breadcrumb":{"@id":"https:\/\/cenariosdeacucar.pt\/?product=conjunto-2-cortadores-girafa-e-leao#breadcrumb"},"inLanguage":"pt-PT","potentialAction":[{"@type":"ReadAction","target":["https:\/\/cenariosdeacucar.pt\/?product=conjunto-2-cortadores-girafa-e-leao"]}]},{"@type":"ImageObject","inLanguage":"pt-PT","@id":"https:\/\/cenariosdeacucar.pt\/?product=conjunto-2-cortadores-girafa-e-leao#primaryimage","url":"https:\/\/cenariosdeacucar.pt\/novo\/wp-content\/uploads\/2022\/11\/set-2-cortadores-de-plastico-jirafa-y-leon-decora-0255201-.jpg","contentUrl":"https:\/\/cenariosdeacucar.pt\/novo\/wp-content\/uploads\/2022\/11\/set-2-cortadores-de-plastico-jirafa-y-leon-decora-0255201-.jpg","width":800,"height":800},{"@type":"BreadcrumbList","@id":"https:\/\/cenariosdeacucar.pt\/?product=conjunto-2-cortadores-girafa-e-leao#breadcrumb","itemListElement":[{"@type":"ListItem","position":1,"name":"Início","item":"https:\/\/cenariosdeacucar.pt\/"},{"@type":"ListItem","position":2,"name":"Produtos","item":"https:\/\/cenariosdeacucar.pt\/?post_type=product"},{"@type":"ListItem","position":3,"name":"CONJUNTO 2 CORTADORES GIRAFA E LEÃO"}]},{"@type":"WebSite","@id":"https:\/\/cenariosdeacucar.pt\/#website","url":"https:\/\/cenariosdeacucar.pt\/","name":"Cenários de Açucar","description":"Cake Design | Festas","potentialAction":[{"@type":"SearchAction","target":{"@type":"EntryPoint","urlTemplate":"https:\/\/cenariosdeacucar.pt\/?s={search_term_string}"},"query-input":{"@type":"PropertyValueSpecification","valueRequired":true,"valueName":"search_term_string"}}],"inLanguage":"pt-PT"}]}</script>
<!-- / Yoast SEO plugin. -->

CONJUNTO 2 CORTADORES GIRAFA E LEÃO - Cenários de Açucar

Descrição: Tamanhos: Girafa 4,5 x 9,5 x 2,2 h cm. Leão 7 x 8 x 2,2 h cm

Cenários de Açucar

Início
