{"id":14791,"date":"2021-09-20T19:48:42","date_gmt":"2021-09-20T18:48:42","guid":{"rendered":"https:\/\/cenariosdeacucar.pt\/?post_type=product&#038;p=14791"},"modified":"2023-04-12T15:41:04","modified_gmt":"2023-04-12T14:41:04","slug":"doce-de-ovo","status":"publish","type":"product","link":"https:\/\/cenariosdeacucar.pt\/?product=doce-de-ovo","title":{"rendered":"Doce de Ovo"},"content":{"rendered":"<p><strong>Modo de Utiliza\u00e7\u00e3o:<\/strong> Pronto a usar<\/p>\n<div class=\"page\" title=\"Page 1\">\n<div class=\"layoutArea\">\n<div class=\"column\">\n<p><strong>Composi\u00e7\u00e3o:<\/strong> Ac\u0327u\u0301car, ovo pasteurizado (32%), xarope de glucose, amido de milho modificado, regulador de acidez (a\u0301cido tarta\u0301rico), conservantes (sorbato de pota\u0301ssio, propionato de so\u0301dio) e corantes (tartarazina e amarelo alaranjado S). Pode causar efeitos negativos na atividade e na atenc\u0327a\u0303o das crianc\u0327as.<\/p>\n<\/div>\n<\/div>\n<\/div>\n","protected":false},"excerpt":{"rendered":"<p class=\"description\">Recheio para todo o tipo de bolos, tortas, tartes e outras prepara\u00e7\u00f5es. Tamb\u00e9m pode ser utilizado como cobertura.<\/p>\n<p class=\"description\">&#8211; F\u00e1cil aplica\u00e7\u00e3o;<\/p>\n<p class=\"description\">&#8211; Sabor tradicional;<\/p>\n<p class=\"description\">&#8211; Textura cremosa;<\/p>\n<p class=\"description\">&#8211; Est\u00e1vel \u00e0 congela\u00e7\u00e3o;<\/p>\n<p class=\"description\">&#8211; Pronto a usar;<\/p>\n<p class=\"description\">&#8211; Depois de aberta a embalagem, conservar no frio.<\/p>\n<p class=\"unit\">Balde 400 gr<\/p>\n","protected":false},"featured_media":14792,"comment_status":"closed","ping_status":"closed","template":"","meta":[],"product_brand":[],"product_cat":[142,144],"product_tag":[],"class_list":{"0":"post-14791","1":"product","2":"type-product","3":"status-publish","4":"has-post-thumbnail","6":"product_cat-comestiveis","7":"product_cat-recheios-e-coberturas","9":"first","10":"instock","11":"shipping-taxable","12":"purchasable","13":"product-type-simple"},"yoast_head":"<!-- This site is optimized with the Yoast SEO plugin v27.4 - https:\/\/yoast.com\/product\/yoast-seo-wordpress\/ -->\n<title>Doce de Ovo - Cen\u00e1rios de A\u00e7ucar<\/title>\n<meta name=\"robots\" content=\"index, follow, max-snippet:-1, max-image-preview:large, max-video-preview:-1\" \/>\n<link rel=\"canonical\" href=\"https:\/\/cenariosdeacucar.pt\/?product=doce-de-ovo\" \/>\n<meta property=\"og:locale\" content=\"pt_PT\" \/>\n<meta property=\"og:type\" content=\"article\" \/>\n<meta property=\"og:title\" content=\"Doce de Ovo - Cen\u00e1rios de A\u00e7ucar\" \/>\n<meta property=\"og:description\" content=\"Recheio para todo o tipo de bolos, tortas, tartes e outras prepara\u00e7\u00f5es. Tamb\u00e9m pode ser utilizado como cobertura. - F\u00e1cil aplica\u00e7\u00e3o; - Sabor tradicional; - Textura cremosa; - Est\u00e1vel \u00e0 congela\u00e7\u00e3o; - Pronto a usar; - Depois de aberta a embalagem, conservar no frio. Balde 400 gr\" \/>\n<meta property=\"og:url\" content=\"https:\/\/cenariosdeacucar.pt\/?product=doce-de-ovo\" \/>\n<meta property=\"og:site_name\" content=\"Cen\u00e1rios de A\u00e7ucar\" \/>\n<meta property=\"article:modified_time\" content=\"2023-04-12T14:41:04+00:00\" \/>\n<meta property=\"og:image\" content=\"https:\/\/cenariosdeacucar.pt\/novo\/wp-content\/uploads\/2021\/09\/RECCRE020.jpg\" \/>\n\t<meta property=\"og:image:width\" content=\"600\" \/>\n\t<meta property=\"og:image:height\" content=\"600\" \/>\n\t<meta property=\"og:image:type\" content=\"image\/jpeg\" \/>\n<meta name=\"twitter:card\" content=\"summary_large_image\" \/>\n<meta name=\"twitter:label1\" content=\"Tempo estimado de leitura\" \/>\n\t<meta name=\"twitter:data1\" content=\"1 minuto\" \/>\n<script type=\"application\/ld+json\" class=\"yoast-schema-graph\">{\"@context\":\"https:\\\/\\\/schema.org\",\"@graph\":[{\"@type\":\"WebPage\",\"@id\":\"https:\\\/\\\/cenariosdeacucar.pt\\\/?product=doce-de-ovo\",\"url\":\"https:\\\/\\\/cenariosdeacucar.pt\\\/?product=doce-de-ovo\",\"name\":\"Doce de Ovo - Cen\u00e1rios de A\u00e7ucar\",\"isPartOf\":{\"@id\":\"https:\\\/\\\/cenariosdeacucar.pt\\\/#website\"},\"primaryImageOfPage\":{\"@id\":\"https:\\\/\\\/cenariosdeacucar.pt\\\/?product=doce-de-ovo#primaryimage\"},\"image\":{\"@id\":\"https:\\\/\\\/cenariosdeacucar.pt\\\/?product=doce-de-ovo#primaryimage\"},\"thumbnailUrl\":\"https:\\\/\\\/cenariosdeacucar.pt\\\/novo\\\/wp-content\\\/uploads\\\/2021\\\/09\\\/RECCRE020.jpg\",\"datePublished\":\"2021-09-20T18:48:42+00:00\",\"dateModified\":\"2023-04-12T14:41:04+00:00\",\"breadcrumb\":{\"@id\":\"https:\\\/\\\/cenariosdeacucar.pt\\\/?product=doce-de-ovo#breadcrumb\"},\"inLanguage\":\"pt-PT\",\"potentialAction\":[{\"@type\":\"ReadAction\",\"target\":[\"https:\\\/\\\/cenariosdeacucar.pt\\\/?product=doce-de-ovo\"]}]},{\"@type\":\"ImageObject\",\"inLanguage\":\"pt-PT\",\"@id\":\"https:\\\/\\\/cenariosdeacucar.pt\\\/?product=doce-de-ovo#primaryimage\",\"url\":\"https:\\\/\\\/cenariosdeacucar.pt\\\/novo\\\/wp-content\\\/uploads\\\/2021\\\/09\\\/RECCRE020.jpg\",\"contentUrl\":\"https:\\\/\\\/cenariosdeacucar.pt\\\/novo\\\/wp-content\\\/uploads\\\/2021\\\/09\\\/RECCRE020.jpg\",\"width\":600,\"height\":600},{\"@type\":\"BreadcrumbList\",\"@id\":\"https:\\\/\\\/cenariosdeacucar.pt\\\/?product=doce-de-ovo#breadcrumb\",\"itemListElement\":[{\"@type\":\"ListItem\",\"position\":1,\"name\":\"In\u00edcio\",\"item\":\"https:\\\/\\\/cenariosdeacucar.pt\\\/\"},{\"@type\":\"ListItem\",\"position\":2,\"name\":\"Produtos\",\"item\":\"https:\\\/\\\/cenariosdeacucar.pt\\\/?post_type=product\"},{\"@type\":\"ListItem\",\"position\":3,\"name\":\"Doce de Ovo\"}]},{\"@type\":\"WebSite\",\"@id\":\"https:\\\/\\\/cenariosdeacucar.pt\\\/#website\",\"url\":\"https:\\\/\\\/cenariosdeacucar.pt\\\/\",\"name\":\"Cen\u00e1rios de A\u00e7ucar\",\"description\":\"Cake Design | Festas\",\"potentialAction\":[{\"@type\":\"SearchAction\",\"target\":{\"@type\":\"EntryPoint\",\"urlTemplate\":\"https:\\\/\\\/cenariosdeacucar.pt\\\/?s={search_term_string}\"},\"query-input\":{\"@type\":\"PropertyValueSpecification\",\"valueRequired\":true,\"valueName\":\"search_term_string\"}}],\"inLanguage\":\"pt-PT\"}]}<\/script>\n<!-- \/ Yoast SEO plugin. -->","yoast_head_json":{"title":"Doce de Ovo - Cen\u00e1rios de A\u00e7ucar","robots":{"index":"index","follow":"follow","max-snippet":"max-snippet:-1","max-image-preview":"max-image-preview:large","max-video-preview":"max-video-preview:-1"},"canonical":"https:\/\/cenariosdeacucar.pt\/?product=doce-de-ovo","og_locale":"pt_PT","og_type":"article","og_title":"Doce de Ovo - Cen\u00e1rios de A\u00e7ucar","og_description":"Recheio para todo o tipo de bolos, tortas, tartes e outras prepara\u00e7\u00f5es. Tamb\u00e9m pode ser utilizado como cobertura. - F\u00e1cil aplica\u00e7\u00e3o; - Sabor tradicional; - Textura cremosa; - Est\u00e1vel \u00e0 congela\u00e7\u00e3o; - Pronto a usar; - Depois de aberta a embalagem, conservar no frio. Balde 400 gr","og_url":"https:\/\/cenariosdeacucar.pt\/?product=doce-de-ovo","og_site_name":"Cen\u00e1rios de A\u00e7ucar","article_modified_time":"2023-04-12T14:41:04+00:00","og_image":[{"width":600,"height":600,"url":"https:\/\/cenariosdeacucar.pt\/novo\/wp-content\/uploads\/2021\/09\/RECCRE020.jpg","type":"image\/jpeg"}],"twitter_card":"summary_large_image","twitter_misc":{"Tempo estimado de leitura":"1 minuto"},"schema":{"@context":"https:\/\/schema.org","@graph":[{"@type":"WebPage","@id":"https:\/\/cenariosdeacucar.pt\/?product=doce-de-ovo","url":"https:\/\/cenariosdeacucar.pt\/?product=doce-de-ovo","name":"Doce de Ovo - Cen\u00e1rios de A\u00e7ucar","isPartOf":{"@id":"https:\/\/cenariosdeacucar.pt\/#website"},"primaryImageOfPage":{"@id":"https:\/\/cenariosdeacucar.pt\/?product=doce-de-ovo#primaryimage"},"image":{"@id":"https:\/\/cenariosdeacucar.pt\/?product=doce-de-ovo#primaryimage"},"thumbnailUrl":"https:\/\/cenariosdeacucar.pt\/novo\/wp-content\/uploads\/2021\/09\/RECCRE020.jpg","datePublished":"2021-09-20T18:48:42+00:00","dateModified":"2023-04-12T14:41:04+00:00","breadcrumb":{"@id":"https:\/\/cenariosdeacucar.pt\/?product=doce-de-ovo#breadcrumb"},"inLanguage":"pt-PT","potentialAction":[{"@type":"ReadAction","target":["https:\/\/cenariosdeacucar.pt\/?product=doce-de-ovo"]}]},{"@type":"ImageObject","inLanguage":"pt-PT","@id":"https:\/\/cenariosdeacucar.pt\/?product=doce-de-ovo#primaryimage","url":"https:\/\/cenariosdeacucar.pt\/novo\/wp-content\/uploads\/2021\/09\/RECCRE020.jpg","contentUrl":"https:\/\/cenariosdeacucar.pt\/novo\/wp-content\/uploads\/2021\/09\/RECCRE020.jpg","width":600,"height":600},{"@type":"BreadcrumbList","@id":"https:\/\/cenariosdeacucar.pt\/?product=doce-de-ovo#breadcrumb","itemListElement":[{"@type":"ListItem","position":1,"name":"In\u00edcio","item":"https:\/\/cenariosdeacucar.pt\/"},{"@type":"ListItem","position":2,"name":"Produtos","item":"https:\/\/cenariosdeacucar.pt\/?post_type=product"},{"@type":"ListItem","position":3,"name":"Doce de Ovo"}]},{"@type":"WebSite","@id":"https:\/\/cenariosdeacucar.pt\/#website","url":"https:\/\/cenariosdeacucar.pt\/","name":"Cen\u00e1rios de A\u00e7ucar","description":"Cake Design | Festas","potentialAction":[{"@type":"SearchAction","target":{"@type":"EntryPoint","urlTemplate":"https:\/\/cenariosdeacucar.pt\/?s={search_term_string}"},"query-input":{"@type":"PropertyValueSpecification","valueRequired":true,"valueName":"search_term_string"}}],"inLanguage":"pt-PT"}]}},"_links":{"self":[{"href":"https:\/\/cenariosdeacucar.pt\/index.php?rest_route=\/wp\/v2\/product\/14791","targetHints":{"allow":["GET"]}}],"collection":[{"href":"https:\/\/cenariosdeacucar.pt\/index.php?rest_route=\/wp\/v2\/product"}],"about":[{"href":"https:\/\/cenariosdeacucar.pt\/index.php?rest_route=\/wp\/v2\/types\/product"}],"replies":[{"embeddable":true,"href":"https:\/\/cenariosdeacucar.pt\/index.php?rest_route=%2Fwp%2Fv2%2Fcomments&post=14791"}],"wp:featuredmedia":[{"embeddable":true,"href":"https:\/\/cenariosdeacucar.pt\/index.php?rest_route=\/wp\/v2\/media\/14792"}],"wp:attachment":[{"href":"https:\/\/cenariosdeacucar.pt\/index.php?rest_route=%2Fwp%2Fv2%2Fmedia&parent=14791"}],"wp:term":[{"taxonomy":"product_brand","embeddable":true,"href":"https:\/\/cenariosdeacucar.pt\/index.php?rest_route=%2Fwp%2Fv2%2Fproduct_brand&post=14791"},{"taxonomy":"product_cat","embeddable":true,"href":"https:\/\/cenariosdeacucar.pt\/index.php?rest_route=%2Fwp%2Fv2%2Fproduct_cat&post=14791"},{"taxonomy":"product_tag","embeddable":true,"href":"https:\/\/cenariosdeacucar.pt\/index.php?rest_route=%2Fwp%2Fv2%2Fproduct_tag&post=14791"}],"curies":[{"name":"wp","href":"https:\/\/api.w.org\/{rel}","templated":true}]}}

<p><strong>Modo de Utilização:</strong> Pronto a usar</p>
<div class="page" title="Page 1">
<div class="layoutArea">
<div class="column">
<p><strong>Composição:</strong> Açúcar, ovo pasteurizado (32%), xarope de glucose, amido de milho modificado, regulador de acidez (ácido tartárico), conservantes (sorbato de potássio, propionato de sódio) e corantes (tartarazina e amarelo alaranjado S). Pode causar efeitos negativos na atividade e na atenção das crianças.</p>
</div>
</div>
</div>

<p class="description">Recheio para todo o tipo de bolos, tortas, tartes e outras preparações. Também pode ser utilizado como cobertura.</p>
<p class="description">&#8211; Fácil aplicação;</p>
<p class="description">&#8211; Sabor tradicional;</p>
<p class="description">&#8211; Textura cremosa;</p>
<p class="description">&#8211; Estável à congelação;</p>
<p class="description">&#8211; Pronto a usar;</p>
<p class="description">&#8211; Depois de aberta a embalagem, conservar no frio.</p>
<p class="unit">Balde 400 gr</p>

<!-- This site is optimized with the Yoast SEO plugin v27.4 - https://yoast.com/product/yoast-seo-wordpress/ -->
<title>Doce de Ovo - Cenários de Açucar</title>
<meta name="robots" content="index, follow, max-snippet:-1, max-image-preview:large, max-video-preview:-1" />
<link rel="canonical" href="https://cenariosdeacucar.pt/?product=doce-de-ovo" />
<meta property="og:locale" content="pt_PT" />
<meta property="og:type" content="article" />
<meta property="og:title" content="Doce de Ovo - Cenários de Açucar" />
<meta property="og:description" content="Recheio para todo o tipo de bolos, tortas, tartes e outras preparações. Também pode ser utilizado como cobertura. - Fácil aplicação; - Sabor tradicional; - Textura cremosa; - Estável à congelação; - Pronto a usar; - Depois de aberta a embalagem, conservar no frio. Balde 400 gr" />
<meta property="og:url" content="https://cenariosdeacucar.pt/?product=doce-de-ovo" />
<meta property="og:site_name" content="Cenários de Açucar" />
<meta property="article:modified_time" content="2023-04-12T14:41:04+00:00" />
<meta property="og:image" content="https://cenariosdeacucar.pt/novo/wp-content/uploads/2021/09/RECCRE020.jpg" />
	<meta property="og:image:width" content="600" />
	<meta property="og:image:height" content="600" />
	<meta property="og:image:type" content="image/jpeg" />
<meta name="twitter:card" content="summary_large_image" />
<meta name="twitter:label1" content="Tempo estimado de leitura" />
	<meta name="twitter:data1" content="1 minuto" />
<script type="application/ld+json" class="yoast-schema-graph">{"@context":"https:\/\/schema.org","@graph":[{"@type":"WebPage","@id":"https:\/\/cenariosdeacucar.pt\/?product=doce-de-ovo","url":"https:\/\/cenariosdeacucar.pt\/?product=doce-de-ovo","name":"Doce de Ovo - Cenários de Açucar","isPartOf":{"@id":"https:\/\/cenariosdeacucar.pt\/#website"},"primaryImageOfPage":{"@id":"https:\/\/cenariosdeacucar.pt\/?product=doce-de-ovo#primaryimage"},"image":{"@id":"https:\/\/cenariosdeacucar.pt\/?product=doce-de-ovo#primaryimage"},"thumbnailUrl":"https:\/\/cenariosdeacucar.pt\/novo\/wp-content\/uploads\/2021\/09\/RECCRE020.jpg","datePublished":"2021-09-20T18:48:42+00:00","dateModified":"2023-04-12T14:41:04+00:00","breadcrumb":{"@id":"https:\/\/cenariosdeacucar.pt\/?product=doce-de-ovo#breadcrumb"},"inLanguage":"pt-PT","potentialAction":[{"@type":"ReadAction","target":["https:\/\/cenariosdeacucar.pt\/?product=doce-de-ovo"]}]},{"@type":"ImageObject","inLanguage":"pt-PT","@id":"https:\/\/cenariosdeacucar.pt\/?product=doce-de-ovo#primaryimage","url":"https:\/\/cenariosdeacucar.pt\/novo\/wp-content\/uploads\/2021\/09\/RECCRE020.jpg","contentUrl":"https:\/\/cenariosdeacucar.pt\/novo\/wp-content\/uploads\/2021\/09\/RECCRE020.jpg","width":600,"height":600},{"@type":"BreadcrumbList","@id":"https:\/\/cenariosdeacucar.pt\/?product=doce-de-ovo#breadcrumb","itemListElement":[{"@type":"ListItem","position":1,"name":"Início","item":"https:\/\/cenariosdeacucar.pt\/"},{"@type":"ListItem","position":2,"name":"Produtos","item":"https:\/\/cenariosdeacucar.pt\/?post_type=product"},{"@type":"ListItem","position":3,"name":"Doce de Ovo"}]},{"@type":"WebSite","@id":"https:\/\/cenariosdeacucar.pt\/#website","url":"https:\/\/cenariosdeacucar.pt\/","name":"Cenários de Açucar","description":"Cake Design | Festas","potentialAction":[{"@type":"SearchAction","target":{"@type":"EntryPoint","urlTemplate":"https:\/\/cenariosdeacucar.pt\/?s={search_term_string}"},"query-input":{"@type":"PropertyValueSpecification","valueRequired":true,"valueName":"search_term_string"}}],"inLanguage":"pt-PT"}]}</script>
<!-- / Yoast SEO plugin. -->

Doce de Ovo - Cenários de Açucar

Recheio para todo o tipo de bolos, tortas, tartes e outras preparações. Também pode ser utilizado como cobertura. - Fácil aplicação; - Sabor tradicional; - Textura cremosa; - Estável à congelação; - Pronto a usar; - Depois de aberta a embalagem, conservar no frio. Balde 400 gr

Cenários de Açucar

Início
