{"id":14781,"date":"2021-09-20T19:26:45","date_gmt":"2021-09-20T18:26:45","guid":{"rendered":"https:\/\/cenariosdeacucar.pt\/?post_type=product&#038;p=14781"},"modified":"2026-03-11T13:37:41","modified_gmt":"2026-03-11T12:37:41","slug":"ganache-cremosa-branca","status":"publish","type":"product","link":"https:\/\/cenariosdeacucar.pt\/?product=ganache-cremosa-branca","title":{"rendered":"Ganache Cremosa Branca"},"content":{"rendered":"<p><strong>Modo de Prepara\u00e7\u00e3o: <\/strong><\/p>\n<p>Aquecer no micro-ondas para maior fluidez.<\/p>\n<p><strong>Composi\u00e7\u00e3o:\u00a0<\/strong>O\u0301leo vegetal (girassol), ac\u0327u\u0301car, soro de leite em po\u0301, leite em po\u0301 integral, leite desnatado em po\u0301, ac\u0327u\u0301car caramelizado, flor de sal (0,4%), cacau em po\u0301 desnatado, emulsionante: lecitina de soja, aromatizantes, corantes: extrato de paprica, antioxidante: extrato de alecrim e E304. Pode conter vesti\u0301gios de glu\u0301ten, ovos, frutos de casca rija e amendoim.<\/p>\n","protected":false},"excerpt":{"rendered":"<p>Creme de chocolate branco para recheio de bolos, tortas, tartes, bombons e outras prepara\u00e7\u00f5es. Tamb\u00e9m pode ser utilizado para cobertura de bolos e tortas. Excelente base de trabalho. Pode ser aromatizada com curd, frutas, pastas aromatizantes e ess\u00eancias para alcan\u00e7ar diversos sabores. Pode ser colorida com Colours Chocolate.<\/p>\n<p>&#8211; F\u00e1cil aplica\u00e7\u00e3o;<\/p>\n<p>&#8211; Sabor intenso;<\/p>\n<p>&#8211; Textura cremosa;<\/p>\n<p>&#8211; Est\u00e1vel na congela\u00e7\u00e3o;<\/p>\n<p>&#8211; Pronto a usar;<\/p>\n<p>&#8211; N\u00e3o necessita de frio.<\/p>\n","protected":false},"featured_media":14783,"comment_status":"closed","ping_status":"closed","template":"","meta":[],"product_brand":[],"product_cat":[142,144],"product_tag":[],"class_list":{"0":"post-14781","1":"product","2":"type-product","3":"status-publish","4":"has-post-thumbnail","6":"product_cat-comestiveis","7":"product_cat-recheios-e-coberturas","9":"first","10":"instock","11":"shipping-taxable","12":"purchasable","13":"product-type-simple"},"yoast_head":"<!-- This site is optimized with the Yoast SEO plugin v27.4 - https:\/\/yoast.com\/product\/yoast-seo-wordpress\/ -->\n<title>Ganache Cremosa Branca - Cen\u00e1rios de A\u00e7ucar<\/title>\n<meta name=\"robots\" content=\"index, follow, max-snippet:-1, max-image-preview:large, max-video-preview:-1\" \/>\n<link rel=\"canonical\" href=\"https:\/\/cenariosdeacucar.pt\/?product=ganache-cremosa-branca\" \/>\n<meta property=\"og:locale\" content=\"pt_PT\" \/>\n<meta property=\"og:type\" content=\"article\" \/>\n<meta property=\"og:title\" content=\"Ganache Cremosa Branca - Cen\u00e1rios de A\u00e7ucar\" \/>\n<meta property=\"og:description\" content=\"Creme de chocolate branco para recheio de bolos, tortas, tartes, bombons e outras prepara\u00e7\u00f5es. Tamb\u00e9m pode ser utilizado para cobertura de bolos e tortas. Excelente base de trabalho. Pode ser aromatizada com curd, frutas, pastas aromatizantes e ess\u00eancias para alcan\u00e7ar diversos sabores. Pode ser colorida com Colours Chocolate.  - F\u00e1cil aplica\u00e7\u00e3o;  - Sabor intenso;  - Textura cremosa;  - Est\u00e1vel na congela\u00e7\u00e3o;  - Pronto a usar;  - N\u00e3o necessita de frio.\" \/>\n<meta property=\"og:url\" content=\"https:\/\/cenariosdeacucar.pt\/?product=ganache-cremosa-branca\" \/>\n<meta property=\"og:site_name\" content=\"Cen\u00e1rios de A\u00e7ucar\" \/>\n<meta property=\"article:modified_time\" content=\"2026-03-11T12:37:41+00:00\" \/>\n<meta property=\"og:image\" content=\"https:\/\/cenariosdeacucar.pt\/novo\/wp-content\/uploads\/2021\/09\/RECCHO027.jpg\" \/>\n\t<meta property=\"og:image:width\" content=\"600\" \/>\n\t<meta property=\"og:image:height\" content=\"600\" \/>\n\t<meta property=\"og:image:type\" content=\"image\/jpeg\" \/>\n<meta name=\"twitter:card\" content=\"summary_large_image\" \/>\n<meta name=\"twitter:label1\" content=\"Tempo estimado de leitura\" \/>\n\t<meta name=\"twitter:data1\" content=\"1 minuto\" \/>\n<script type=\"application\/ld+json\" class=\"yoast-schema-graph\">{\"@context\":\"https:\\\/\\\/schema.org\",\"@graph\":[{\"@type\":\"WebPage\",\"@id\":\"https:\\\/\\\/cenariosdeacucar.pt\\\/?product=ganache-cremosa-branca\",\"url\":\"https:\\\/\\\/cenariosdeacucar.pt\\\/?product=ganache-cremosa-branca\",\"name\":\"Ganache Cremosa Branca - Cen\u00e1rios de A\u00e7ucar\",\"isPartOf\":{\"@id\":\"https:\\\/\\\/cenariosdeacucar.pt\\\/#website\"},\"primaryImageOfPage\":{\"@id\":\"https:\\\/\\\/cenariosdeacucar.pt\\\/?product=ganache-cremosa-branca#primaryimage\"},\"image\":{\"@id\":\"https:\\\/\\\/cenariosdeacucar.pt\\\/?product=ganache-cremosa-branca#primaryimage\"},\"thumbnailUrl\":\"https:\\\/\\\/cenariosdeacucar.pt\\\/novo\\\/wp-content\\\/uploads\\\/2021\\\/09\\\/RECCHO027.jpg\",\"datePublished\":\"2021-09-20T18:26:45+00:00\",\"dateModified\":\"2026-03-11T12:37:41+00:00\",\"breadcrumb\":{\"@id\":\"https:\\\/\\\/cenariosdeacucar.pt\\\/?product=ganache-cremosa-branca#breadcrumb\"},\"inLanguage\":\"pt-PT\",\"potentialAction\":[{\"@type\":\"ReadAction\",\"target\":[\"https:\\\/\\\/cenariosdeacucar.pt\\\/?product=ganache-cremosa-branca\"]}]},{\"@type\":\"ImageObject\",\"inLanguage\":\"pt-PT\",\"@id\":\"https:\\\/\\\/cenariosdeacucar.pt\\\/?product=ganache-cremosa-branca#primaryimage\",\"url\":\"https:\\\/\\\/cenariosdeacucar.pt\\\/novo\\\/wp-content\\\/uploads\\\/2021\\\/09\\\/RECCHO027.jpg\",\"contentUrl\":\"https:\\\/\\\/cenariosdeacucar.pt\\\/novo\\\/wp-content\\\/uploads\\\/2021\\\/09\\\/RECCHO027.jpg\",\"width\":600,\"height\":600},{\"@type\":\"BreadcrumbList\",\"@id\":\"https:\\\/\\\/cenariosdeacucar.pt\\\/?product=ganache-cremosa-branca#breadcrumb\",\"itemListElement\":[{\"@type\":\"ListItem\",\"position\":1,\"name\":\"In\u00edcio\",\"item\":\"https:\\\/\\\/cenariosdeacucar.pt\\\/\"},{\"@type\":\"ListItem\",\"position\":2,\"name\":\"Produtos\",\"item\":\"https:\\\/\\\/cenariosdeacucar.pt\\\/?post_type=product\"},{\"@type\":\"ListItem\",\"position\":3,\"name\":\"Ganache Cremosa Branca\"}]},{\"@type\":\"WebSite\",\"@id\":\"https:\\\/\\\/cenariosdeacucar.pt\\\/#website\",\"url\":\"https:\\\/\\\/cenariosdeacucar.pt\\\/\",\"name\":\"Cen\u00e1rios de A\u00e7ucar\",\"description\":\"Cake Design | Festas\",\"potentialAction\":[{\"@type\":\"SearchAction\",\"target\":{\"@type\":\"EntryPoint\",\"urlTemplate\":\"https:\\\/\\\/cenariosdeacucar.pt\\\/?s={search_term_string}\"},\"query-input\":{\"@type\":\"PropertyValueSpecification\",\"valueRequired\":true,\"valueName\":\"search_term_string\"}}],\"inLanguage\":\"pt-PT\"}]}<\/script>\n<!-- \/ Yoast SEO plugin. -->","yoast_head_json":{"title":"Ganache Cremosa Branca - Cen\u00e1rios de A\u00e7ucar","robots":{"index":"index","follow":"follow","max-snippet":"max-snippet:-1","max-image-preview":"max-image-preview:large","max-video-preview":"max-video-preview:-1"},"canonical":"https:\/\/cenariosdeacucar.pt\/?product=ganache-cremosa-branca","og_locale":"pt_PT","og_type":"article","og_title":"Ganache Cremosa Branca - Cen\u00e1rios de A\u00e7ucar","og_description":"Creme de chocolate branco para recheio de bolos, tortas, tartes, bombons e outras prepara\u00e7\u00f5es. Tamb\u00e9m pode ser utilizado para cobertura de bolos e tortas. Excelente base de trabalho. Pode ser aromatizada com curd, frutas, pastas aromatizantes e ess\u00eancias para alcan\u00e7ar diversos sabores. Pode ser colorida com Colours Chocolate.  - F\u00e1cil aplica\u00e7\u00e3o;  - Sabor intenso;  - Textura cremosa;  - Est\u00e1vel na congela\u00e7\u00e3o;  - Pronto a usar;  - N\u00e3o necessita de frio.","og_url":"https:\/\/cenariosdeacucar.pt\/?product=ganache-cremosa-branca","og_site_name":"Cen\u00e1rios de A\u00e7ucar","article_modified_time":"2026-03-11T12:37:41+00:00","og_image":[{"width":600,"height":600,"url":"https:\/\/cenariosdeacucar.pt\/novo\/wp-content\/uploads\/2021\/09\/RECCHO027.jpg","type":"image\/jpeg"}],"twitter_card":"summary_large_image","twitter_misc":{"Tempo estimado de leitura":"1 minuto"},"schema":{"@context":"https:\/\/schema.org","@graph":[{"@type":"WebPage","@id":"https:\/\/cenariosdeacucar.pt\/?product=ganache-cremosa-branca","url":"https:\/\/cenariosdeacucar.pt\/?product=ganache-cremosa-branca","name":"Ganache Cremosa Branca - Cen\u00e1rios de A\u00e7ucar","isPartOf":{"@id":"https:\/\/cenariosdeacucar.pt\/#website"},"primaryImageOfPage":{"@id":"https:\/\/cenariosdeacucar.pt\/?product=ganache-cremosa-branca#primaryimage"},"image":{"@id":"https:\/\/cenariosdeacucar.pt\/?product=ganache-cremosa-branca#primaryimage"},"thumbnailUrl":"https:\/\/cenariosdeacucar.pt\/novo\/wp-content\/uploads\/2021\/09\/RECCHO027.jpg","datePublished":"2021-09-20T18:26:45+00:00","dateModified":"2026-03-11T12:37:41+00:00","breadcrumb":{"@id":"https:\/\/cenariosdeacucar.pt\/?product=ganache-cremosa-branca#breadcrumb"},"inLanguage":"pt-PT","potentialAction":[{"@type":"ReadAction","target":["https:\/\/cenariosdeacucar.pt\/?product=ganache-cremosa-branca"]}]},{"@type":"ImageObject","inLanguage":"pt-PT","@id":"https:\/\/cenariosdeacucar.pt\/?product=ganache-cremosa-branca#primaryimage","url":"https:\/\/cenariosdeacucar.pt\/novo\/wp-content\/uploads\/2021\/09\/RECCHO027.jpg","contentUrl":"https:\/\/cenariosdeacucar.pt\/novo\/wp-content\/uploads\/2021\/09\/RECCHO027.jpg","width":600,"height":600},{"@type":"BreadcrumbList","@id":"https:\/\/cenariosdeacucar.pt\/?product=ganache-cremosa-branca#breadcrumb","itemListElement":[{"@type":"ListItem","position":1,"name":"In\u00edcio","item":"https:\/\/cenariosdeacucar.pt\/"},{"@type":"ListItem","position":2,"name":"Produtos","item":"https:\/\/cenariosdeacucar.pt\/?post_type=product"},{"@type":"ListItem","position":3,"name":"Ganache Cremosa Branca"}]},{"@type":"WebSite","@id":"https:\/\/cenariosdeacucar.pt\/#website","url":"https:\/\/cenariosdeacucar.pt\/","name":"Cen\u00e1rios de A\u00e7ucar","description":"Cake Design | Festas","potentialAction":[{"@type":"SearchAction","target":{"@type":"EntryPoint","urlTemplate":"https:\/\/cenariosdeacucar.pt\/?s={search_term_string}"},"query-input":{"@type":"PropertyValueSpecification","valueRequired":true,"valueName":"search_term_string"}}],"inLanguage":"pt-PT"}]}},"_links":{"self":[{"href":"https:\/\/cenariosdeacucar.pt\/index.php?rest_route=\/wp\/v2\/product\/14781","targetHints":{"allow":["GET"]}}],"collection":[{"href":"https:\/\/cenariosdeacucar.pt\/index.php?rest_route=\/wp\/v2\/product"}],"about":[{"href":"https:\/\/cenariosdeacucar.pt\/index.php?rest_route=\/wp\/v2\/types\/product"}],"replies":[{"embeddable":true,"href":"https:\/\/cenariosdeacucar.pt\/index.php?rest_route=%2Fwp%2Fv2%2Fcomments&post=14781"}],"wp:featuredmedia":[{"embeddable":true,"href":"https:\/\/cenariosdeacucar.pt\/index.php?rest_route=\/wp\/v2\/media\/14783"}],"wp:attachment":[{"href":"https:\/\/cenariosdeacucar.pt\/index.php?rest_route=%2Fwp%2Fv2%2Fmedia&parent=14781"}],"wp:term":[{"taxonomy":"product_brand","embeddable":true,"href":"https:\/\/cenariosdeacucar.pt\/index.php?rest_route=%2Fwp%2Fv2%2Fproduct_brand&post=14781"},{"taxonomy":"product_cat","embeddable":true,"href":"https:\/\/cenariosdeacucar.pt\/index.php?rest_route=%2Fwp%2Fv2%2Fproduct_cat&post=14781"},{"taxonomy":"product_tag","embeddable":true,"href":"https:\/\/cenariosdeacucar.pt\/index.php?rest_route=%2Fwp%2Fv2%2Fproduct_tag&post=14781"}],"curies":[{"name":"wp","href":"https:\/\/api.w.org\/{rel}","templated":true}]}}