{"id":14694,"date":"2021-08-17T16:48:59","date_gmt":"2021-08-17T15:48:59","guid":{"rendered":"https:\/\/cenariosdeacucar.pt\/?post_type=product&#038;p=14694"},"modified":"2025-02-14T18:44:15","modified_gmt":"2025-02-14T17:44:15","slug":"colours-neon-violeta","status":"publish","type":"product","link":"https:\/\/cenariosdeacucar.pt\/?product=colours-neon-violeta","title":{"rendered":"Colours Neon Violeta"},"content":{"rendered":"<p><strong>Modo de prepara\u00e7\u00e3o: <\/strong>Agite bem antes de usar.<\/p>\n<p><strong>Composi\u00e7\u00e3o:<\/strong><\/p>\n<p>\u00c1gua, amido de milho, glicerina vegetal, E415, E331, E211, E133, E124. Pode causar efeitos negativos<br \/>\nna atividade e na aten\u00e7\u00e3o das crian\u00e7as.<\/p>\n","protected":false},"excerpt":{"rendered":"<p class=\"description\">Corante em gel 100% comest\u00edvel para colorir pasta de a\u00e7\u00facar, glac\u00ea real, cremes, natas vegetais, massas de bolo, isomalt e outras cria\u00e7\u00f5es. Tamb\u00e9m pode ser utilizado em trabalhos de pintura. Cores fortes e fascinantes.<\/p>\n<p class=\"unit\">Frasco 25 ml<\/p>\n","protected":false},"featured_media":14696,"comment_status":"closed","ping_status":"closed","template":"","meta":[],"product_brand":[],"product_cat":[142,153,242],"product_tag":[],"class_list":{"0":"post-14694","1":"product","2":"type-product","3":"status-publish","4":"has-post-thumbnail","6":"product_cat-comestiveis","7":"product_cat-corantes","8":"product_cat-corantes-neon","10":"first","11":"instock","12":"shipping-taxable","13":"purchasable","14":"product-type-simple"},"yoast_head":"<!-- This site is optimized with the Yoast SEO plugin v27.4 - https:\/\/yoast.com\/product\/yoast-seo-wordpress\/ -->\n<title>Colours Neon Violeta - Cen\u00e1rios de A\u00e7ucar<\/title>\n<meta name=\"robots\" content=\"index, follow, max-snippet:-1, max-image-preview:large, max-video-preview:-1\" \/>\n<link rel=\"canonical\" href=\"https:\/\/cenariosdeacucar.pt\/?product=colours-neon-violeta\" \/>\n<meta property=\"og:locale\" content=\"pt_PT\" \/>\n<meta property=\"og:type\" content=\"article\" \/>\n<meta property=\"og:title\" content=\"Colours Neon Violeta - Cen\u00e1rios de A\u00e7ucar\" \/>\n<meta property=\"og:description\" content=\"Corante em gel 100% comest\u00edvel para colorir pasta de a\u00e7\u00facar, glac\u00ea real, cremes, natas vegetais, massas de bolo, isomalt e outras cria\u00e7\u00f5es. Tamb\u00e9m pode ser utilizado em trabalhos de pintura. Cores fortes e fascinantes. Frasco 25 ml\" \/>\n<meta property=\"og:url\" content=\"https:\/\/cenariosdeacucar.pt\/?product=colours-neon-violeta\" \/>\n<meta property=\"og:site_name\" content=\"Cen\u00e1rios de A\u00e7ucar\" \/>\n<meta property=\"article:modified_time\" content=\"2025-02-14T17:44:15+00:00\" \/>\n<meta property=\"og:image\" content=\"https:\/\/cenariosdeacucar.pt\/novo\/wp-content\/uploads\/2021\/08\/CORNEO006_2.png\" \/>\n\t<meta property=\"og:image:width\" content=\"600\" \/>\n\t<meta property=\"og:image:height\" content=\"600\" \/>\n\t<meta property=\"og:image:type\" content=\"image\/png\" \/>\n<meta name=\"twitter:card\" content=\"summary_large_image\" \/>\n<meta name=\"twitter:label1\" content=\"Tempo estimado de leitura\" \/>\n\t<meta name=\"twitter:data1\" content=\"1 minuto\" \/>\n<script type=\"application\/ld+json\" class=\"yoast-schema-graph\">{\"@context\":\"https:\\\/\\\/schema.org\",\"@graph\":[{\"@type\":\"WebPage\",\"@id\":\"https:\\\/\\\/cenariosdeacucar.pt\\\/?product=colours-neon-violeta\",\"url\":\"https:\\\/\\\/cenariosdeacucar.pt\\\/?product=colours-neon-violeta\",\"name\":\"Colours Neon Violeta - Cen\u00e1rios de A\u00e7ucar\",\"isPartOf\":{\"@id\":\"https:\\\/\\\/cenariosdeacucar.pt\\\/#website\"},\"primaryImageOfPage\":{\"@id\":\"https:\\\/\\\/cenariosdeacucar.pt\\\/?product=colours-neon-violeta#primaryimage\"},\"image\":{\"@id\":\"https:\\\/\\\/cenariosdeacucar.pt\\\/?product=colours-neon-violeta#primaryimage\"},\"thumbnailUrl\":\"https:\\\/\\\/cenariosdeacucar.pt\\\/novo\\\/wp-content\\\/uploads\\\/2021\\\/08\\\/CORNEO006_2.png\",\"datePublished\":\"2021-08-17T15:48:59+00:00\",\"dateModified\":\"2025-02-14T17:44:15+00:00\",\"breadcrumb\":{\"@id\":\"https:\\\/\\\/cenariosdeacucar.pt\\\/?product=colours-neon-violeta#breadcrumb\"},\"inLanguage\":\"pt-PT\",\"potentialAction\":[{\"@type\":\"ReadAction\",\"target\":[\"https:\\\/\\\/cenariosdeacucar.pt\\\/?product=colours-neon-violeta\"]}]},{\"@type\":\"ImageObject\",\"inLanguage\":\"pt-PT\",\"@id\":\"https:\\\/\\\/cenariosdeacucar.pt\\\/?product=colours-neon-violeta#primaryimage\",\"url\":\"https:\\\/\\\/cenariosdeacucar.pt\\\/novo\\\/wp-content\\\/uploads\\\/2021\\\/08\\\/CORNEO006_2.png\",\"contentUrl\":\"https:\\\/\\\/cenariosdeacucar.pt\\\/novo\\\/wp-content\\\/uploads\\\/2021\\\/08\\\/CORNEO006_2.png\",\"width\":600,\"height\":600},{\"@type\":\"BreadcrumbList\",\"@id\":\"https:\\\/\\\/cenariosdeacucar.pt\\\/?product=colours-neon-violeta#breadcrumb\",\"itemListElement\":[{\"@type\":\"ListItem\",\"position\":1,\"name\":\"In\u00edcio\",\"item\":\"https:\\\/\\\/cenariosdeacucar.pt\\\/\"},{\"@type\":\"ListItem\",\"position\":2,\"name\":\"Produtos\",\"item\":\"https:\\\/\\\/cenariosdeacucar.pt\\\/?post_type=product\"},{\"@type\":\"ListItem\",\"position\":3,\"name\":\"Colours Neon Violeta\"}]},{\"@type\":\"WebSite\",\"@id\":\"https:\\\/\\\/cenariosdeacucar.pt\\\/#website\",\"url\":\"https:\\\/\\\/cenariosdeacucar.pt\\\/\",\"name\":\"Cen\u00e1rios de A\u00e7ucar\",\"description\":\"Cake Design | Festas\",\"potentialAction\":[{\"@type\":\"SearchAction\",\"target\":{\"@type\":\"EntryPoint\",\"urlTemplate\":\"https:\\\/\\\/cenariosdeacucar.pt\\\/?s={search_term_string}\"},\"query-input\":{\"@type\":\"PropertyValueSpecification\",\"valueRequired\":true,\"valueName\":\"search_term_string\"}}],\"inLanguage\":\"pt-PT\"}]}<\/script>\n<!-- \/ Yoast SEO plugin. -->","yoast_head_json":{"title":"Colours Neon Violeta - Cen\u00e1rios de A\u00e7ucar","robots":{"index":"index","follow":"follow","max-snippet":"max-snippet:-1","max-image-preview":"max-image-preview:large","max-video-preview":"max-video-preview:-1"},"canonical":"https:\/\/cenariosdeacucar.pt\/?product=colours-neon-violeta","og_locale":"pt_PT","og_type":"article","og_title":"Colours Neon Violeta - Cen\u00e1rios de A\u00e7ucar","og_description":"Corante em gel 100% comest\u00edvel para colorir pasta de a\u00e7\u00facar, glac\u00ea real, cremes, natas vegetais, massas de bolo, isomalt e outras cria\u00e7\u00f5es. Tamb\u00e9m pode ser utilizado em trabalhos de pintura. Cores fortes e fascinantes. Frasco 25 ml","og_url":"https:\/\/cenariosdeacucar.pt\/?product=colours-neon-violeta","og_site_name":"Cen\u00e1rios de A\u00e7ucar","article_modified_time":"2025-02-14T17:44:15+00:00","og_image":[{"width":600,"height":600,"url":"https:\/\/cenariosdeacucar.pt\/novo\/wp-content\/uploads\/2021\/08\/CORNEO006_2.png","type":"image\/png"}],"twitter_card":"summary_large_image","twitter_misc":{"Tempo estimado de leitura":"1 minuto"},"schema":{"@context":"https:\/\/schema.org","@graph":[{"@type":"WebPage","@id":"https:\/\/cenariosdeacucar.pt\/?product=colours-neon-violeta","url":"https:\/\/cenariosdeacucar.pt\/?product=colours-neon-violeta","name":"Colours Neon Violeta - Cen\u00e1rios de A\u00e7ucar","isPartOf":{"@id":"https:\/\/cenariosdeacucar.pt\/#website"},"primaryImageOfPage":{"@id":"https:\/\/cenariosdeacucar.pt\/?product=colours-neon-violeta#primaryimage"},"image":{"@id":"https:\/\/cenariosdeacucar.pt\/?product=colours-neon-violeta#primaryimage"},"thumbnailUrl":"https:\/\/cenariosdeacucar.pt\/novo\/wp-content\/uploads\/2021\/08\/CORNEO006_2.png","datePublished":"2021-08-17T15:48:59+00:00","dateModified":"2025-02-14T17:44:15+00:00","breadcrumb":{"@id":"https:\/\/cenariosdeacucar.pt\/?product=colours-neon-violeta#breadcrumb"},"inLanguage":"pt-PT","potentialAction":[{"@type":"ReadAction","target":["https:\/\/cenariosdeacucar.pt\/?product=colours-neon-violeta"]}]},{"@type":"ImageObject","inLanguage":"pt-PT","@id":"https:\/\/cenariosdeacucar.pt\/?product=colours-neon-violeta#primaryimage","url":"https:\/\/cenariosdeacucar.pt\/novo\/wp-content\/uploads\/2021\/08\/CORNEO006_2.png","contentUrl":"https:\/\/cenariosdeacucar.pt\/novo\/wp-content\/uploads\/2021\/08\/CORNEO006_2.png","width":600,"height":600},{"@type":"BreadcrumbList","@id":"https:\/\/cenariosdeacucar.pt\/?product=colours-neon-violeta#breadcrumb","itemListElement":[{"@type":"ListItem","position":1,"name":"In\u00edcio","item":"https:\/\/cenariosdeacucar.pt\/"},{"@type":"ListItem","position":2,"name":"Produtos","item":"https:\/\/cenariosdeacucar.pt\/?post_type=product"},{"@type":"ListItem","position":3,"name":"Colours Neon Violeta"}]},{"@type":"WebSite","@id":"https:\/\/cenariosdeacucar.pt\/#website","url":"https:\/\/cenariosdeacucar.pt\/","name":"Cen\u00e1rios de A\u00e7ucar","description":"Cake Design | Festas","potentialAction":[{"@type":"SearchAction","target":{"@type":"EntryPoint","urlTemplate":"https:\/\/cenariosdeacucar.pt\/?s={search_term_string}"},"query-input":{"@type":"PropertyValueSpecification","valueRequired":true,"valueName":"search_term_string"}}],"inLanguage":"pt-PT"}]}},"_links":{"self":[{"href":"https:\/\/cenariosdeacucar.pt\/index.php?rest_route=\/wp\/v2\/product\/14694","targetHints":{"allow":["GET"]}}],"collection":[{"href":"https:\/\/cenariosdeacucar.pt\/index.php?rest_route=\/wp\/v2\/product"}],"about":[{"href":"https:\/\/cenariosdeacucar.pt\/index.php?rest_route=\/wp\/v2\/types\/product"}],"replies":[{"embeddable":true,"href":"https:\/\/cenariosdeacucar.pt\/index.php?rest_route=%2Fwp%2Fv2%2Fcomments&post=14694"}],"wp:featuredmedia":[{"embeddable":true,"href":"https:\/\/cenariosdeacucar.pt\/index.php?rest_route=\/wp\/v2\/media\/14696"}],"wp:attachment":[{"href":"https:\/\/cenariosdeacucar.pt\/index.php?rest_route=%2Fwp%2Fv2%2Fmedia&parent=14694"}],"wp:term":[{"taxonomy":"product_brand","embeddable":true,"href":"https:\/\/cenariosdeacucar.pt\/index.php?rest_route=%2Fwp%2Fv2%2Fproduct_brand&post=14694"},{"taxonomy":"product_cat","embeddable":true,"href":"https:\/\/cenariosdeacucar.pt\/index.php?rest_route=%2Fwp%2Fv2%2Fproduct_cat&post=14694"},{"taxonomy":"product_tag","embeddable":true,"href":"https:\/\/cenariosdeacucar.pt\/index.php?rest_route=%2Fwp%2Fv2%2Fproduct_tag&post=14694"}],"curies":[{"name":"wp","href":"https:\/\/api.w.org\/{rel}","templated":true}]}}

<p><strong>Modo de preparação: </strong>Agite bem antes de usar.</p>
<p><strong>Composição:</strong></p>
<p>Água, amido de milho, glicerina vegetal, E415, E331, E211, E133, E124. Pode causar efeitos negativos<br />
na atividade e na atenção das crianças.</p>

<p class="description">Corante em gel 100% comestível para colorir pasta de açúcar, glacê real, cremes, natas vegetais, massas de bolo, isomalt e outras criações. Também pode ser utilizado em trabalhos de pintura. Cores fortes e fascinantes.</p>
<p class="unit">Frasco 25 ml</p>

<!-- This site is optimized with the Yoast SEO plugin v27.4 - https://yoast.com/product/yoast-seo-wordpress/ -->
<title>Colours Neon Violeta - Cenários de Açucar</title>
<meta name="robots" content="index, follow, max-snippet:-1, max-image-preview:large, max-video-preview:-1" />
<link rel="canonical" href="https://cenariosdeacucar.pt/?product=colours-neon-violeta" />
<meta property="og:locale" content="pt_PT" />
<meta property="og:type" content="article" />
<meta property="og:title" content="Colours Neon Violeta - Cenários de Açucar" />
<meta property="og:description" content="Corante em gel 100% comestível para colorir pasta de açúcar, glacê real, cremes, natas vegetais, massas de bolo, isomalt e outras criações. Também pode ser utilizado em trabalhos de pintura. Cores fortes e fascinantes. Frasco 25 ml" />
<meta property="og:url" content="https://cenariosdeacucar.pt/?product=colours-neon-violeta" />
<meta property="og:site_name" content="Cenários de Açucar" />
<meta property="article:modified_time" content="2025-02-14T17:44:15+00:00" />
<meta property="og:image" content="https://cenariosdeacucar.pt/novo/wp-content/uploads/2021/08/CORNEO006_2.png" />
	<meta property="og:image:width" content="600" />
	<meta property="og:image:height" content="600" />
	<meta property="og:image:type" content="image/png" />
<meta name="twitter:card" content="summary_large_image" />
<meta name="twitter:label1" content="Tempo estimado de leitura" />
	<meta name="twitter:data1" content="1 minuto" />
<script type="application/ld+json" class="yoast-schema-graph">{"@context":"https:\/\/schema.org","@graph":[{"@type":"WebPage","@id":"https:\/\/cenariosdeacucar.pt\/?product=colours-neon-violeta","url":"https:\/\/cenariosdeacucar.pt\/?product=colours-neon-violeta","name":"Colours Neon Violeta - Cenários de Açucar","isPartOf":{"@id":"https:\/\/cenariosdeacucar.pt\/#website"},"primaryImageOfPage":{"@id":"https:\/\/cenariosdeacucar.pt\/?product=colours-neon-violeta#primaryimage"},"image":{"@id":"https:\/\/cenariosdeacucar.pt\/?product=colours-neon-violeta#primaryimage"},"thumbnailUrl":"https:\/\/cenariosdeacucar.pt\/novo\/wp-content\/uploads\/2021\/08\/CORNEO006_2.png","datePublished":"2021-08-17T15:48:59+00:00","dateModified":"2025-02-14T17:44:15+00:00","breadcrumb":{"@id":"https:\/\/cenariosdeacucar.pt\/?product=colours-neon-violeta#breadcrumb"},"inLanguage":"pt-PT","potentialAction":[{"@type":"ReadAction","target":["https:\/\/cenariosdeacucar.pt\/?product=colours-neon-violeta"]}]},{"@type":"ImageObject","inLanguage":"pt-PT","@id":"https:\/\/cenariosdeacucar.pt\/?product=colours-neon-violeta#primaryimage","url":"https:\/\/cenariosdeacucar.pt\/novo\/wp-content\/uploads\/2021\/08\/CORNEO006_2.png","contentUrl":"https:\/\/cenariosdeacucar.pt\/novo\/wp-content\/uploads\/2021\/08\/CORNEO006_2.png","width":600,"height":600},{"@type":"BreadcrumbList","@id":"https:\/\/cenariosdeacucar.pt\/?product=colours-neon-violeta#breadcrumb","itemListElement":[{"@type":"ListItem","position":1,"name":"Início","item":"https:\/\/cenariosdeacucar.pt\/"},{"@type":"ListItem","position":2,"name":"Produtos","item":"https:\/\/cenariosdeacucar.pt\/?post_type=product"},{"@type":"ListItem","position":3,"name":"Colours Neon Violeta"}]},{"@type":"WebSite","@id":"https:\/\/cenariosdeacucar.pt\/#website","url":"https:\/\/cenariosdeacucar.pt\/","name":"Cenários de Açucar","description":"Cake Design | Festas","potentialAction":[{"@type":"SearchAction","target":{"@type":"EntryPoint","urlTemplate":"https:\/\/cenariosdeacucar.pt\/?s={search_term_string}"},"query-input":{"@type":"PropertyValueSpecification","valueRequired":true,"valueName":"search_term_string"}}],"inLanguage":"pt-PT"}]}</script>
<!-- / Yoast SEO plugin. -->

Colours Neon Violeta - Cenários de Açucar

Corante em gel 100% comestível para colorir pasta de açúcar, glacê real, cremes, natas vegetais, massas de bolo, isomalt e outras criações. Também pode ser utilizado em trabalhos de pintura. Cores fortes e fascinantes. Frasco 25 ml

Cenários de Açucar

Início
