{"id":14655,"date":"2021-08-03T23:11:38","date_gmt":"2021-08-03T22:11:38","guid":{"rendered":"https:\/\/cenariosdeacucar.pt\/?post_type=product&#038;p=14655"},"modified":"2021-11-17T00:29:04","modified_gmt":"2021-11-16T23:29:04","slug":"tela-de-impressao-flocos-de-neve","status":"publish","type":"product","link":"https:\/\/cenariosdeacucar.pt\/?product=tela-de-impressao-flocos-de-neve","title":{"rendered":"Tela de Impress\u00e3o Flocos de Neve"},"content":{"rendered":"","protected":false},"excerpt":{"rendered":"<p>Tela de Impress\u00e3o de\u00a030,5X15cm para usar com Pasta de a\u00e7ucar ou chocolate<\/p>\n","protected":false},"featured_media":14657,"comment_status":"closed","ping_status":"closed","template":"","meta":[],"product_brand":[],"product_cat":[158,115,245,162,117],"product_tag":[],"class_list":{"0":"post-14655","1":"product","2":"type-product","3":"status-publish","4":"has-post-thumbnail","6":"product_cat-cakedesign","7":"product_cat-epocas-especiais","8":"product_cat-formas","9":"product_cat-moldes","10":"product_cat-natal","12":"first","13":"instock","14":"shipping-taxable","15":"purchasable","16":"product-type-simple"},"yoast_head":"<!-- This site is optimized with the Yoast SEO plugin v27.4 - https:\/\/yoast.com\/product\/yoast-seo-wordpress\/ -->\n<title>Tela de Impress\u00e3o Flocos de Neve - Cen\u00e1rios de A\u00e7ucar<\/title>\n<meta name=\"robots\" content=\"index, follow, max-snippet:-1, max-image-preview:large, max-video-preview:-1\" \/>\n<link rel=\"canonical\" href=\"https:\/\/cenariosdeacucar.pt\/?product=tela-de-impressao-flocos-de-neve\" \/>\n<meta property=\"og:locale\" content=\"pt_PT\" \/>\n<meta property=\"og:type\" content=\"article\" \/>\n<meta property=\"og:title\" content=\"Tela de Impress\u00e3o Flocos de Neve - Cen\u00e1rios de A\u00e7ucar\" \/>\n<meta property=\"og:description\" content=\"Tela de Impress\u00e3o de\u00a030,5X15cm para usar com Pasta de a\u00e7ucar ou chocolate\" \/>\n<meta property=\"og:url\" content=\"https:\/\/cenariosdeacucar.pt\/?product=tela-de-impressao-flocos-de-neve\" \/>\n<meta property=\"og:site_name\" content=\"Cen\u00e1rios de A\u00e7ucar\" \/>\n<meta property=\"article:modified_time\" content=\"2021-11-16T23:29:04+00:00\" \/>\n<meta property=\"og:image\" content=\"https:\/\/cenariosdeacucar.pt\/novo\/wp-content\/uploads\/2021\/08\/IM196-4.jpg\" \/>\n\t<meta property=\"og:image:width\" content=\"120\" \/>\n\t<meta property=\"og:image:height\" content=\"120\" \/>\n\t<meta property=\"og:image:type\" content=\"image\/jpeg\" \/>\n<meta name=\"twitter:card\" content=\"summary_large_image\" \/>\n<script type=\"application\/ld+json\" class=\"yoast-schema-graph\">{\"@context\":\"https:\\\/\\\/schema.org\",\"@graph\":[{\"@type\":\"WebPage\",\"@id\":\"https:\\\/\\\/cenariosdeacucar.pt\\\/?product=tela-de-impressao-flocos-de-neve\",\"url\":\"https:\\\/\\\/cenariosdeacucar.pt\\\/?product=tela-de-impressao-flocos-de-neve\",\"name\":\"Tela de Impress\u00e3o Flocos de Neve - Cen\u00e1rios de A\u00e7ucar\",\"isPartOf\":{\"@id\":\"https:\\\/\\\/cenariosdeacucar.pt\\\/#website\"},\"primaryImageOfPage\":{\"@id\":\"https:\\\/\\\/cenariosdeacucar.pt\\\/?product=tela-de-impressao-flocos-de-neve#primaryimage\"},\"image\":{\"@id\":\"https:\\\/\\\/cenariosdeacucar.pt\\\/?product=tela-de-impressao-flocos-de-neve#primaryimage\"},\"thumbnailUrl\":\"https:\\\/\\\/cenariosdeacucar.pt\\\/novo\\\/wp-content\\\/uploads\\\/2021\\\/08\\\/IM196-4.jpg\",\"datePublished\":\"2021-08-03T22:11:38+00:00\",\"dateModified\":\"2021-11-16T23:29:04+00:00\",\"breadcrumb\":{\"@id\":\"https:\\\/\\\/cenariosdeacucar.pt\\\/?product=tela-de-impressao-flocos-de-neve#breadcrumb\"},\"inLanguage\":\"pt-PT\",\"potentialAction\":[{\"@type\":\"ReadAction\",\"target\":[\"https:\\\/\\\/cenariosdeacucar.pt\\\/?product=tela-de-impressao-flocos-de-neve\"]}]},{\"@type\":\"ImageObject\",\"inLanguage\":\"pt-PT\",\"@id\":\"https:\\\/\\\/cenariosdeacucar.pt\\\/?product=tela-de-impressao-flocos-de-neve#primaryimage\",\"url\":\"https:\\\/\\\/cenariosdeacucar.pt\\\/novo\\\/wp-content\\\/uploads\\\/2021\\\/08\\\/IM196-4.jpg\",\"contentUrl\":\"https:\\\/\\\/cenariosdeacucar.pt\\\/novo\\\/wp-content\\\/uploads\\\/2021\\\/08\\\/IM196-4.jpg\",\"width\":120,\"height\":120},{\"@type\":\"BreadcrumbList\",\"@id\":\"https:\\\/\\\/cenariosdeacucar.pt\\\/?product=tela-de-impressao-flocos-de-neve#breadcrumb\",\"itemListElement\":[{\"@type\":\"ListItem\",\"position\":1,\"name\":\"In\u00edcio\",\"item\":\"https:\\\/\\\/cenariosdeacucar.pt\\\/\"},{\"@type\":\"ListItem\",\"position\":2,\"name\":\"Produtos\",\"item\":\"https:\\\/\\\/cenariosdeacucar.pt\\\/?post_type=product\"},{\"@type\":\"ListItem\",\"position\":3,\"name\":\"Tela de Impress\u00e3o Flocos de Neve\"}]},{\"@type\":\"WebSite\",\"@id\":\"https:\\\/\\\/cenariosdeacucar.pt\\\/#website\",\"url\":\"https:\\\/\\\/cenariosdeacucar.pt\\\/\",\"name\":\"Cen\u00e1rios de A\u00e7ucar\",\"description\":\"Cake Design | Festas\",\"potentialAction\":[{\"@type\":\"SearchAction\",\"target\":{\"@type\":\"EntryPoint\",\"urlTemplate\":\"https:\\\/\\\/cenariosdeacucar.pt\\\/?s={search_term_string}\"},\"query-input\":{\"@type\":\"PropertyValueSpecification\",\"valueRequired\":true,\"valueName\":\"search_term_string\"}}],\"inLanguage\":\"pt-PT\"}]}<\/script>\n<!-- \/ Yoast SEO plugin. -->","yoast_head_json":{"title":"Tela de Impress\u00e3o Flocos de Neve - Cen\u00e1rios de A\u00e7ucar","robots":{"index":"index","follow":"follow","max-snippet":"max-snippet:-1","max-image-preview":"max-image-preview:large","max-video-preview":"max-video-preview:-1"},"canonical":"https:\/\/cenariosdeacucar.pt\/?product=tela-de-impressao-flocos-de-neve","og_locale":"pt_PT","og_type":"article","og_title":"Tela de Impress\u00e3o Flocos de Neve - Cen\u00e1rios de A\u00e7ucar","og_description":"Tela de Impress\u00e3o de\u00a030,5X15cm para usar com Pasta de a\u00e7ucar ou chocolate","og_url":"https:\/\/cenariosdeacucar.pt\/?product=tela-de-impressao-flocos-de-neve","og_site_name":"Cen\u00e1rios de A\u00e7ucar","article_modified_time":"2021-11-16T23:29:04+00:00","og_image":[{"width":120,"height":120,"url":"https:\/\/cenariosdeacucar.pt\/novo\/wp-content\/uploads\/2021\/08\/IM196-4.jpg","type":"image\/jpeg"}],"twitter_card":"summary_large_image","schema":{"@context":"https:\/\/schema.org","@graph":[{"@type":"WebPage","@id":"https:\/\/cenariosdeacucar.pt\/?product=tela-de-impressao-flocos-de-neve","url":"https:\/\/cenariosdeacucar.pt\/?product=tela-de-impressao-flocos-de-neve","name":"Tela de Impress\u00e3o Flocos de Neve - Cen\u00e1rios de A\u00e7ucar","isPartOf":{"@id":"https:\/\/cenariosdeacucar.pt\/#website"},"primaryImageOfPage":{"@id":"https:\/\/cenariosdeacucar.pt\/?product=tela-de-impressao-flocos-de-neve#primaryimage"},"image":{"@id":"https:\/\/cenariosdeacucar.pt\/?product=tela-de-impressao-flocos-de-neve#primaryimage"},"thumbnailUrl":"https:\/\/cenariosdeacucar.pt\/novo\/wp-content\/uploads\/2021\/08\/IM196-4.jpg","datePublished":"2021-08-03T22:11:38+00:00","dateModified":"2021-11-16T23:29:04+00:00","breadcrumb":{"@id":"https:\/\/cenariosdeacucar.pt\/?product=tela-de-impressao-flocos-de-neve#breadcrumb"},"inLanguage":"pt-PT","potentialAction":[{"@type":"ReadAction","target":["https:\/\/cenariosdeacucar.pt\/?product=tela-de-impressao-flocos-de-neve"]}]},{"@type":"ImageObject","inLanguage":"pt-PT","@id":"https:\/\/cenariosdeacucar.pt\/?product=tela-de-impressao-flocos-de-neve#primaryimage","url":"https:\/\/cenariosdeacucar.pt\/novo\/wp-content\/uploads\/2021\/08\/IM196-4.jpg","contentUrl":"https:\/\/cenariosdeacucar.pt\/novo\/wp-content\/uploads\/2021\/08\/IM196-4.jpg","width":120,"height":120},{"@type":"BreadcrumbList","@id":"https:\/\/cenariosdeacucar.pt\/?product=tela-de-impressao-flocos-de-neve#breadcrumb","itemListElement":[{"@type":"ListItem","position":1,"name":"In\u00edcio","item":"https:\/\/cenariosdeacucar.pt\/"},{"@type":"ListItem","position":2,"name":"Produtos","item":"https:\/\/cenariosdeacucar.pt\/?post_type=product"},{"@type":"ListItem","position":3,"name":"Tela de Impress\u00e3o Flocos de Neve"}]},{"@type":"WebSite","@id":"https:\/\/cenariosdeacucar.pt\/#website","url":"https:\/\/cenariosdeacucar.pt\/","name":"Cen\u00e1rios de A\u00e7ucar","description":"Cake Design | Festas","potentialAction":[{"@type":"SearchAction","target":{"@type":"EntryPoint","urlTemplate":"https:\/\/cenariosdeacucar.pt\/?s={search_term_string}"},"query-input":{"@type":"PropertyValueSpecification","valueRequired":true,"valueName":"search_term_string"}}],"inLanguage":"pt-PT"}]}},"_links":{"self":[{"href":"https:\/\/cenariosdeacucar.pt\/index.php?rest_route=\/wp\/v2\/product\/14655","targetHints":{"allow":["GET"]}}],"collection":[{"href":"https:\/\/cenariosdeacucar.pt\/index.php?rest_route=\/wp\/v2\/product"}],"about":[{"href":"https:\/\/cenariosdeacucar.pt\/index.php?rest_route=\/wp\/v2\/types\/product"}],"replies":[{"embeddable":true,"href":"https:\/\/cenariosdeacucar.pt\/index.php?rest_route=%2Fwp%2Fv2%2Fcomments&post=14655"}],"wp:featuredmedia":[{"embeddable":true,"href":"https:\/\/cenariosdeacucar.pt\/index.php?rest_route=\/wp\/v2\/media\/14657"}],"wp:attachment":[{"href":"https:\/\/cenariosdeacucar.pt\/index.php?rest_route=%2Fwp%2Fv2%2Fmedia&parent=14655"}],"wp:term":[{"taxonomy":"product_brand","embeddable":true,"href":"https:\/\/cenariosdeacucar.pt\/index.php?rest_route=%2Fwp%2Fv2%2Fproduct_brand&post=14655"},{"taxonomy":"product_cat","embeddable":true,"href":"https:\/\/cenariosdeacucar.pt\/index.php?rest_route=%2Fwp%2Fv2%2Fproduct_cat&post=14655"},{"taxonomy":"product_tag","embeddable":true,"href":"https:\/\/cenariosdeacucar.pt\/index.php?rest_route=%2Fwp%2Fv2%2Fproduct_tag&post=14655"}],"curies":[{"name":"wp","href":"https:\/\/api.w.org\/{rel}","templated":true}]}}

Tela de Impressão Flocos de Neve

<p>Tela de Impressão de 30,5X15cm para usar com Pasta de açucar ou chocolate</p>

<!-- This site is optimized with the Yoast SEO plugin v27.4 - https://yoast.com/product/yoast-seo-wordpress/ -->
<title>Tela de Impressão Flocos de Neve - Cenários de Açucar</title>
<meta name="robots" content="index, follow, max-snippet:-1, max-image-preview:large, max-video-preview:-1" />
<link rel="canonical" href="https://cenariosdeacucar.pt/?product=tela-de-impressao-flocos-de-neve" />
<meta property="og:locale" content="pt_PT" />
<meta property="og:type" content="article" />
<meta property="og:title" content="Tela de Impressão Flocos de Neve - Cenários de Açucar" />
<meta property="og:description" content="Tela de Impressão de 30,5X15cm para usar com Pasta de açucar ou chocolate" />
<meta property="og:url" content="https://cenariosdeacucar.pt/?product=tela-de-impressao-flocos-de-neve" />
<meta property="og:site_name" content="Cenários de Açucar" />
<meta property="article:modified_time" content="2021-11-16T23:29:04+00:00" />
<meta property="og:image" content="https://cenariosdeacucar.pt/novo/wp-content/uploads/2021/08/IM196-4.jpg" />
	<meta property="og:image:width" content="120" />
	<meta property="og:image:height" content="120" />
	<meta property="og:image:type" content="image/jpeg" />
<meta name="twitter:card" content="summary_large_image" />
<script type="application/ld+json" class="yoast-schema-graph">{"@context":"https:\/\/schema.org","@graph":[{"@type":"WebPage","@id":"https:\/\/cenariosdeacucar.pt\/?product=tela-de-impressao-flocos-de-neve","url":"https:\/\/cenariosdeacucar.pt\/?product=tela-de-impressao-flocos-de-neve","name":"Tela de Impressão Flocos de Neve - Cenários de Açucar","isPartOf":{"@id":"https:\/\/cenariosdeacucar.pt\/#website"},"primaryImageOfPage":{"@id":"https:\/\/cenariosdeacucar.pt\/?product=tela-de-impressao-flocos-de-neve#primaryimage"},"image":{"@id":"https:\/\/cenariosdeacucar.pt\/?product=tela-de-impressao-flocos-de-neve#primaryimage"},"thumbnailUrl":"https:\/\/cenariosdeacucar.pt\/novo\/wp-content\/uploads\/2021\/08\/IM196-4.jpg","datePublished":"2021-08-03T22:11:38+00:00","dateModified":"2021-11-16T23:29:04+00:00","breadcrumb":{"@id":"https:\/\/cenariosdeacucar.pt\/?product=tela-de-impressao-flocos-de-neve#breadcrumb"},"inLanguage":"pt-PT","potentialAction":[{"@type":"ReadAction","target":["https:\/\/cenariosdeacucar.pt\/?product=tela-de-impressao-flocos-de-neve"]}]},{"@type":"ImageObject","inLanguage":"pt-PT","@id":"https:\/\/cenariosdeacucar.pt\/?product=tela-de-impressao-flocos-de-neve#primaryimage","url":"https:\/\/cenariosdeacucar.pt\/novo\/wp-content\/uploads\/2021\/08\/IM196-4.jpg","contentUrl":"https:\/\/cenariosdeacucar.pt\/novo\/wp-content\/uploads\/2021\/08\/IM196-4.jpg","width":120,"height":120},{"@type":"BreadcrumbList","@id":"https:\/\/cenariosdeacucar.pt\/?product=tela-de-impressao-flocos-de-neve#breadcrumb","itemListElement":[{"@type":"ListItem","position":1,"name":"Início","item":"https:\/\/cenariosdeacucar.pt\/"},{"@type":"ListItem","position":2,"name":"Produtos","item":"https:\/\/cenariosdeacucar.pt\/?post_type=product"},{"@type":"ListItem","position":3,"name":"Tela de Impressão Flocos de Neve"}]},{"@type":"WebSite","@id":"https:\/\/cenariosdeacucar.pt\/#website","url":"https:\/\/cenariosdeacucar.pt\/","name":"Cenários de Açucar","description":"Cake Design | Festas","potentialAction":[{"@type":"SearchAction","target":{"@type":"EntryPoint","urlTemplate":"https:\/\/cenariosdeacucar.pt\/?s={search_term_string}"},"query-input":{"@type":"PropertyValueSpecification","valueRequired":true,"valueName":"search_term_string"}}],"inLanguage":"pt-PT"}]}</script>
<!-- / Yoast SEO plugin. -->

Tela de Impressão Flocos de Neve - Cenários de Açucar

Tela de Impressão de 30,5X15cm para usar com Pasta de açucar ou chocolate

Cenários de Açucar

Início
