{"id":14592,"date":"2021-07-11T10:19:23","date_gmt":"2021-07-11T09:19:23","guid":{"rendered":"https:\/\/cenariosdeacucar.pt\/?post_type=product&#038;p=14592"},"modified":"2022-03-22T19:47:11","modified_gmt":"2022-03-22T18:47:11","slug":"balao-pomba-branca-foil-77-x-66-cm","status":"publish","type":"product","link":"https:\/\/cenariosdeacucar.pt\/?product=balao-pomba-branca-foil-77-x-66-cm","title":{"rendered":"Bal\u00e3o Pomba Branca Foil, 77 x 66 cm"},"content":{"rendered":"","protected":false},"excerpt":{"rendered":"<p>Este bal\u00e3o \u00e9 ideal para a decora\u00e7\u00e3o de uma festa de batizado ou de anivers\u00e1rio. \u00c9 elegante e divertido.<\/p>\n<p><b>Este artigo pode ser cheio com ar ou h\u00e9lio.<\/b><\/p>\n<div class=\" \">\n<div id=\"characts\" class=\"winsig_product_detail_features\">\n<div class=\"caption\">\n<div class=\"feature_field\"><label>Dimens\u00e3o:<\/label>77 x 66 Cm<\/div>\n<div class=\"feature_field\"><label>Material:<\/label>Foil<\/div>\n<\/div>\n<\/div>\n<\/div>\n","protected":false},"featured_media":14595,"comment_status":"closed","ping_status":"closed","template":"","meta":[],"product_brand":[],"product_cat":[107,112,119,122,115],"product_tag":[],"class_list":{"0":"post-14592","1":"product","2":"type-product","3":"status-publish","4":"has-post-thumbnail","6":"product_cat-baloes","7":"product_cat-baloes-foil","8":"product_cat-batizados","9":"product_cat-comunhoes","10":"product_cat-epocas-especiais","12":"first","13":"instock","14":"shipping-taxable","15":"purchasable","16":"product-type-simple"},"yoast_head":"<!-- This site is optimized with the Yoast SEO plugin v27.4 - https:\/\/yoast.com\/product\/yoast-seo-wordpress\/ -->\n<title>Bal\u00e3o Pomba Branca Foil, 77 x 66 cm - Cen\u00e1rios de A\u00e7ucar<\/title>\n<meta name=\"robots\" content=\"index, follow, max-snippet:-1, max-image-preview:large, max-video-preview:-1\" \/>\n<link rel=\"canonical\" href=\"https:\/\/cenariosdeacucar.pt\/?product=balao-pomba-branca-foil-77-x-66-cm\" \/>\n<meta property=\"og:locale\" content=\"pt_PT\" \/>\n<meta property=\"og:type\" content=\"article\" \/>\n<meta property=\"og:title\" content=\"Bal\u00e3o Pomba Branca Foil, 77 x 66 cm - Cen\u00e1rios de A\u00e7ucar\" \/>\n<meta property=\"og:description\" content=\"Este bal\u00e3o \u00e9 ideal para a decora\u00e7\u00e3o de uma festa de batizado ou de anivers\u00e1rio. \u00c9 elegante e divertido.  Este artigo pode ser cheio com ar ou h\u00e9lio.    Dimens\u00e3o:77 x 66 Cm Material:Foil\" \/>\n<meta property=\"og:url\" content=\"https:\/\/cenariosdeacucar.pt\/?product=balao-pomba-branca-foil-77-x-66-cm\" \/>\n<meta property=\"og:site_name\" content=\"Cen\u00e1rios de A\u00e7ucar\" \/>\n<meta property=\"article:modified_time\" content=\"2022-03-22T18:47:11+00:00\" \/>\n<meta property=\"og:image\" content=\"https:\/\/cenariosdeacucar.pt\/novo\/wp-content\/uploads\/2021\/07\/BALAO-POMBA-BRANCA-FOIL-77-X-66-CM-17592_l.png\" \/>\n\t<meta property=\"og:image:width\" content=\"1024\" \/>\n\t<meta property=\"og:image:height\" content=\"1024\" \/>\n\t<meta property=\"og:image:type\" content=\"image\/png\" \/>\n<meta name=\"twitter:card\" content=\"summary_large_image\" \/>\n<script type=\"application\/ld+json\" class=\"yoast-schema-graph\">{\"@context\":\"https:\\\/\\\/schema.org\",\"@graph\":[{\"@type\":\"WebPage\",\"@id\":\"https:\\\/\\\/cenariosdeacucar.pt\\\/?product=balao-pomba-branca-foil-77-x-66-cm\",\"url\":\"https:\\\/\\\/cenariosdeacucar.pt\\\/?product=balao-pomba-branca-foil-77-x-66-cm\",\"name\":\"Bal\u00e3o Pomba Branca Foil, 77 x 66 cm - Cen\u00e1rios de A\u00e7ucar\",\"isPartOf\":{\"@id\":\"https:\\\/\\\/cenariosdeacucar.pt\\\/#website\"},\"primaryImageOfPage\":{\"@id\":\"https:\\\/\\\/cenariosdeacucar.pt\\\/?product=balao-pomba-branca-foil-77-x-66-cm#primaryimage\"},\"image\":{\"@id\":\"https:\\\/\\\/cenariosdeacucar.pt\\\/?product=balao-pomba-branca-foil-77-x-66-cm#primaryimage\"},\"thumbnailUrl\":\"https:\\\/\\\/cenariosdeacucar.pt\\\/novo\\\/wp-content\\\/uploads\\\/2021\\\/07\\\/BALAO-POMBA-BRANCA-FOIL-77-X-66-CM-17592_l.png\",\"datePublished\":\"2021-07-11T09:19:23+00:00\",\"dateModified\":\"2022-03-22T18:47:11+00:00\",\"breadcrumb\":{\"@id\":\"https:\\\/\\\/cenariosdeacucar.pt\\\/?product=balao-pomba-branca-foil-77-x-66-cm#breadcrumb\"},\"inLanguage\":\"pt-PT\",\"potentialAction\":[{\"@type\":\"ReadAction\",\"target\":[\"https:\\\/\\\/cenariosdeacucar.pt\\\/?product=balao-pomba-branca-foil-77-x-66-cm\"]}]},{\"@type\":\"ImageObject\",\"inLanguage\":\"pt-PT\",\"@id\":\"https:\\\/\\\/cenariosdeacucar.pt\\\/?product=balao-pomba-branca-foil-77-x-66-cm#primaryimage\",\"url\":\"https:\\\/\\\/cenariosdeacucar.pt\\\/novo\\\/wp-content\\\/uploads\\\/2021\\\/07\\\/BALAO-POMBA-BRANCA-FOIL-77-X-66-CM-17592_l.png\",\"contentUrl\":\"https:\\\/\\\/cenariosdeacucar.pt\\\/novo\\\/wp-content\\\/uploads\\\/2021\\\/07\\\/BALAO-POMBA-BRANCA-FOIL-77-X-66-CM-17592_l.png\",\"width\":1024,\"height\":1024},{\"@type\":\"BreadcrumbList\",\"@id\":\"https:\\\/\\\/cenariosdeacucar.pt\\\/?product=balao-pomba-branca-foil-77-x-66-cm#breadcrumb\",\"itemListElement\":[{\"@type\":\"ListItem\",\"position\":1,\"name\":\"In\u00edcio\",\"item\":\"https:\\\/\\\/cenariosdeacucar.pt\\\/\"},{\"@type\":\"ListItem\",\"position\":2,\"name\":\"Produtos\",\"item\":\"https:\\\/\\\/cenariosdeacucar.pt\\\/?post_type=product\"},{\"@type\":\"ListItem\",\"position\":3,\"name\":\"Bal\u00e3o Pomba Branca Foil, 77 x 66 cm\"}]},{\"@type\":\"WebSite\",\"@id\":\"https:\\\/\\\/cenariosdeacucar.pt\\\/#website\",\"url\":\"https:\\\/\\\/cenariosdeacucar.pt\\\/\",\"name\":\"Cen\u00e1rios de A\u00e7ucar\",\"description\":\"Cake Design | Festas\",\"potentialAction\":[{\"@type\":\"SearchAction\",\"target\":{\"@type\":\"EntryPoint\",\"urlTemplate\":\"https:\\\/\\\/cenariosdeacucar.pt\\\/?s={search_term_string}\"},\"query-input\":{\"@type\":\"PropertyValueSpecification\",\"valueRequired\":true,\"valueName\":\"search_term_string\"}}],\"inLanguage\":\"pt-PT\"}]}<\/script>\n<!-- \/ Yoast SEO plugin. -->","yoast_head_json":{"title":"Bal\u00e3o Pomba Branca Foil, 77 x 66 cm - Cen\u00e1rios de A\u00e7ucar","robots":{"index":"index","follow":"follow","max-snippet":"max-snippet:-1","max-image-preview":"max-image-preview:large","max-video-preview":"max-video-preview:-1"},"canonical":"https:\/\/cenariosdeacucar.pt\/?product=balao-pomba-branca-foil-77-x-66-cm","og_locale":"pt_PT","og_type":"article","og_title":"Bal\u00e3o Pomba Branca Foil, 77 x 66 cm - Cen\u00e1rios de A\u00e7ucar","og_description":"Este bal\u00e3o \u00e9 ideal para a decora\u00e7\u00e3o de uma festa de batizado ou de anivers\u00e1rio. \u00c9 elegante e divertido.  Este artigo pode ser cheio com ar ou h\u00e9lio.    Dimens\u00e3o:77 x 66 Cm Material:Foil","og_url":"https:\/\/cenariosdeacucar.pt\/?product=balao-pomba-branca-foil-77-x-66-cm","og_site_name":"Cen\u00e1rios de A\u00e7ucar","article_modified_time":"2022-03-22T18:47:11+00:00","og_image":[{"width":1024,"height":1024,"url":"https:\/\/cenariosdeacucar.pt\/novo\/wp-content\/uploads\/2021\/07\/BALAO-POMBA-BRANCA-FOIL-77-X-66-CM-17592_l.png","type":"image\/png"}],"twitter_card":"summary_large_image","schema":{"@context":"https:\/\/schema.org","@graph":[{"@type":"WebPage","@id":"https:\/\/cenariosdeacucar.pt\/?product=balao-pomba-branca-foil-77-x-66-cm","url":"https:\/\/cenariosdeacucar.pt\/?product=balao-pomba-branca-foil-77-x-66-cm","name":"Bal\u00e3o Pomba Branca Foil, 77 x 66 cm - Cen\u00e1rios de A\u00e7ucar","isPartOf":{"@id":"https:\/\/cenariosdeacucar.pt\/#website"},"primaryImageOfPage":{"@id":"https:\/\/cenariosdeacucar.pt\/?product=balao-pomba-branca-foil-77-x-66-cm#primaryimage"},"image":{"@id":"https:\/\/cenariosdeacucar.pt\/?product=balao-pomba-branca-foil-77-x-66-cm#primaryimage"},"thumbnailUrl":"https:\/\/cenariosdeacucar.pt\/novo\/wp-content\/uploads\/2021\/07\/BALAO-POMBA-BRANCA-FOIL-77-X-66-CM-17592_l.png","datePublished":"2021-07-11T09:19:23+00:00","dateModified":"2022-03-22T18:47:11+00:00","breadcrumb":{"@id":"https:\/\/cenariosdeacucar.pt\/?product=balao-pomba-branca-foil-77-x-66-cm#breadcrumb"},"inLanguage":"pt-PT","potentialAction":[{"@type":"ReadAction","target":["https:\/\/cenariosdeacucar.pt\/?product=balao-pomba-branca-foil-77-x-66-cm"]}]},{"@type":"ImageObject","inLanguage":"pt-PT","@id":"https:\/\/cenariosdeacucar.pt\/?product=balao-pomba-branca-foil-77-x-66-cm#primaryimage","url":"https:\/\/cenariosdeacucar.pt\/novo\/wp-content\/uploads\/2021\/07\/BALAO-POMBA-BRANCA-FOIL-77-X-66-CM-17592_l.png","contentUrl":"https:\/\/cenariosdeacucar.pt\/novo\/wp-content\/uploads\/2021\/07\/BALAO-POMBA-BRANCA-FOIL-77-X-66-CM-17592_l.png","width":1024,"height":1024},{"@type":"BreadcrumbList","@id":"https:\/\/cenariosdeacucar.pt\/?product=balao-pomba-branca-foil-77-x-66-cm#breadcrumb","itemListElement":[{"@type":"ListItem","position":1,"name":"In\u00edcio","item":"https:\/\/cenariosdeacucar.pt\/"},{"@type":"ListItem","position":2,"name":"Produtos","item":"https:\/\/cenariosdeacucar.pt\/?post_type=product"},{"@type":"ListItem","position":3,"name":"Bal\u00e3o Pomba Branca Foil, 77 x 66 cm"}]},{"@type":"WebSite","@id":"https:\/\/cenariosdeacucar.pt\/#website","url":"https:\/\/cenariosdeacucar.pt\/","name":"Cen\u00e1rios de A\u00e7ucar","description":"Cake Design | Festas","potentialAction":[{"@type":"SearchAction","target":{"@type":"EntryPoint","urlTemplate":"https:\/\/cenariosdeacucar.pt\/?s={search_term_string}"},"query-input":{"@type":"PropertyValueSpecification","valueRequired":true,"valueName":"search_term_string"}}],"inLanguage":"pt-PT"}]}},"_links":{"self":[{"href":"https:\/\/cenariosdeacucar.pt\/index.php?rest_route=\/wp\/v2\/product\/14592","targetHints":{"allow":["GET"]}}],"collection":[{"href":"https:\/\/cenariosdeacucar.pt\/index.php?rest_route=\/wp\/v2\/product"}],"about":[{"href":"https:\/\/cenariosdeacucar.pt\/index.php?rest_route=\/wp\/v2\/types\/product"}],"replies":[{"embeddable":true,"href":"https:\/\/cenariosdeacucar.pt\/index.php?rest_route=%2Fwp%2Fv2%2Fcomments&post=14592"}],"wp:featuredmedia":[{"embeddable":true,"href":"https:\/\/cenariosdeacucar.pt\/index.php?rest_route=\/wp\/v2\/media\/14595"}],"wp:attachment":[{"href":"https:\/\/cenariosdeacucar.pt\/index.php?rest_route=%2Fwp%2Fv2%2Fmedia&parent=14592"}],"wp:term":[{"taxonomy":"product_brand","embeddable":true,"href":"https:\/\/cenariosdeacucar.pt\/index.php?rest_route=%2Fwp%2Fv2%2Fproduct_brand&post=14592"},{"taxonomy":"product_cat","embeddable":true,"href":"https:\/\/cenariosdeacucar.pt\/index.php?rest_route=%2Fwp%2Fv2%2Fproduct_cat&post=14592"},{"taxonomy":"product_tag","embeddable":true,"href":"https:\/\/cenariosdeacucar.pt\/index.php?rest_route=%2Fwp%2Fv2%2Fproduct_tag&post=14592"}],"curies":[{"name":"wp","href":"https:\/\/api.w.org\/{rel}","templated":true}]}}