{"id":14370,"date":"2021-06-25T00:19:23","date_gmt":"2021-06-24T23:19:23","guid":{"rendered":"https:\/\/cenariosdeacucar.pt\/novo\/?post_type=product&#038;p=14370"},"modified":"2024-07-10T13:00:22","modified_gmt":"2024-07-10T12:00:22","slug":"velas-foguete-luminoso-dourado-15cm-conj-2","status":"publish","type":"product","link":"https:\/\/cenariosdeacucar.pt\/?product=velas-foguete-luminoso-dourado-15cm-conj-2","title":{"rendered":"Velas Foguete Luminoso Dourado 15cm \u2013 Conj.2"},"content":{"rendered":"<p>Dura\u00e7\u00e3o aproximadamente de\u00a0\u00a0<em>40 segundos\u00a0<\/em><strong><br \/>\n<\/strong>Ficam \u00f3timas em qualquer bolo para\u00a0\u00a0<em>anivers\u00e1rios, comunh\u00f5es, etc.<\/em><\/p>\n","protected":false},"excerpt":{"rendered":"<p>Dura\u00e7\u00e3o aproximadamente de\u00a0\u00a040 segundos\u00a0 Ficam \u00f3timas em qualquer bolo para\u00a0\u00a0anivers\u00e1rios, comunh\u00f5es, etc.<\/p>\n","protected":false},"featured_media":14371,"comment_status":"closed","ping_status":"closed","template":"","meta":[],"product_brand":[],"product_cat":[121,174,115,176],"product_tag":[],"class_list":{"0":"post-14370","1":"product","2":"type-product","3":"status-publish","4":"has-post-thumbnail","6":"product_cat-ano-novo","7":"product_cat-decoracao","8":"product_cat-epocas-especiais","9":"product_cat-velas","11":"first","12":"instock","13":"shipping-taxable","14":"purchasable","15":"product-type-simple"},"yoast_head":"<!-- This site is optimized with the Yoast SEO plugin v27.4 - https:\/\/yoast.com\/product\/yoast-seo-wordpress\/ -->\n<title>Velas Foguete Luminoso Dourado 15cm \u2013 Conj.2 - Cen\u00e1rios de A\u00e7ucar<\/title>\n<meta name=\"robots\" content=\"index, follow, max-snippet:-1, max-image-preview:large, max-video-preview:-1\" \/>\n<link rel=\"canonical\" href=\"https:\/\/cenariosdeacucar.pt\/?product=velas-foguete-luminoso-dourado-15cm-conj-2\" \/>\n<meta property=\"og:locale\" content=\"pt_PT\" \/>\n<meta property=\"og:type\" content=\"article\" \/>\n<meta property=\"og:title\" content=\"Velas Foguete Luminoso Dourado 15cm \u2013 Conj.2 - Cen\u00e1rios de A\u00e7ucar\" \/>\n<meta property=\"og:description\" content=\"Dura\u00e7\u00e3o aproximadamente de\u00a0\u00a040 segundos\u00a0 Ficam \u00f3timas em qualquer bolo para\u00a0\u00a0anivers\u00e1rios, comunh\u00f5es, etc.\" \/>\n<meta property=\"og:url\" content=\"https:\/\/cenariosdeacucar.pt\/?product=velas-foguete-luminoso-dourado-15cm-conj-2\" \/>\n<meta property=\"og:site_name\" content=\"Cen\u00e1rios de A\u00e7ucar\" \/>\n<meta property=\"article:modified_time\" content=\"2024-07-10T12:00:22+00:00\" \/>\n<meta property=\"og:image\" content=\"https:\/\/cenariosdeacucar.pt\/novo\/wp-content\/uploads\/2021\/06\/products-bengala_pack2_345022_l-680x680-1.png\" \/>\n\t<meta property=\"og:image:width\" content=\"680\" \/>\n\t<meta property=\"og:image:height\" content=\"680\" \/>\n\t<meta property=\"og:image:type\" content=\"image\/png\" \/>\n<meta name=\"twitter:card\" content=\"summary_large_image\" \/>\n<meta name=\"twitter:label1\" content=\"Tempo estimado de leitura\" \/>\n\t<meta name=\"twitter:data1\" content=\"1 minuto\" \/>\n<script type=\"application\/ld+json\" class=\"yoast-schema-graph\">{\"@context\":\"https:\\\/\\\/schema.org\",\"@graph\":[{\"@type\":\"WebPage\",\"@id\":\"https:\\\/\\\/cenariosdeacucar.pt\\\/?product=velas-foguete-luminoso-dourado-15cm-conj-2\",\"url\":\"https:\\\/\\\/cenariosdeacucar.pt\\\/?product=velas-foguete-luminoso-dourado-15cm-conj-2\",\"name\":\"Velas Foguete Luminoso Dourado 15cm \u2013 Conj.2 - Cen\u00e1rios de A\u00e7ucar\",\"isPartOf\":{\"@id\":\"https:\\\/\\\/cenariosdeacucar.pt\\\/#website\"},\"primaryImageOfPage\":{\"@id\":\"https:\\\/\\\/cenariosdeacucar.pt\\\/?product=velas-foguete-luminoso-dourado-15cm-conj-2#primaryimage\"},\"image\":{\"@id\":\"https:\\\/\\\/cenariosdeacucar.pt\\\/?product=velas-foguete-luminoso-dourado-15cm-conj-2#primaryimage\"},\"thumbnailUrl\":\"https:\\\/\\\/cenariosdeacucar.pt\\\/novo\\\/wp-content\\\/uploads\\\/2021\\\/06\\\/products-bengala_pack2_345022_l-680x680-1.png\",\"datePublished\":\"2021-06-24T23:19:23+00:00\",\"dateModified\":\"2024-07-10T12:00:22+00:00\",\"breadcrumb\":{\"@id\":\"https:\\\/\\\/cenariosdeacucar.pt\\\/?product=velas-foguete-luminoso-dourado-15cm-conj-2#breadcrumb\"},\"inLanguage\":\"pt-PT\",\"potentialAction\":[{\"@type\":\"ReadAction\",\"target\":[\"https:\\\/\\\/cenariosdeacucar.pt\\\/?product=velas-foguete-luminoso-dourado-15cm-conj-2\"]}]},{\"@type\":\"ImageObject\",\"inLanguage\":\"pt-PT\",\"@id\":\"https:\\\/\\\/cenariosdeacucar.pt\\\/?product=velas-foguete-luminoso-dourado-15cm-conj-2#primaryimage\",\"url\":\"https:\\\/\\\/cenariosdeacucar.pt\\\/novo\\\/wp-content\\\/uploads\\\/2021\\\/06\\\/products-bengala_pack2_345022_l-680x680-1.png\",\"contentUrl\":\"https:\\\/\\\/cenariosdeacucar.pt\\\/novo\\\/wp-content\\\/uploads\\\/2021\\\/06\\\/products-bengala_pack2_345022_l-680x680-1.png\",\"width\":680,\"height\":680},{\"@type\":\"BreadcrumbList\",\"@id\":\"https:\\\/\\\/cenariosdeacucar.pt\\\/?product=velas-foguete-luminoso-dourado-15cm-conj-2#breadcrumb\",\"itemListElement\":[{\"@type\":\"ListItem\",\"position\":1,\"name\":\"In\u00edcio\",\"item\":\"https:\\\/\\\/cenariosdeacucar.pt\\\/\"},{\"@type\":\"ListItem\",\"position\":2,\"name\":\"Produtos\",\"item\":\"https:\\\/\\\/cenariosdeacucar.pt\\\/?post_type=product\"},{\"@type\":\"ListItem\",\"position\":3,\"name\":\"Velas Foguete Luminoso Dourado 15cm \u2013 Conj.2\"}]},{\"@type\":\"WebSite\",\"@id\":\"https:\\\/\\\/cenariosdeacucar.pt\\\/#website\",\"url\":\"https:\\\/\\\/cenariosdeacucar.pt\\\/\",\"name\":\"Cen\u00e1rios de A\u00e7ucar\",\"description\":\"Cake Design | Festas\",\"potentialAction\":[{\"@type\":\"SearchAction\",\"target\":{\"@type\":\"EntryPoint\",\"urlTemplate\":\"https:\\\/\\\/cenariosdeacucar.pt\\\/?s={search_term_string}\"},\"query-input\":{\"@type\":\"PropertyValueSpecification\",\"valueRequired\":true,\"valueName\":\"search_term_string\"}}],\"inLanguage\":\"pt-PT\"}]}<\/script>\n<!-- \/ Yoast SEO plugin. -->","yoast_head_json":{"title":"Velas Foguete Luminoso Dourado 15cm \u2013 Conj.2 - Cen\u00e1rios de A\u00e7ucar","robots":{"index":"index","follow":"follow","max-snippet":"max-snippet:-1","max-image-preview":"max-image-preview:large","max-video-preview":"max-video-preview:-1"},"canonical":"https:\/\/cenariosdeacucar.pt\/?product=velas-foguete-luminoso-dourado-15cm-conj-2","og_locale":"pt_PT","og_type":"article","og_title":"Velas Foguete Luminoso Dourado 15cm \u2013 Conj.2 - Cen\u00e1rios de A\u00e7ucar","og_description":"Dura\u00e7\u00e3o aproximadamente de\u00a0\u00a040 segundos\u00a0 Ficam \u00f3timas em qualquer bolo para\u00a0\u00a0anivers\u00e1rios, comunh\u00f5es, etc.","og_url":"https:\/\/cenariosdeacucar.pt\/?product=velas-foguete-luminoso-dourado-15cm-conj-2","og_site_name":"Cen\u00e1rios de A\u00e7ucar","article_modified_time":"2024-07-10T12:00:22+00:00","og_image":[{"width":680,"height":680,"url":"https:\/\/cenariosdeacucar.pt\/novo\/wp-content\/uploads\/2021\/06\/products-bengala_pack2_345022_l-680x680-1.png","type":"image\/png"}],"twitter_card":"summary_large_image","twitter_misc":{"Tempo estimado de leitura":"1 minuto"},"schema":{"@context":"https:\/\/schema.org","@graph":[{"@type":"WebPage","@id":"https:\/\/cenariosdeacucar.pt\/?product=velas-foguete-luminoso-dourado-15cm-conj-2","url":"https:\/\/cenariosdeacucar.pt\/?product=velas-foguete-luminoso-dourado-15cm-conj-2","name":"Velas Foguete Luminoso Dourado 15cm \u2013 Conj.2 - Cen\u00e1rios de A\u00e7ucar","isPartOf":{"@id":"https:\/\/cenariosdeacucar.pt\/#website"},"primaryImageOfPage":{"@id":"https:\/\/cenariosdeacucar.pt\/?product=velas-foguete-luminoso-dourado-15cm-conj-2#primaryimage"},"image":{"@id":"https:\/\/cenariosdeacucar.pt\/?product=velas-foguete-luminoso-dourado-15cm-conj-2#primaryimage"},"thumbnailUrl":"https:\/\/cenariosdeacucar.pt\/novo\/wp-content\/uploads\/2021\/06\/products-bengala_pack2_345022_l-680x680-1.png","datePublished":"2021-06-24T23:19:23+00:00","dateModified":"2024-07-10T12:00:22+00:00","breadcrumb":{"@id":"https:\/\/cenariosdeacucar.pt\/?product=velas-foguete-luminoso-dourado-15cm-conj-2#breadcrumb"},"inLanguage":"pt-PT","potentialAction":[{"@type":"ReadAction","target":["https:\/\/cenariosdeacucar.pt\/?product=velas-foguete-luminoso-dourado-15cm-conj-2"]}]},{"@type":"ImageObject","inLanguage":"pt-PT","@id":"https:\/\/cenariosdeacucar.pt\/?product=velas-foguete-luminoso-dourado-15cm-conj-2#primaryimage","url":"https:\/\/cenariosdeacucar.pt\/novo\/wp-content\/uploads\/2021\/06\/products-bengala_pack2_345022_l-680x680-1.png","contentUrl":"https:\/\/cenariosdeacucar.pt\/novo\/wp-content\/uploads\/2021\/06\/products-bengala_pack2_345022_l-680x680-1.png","width":680,"height":680},{"@type":"BreadcrumbList","@id":"https:\/\/cenariosdeacucar.pt\/?product=velas-foguete-luminoso-dourado-15cm-conj-2#breadcrumb","itemListElement":[{"@type":"ListItem","position":1,"name":"In\u00edcio","item":"https:\/\/cenariosdeacucar.pt\/"},{"@type":"ListItem","position":2,"name":"Produtos","item":"https:\/\/cenariosdeacucar.pt\/?post_type=product"},{"@type":"ListItem","position":3,"name":"Velas Foguete Luminoso Dourado 15cm \u2013 Conj.2"}]},{"@type":"WebSite","@id":"https:\/\/cenariosdeacucar.pt\/#website","url":"https:\/\/cenariosdeacucar.pt\/","name":"Cen\u00e1rios de A\u00e7ucar","description":"Cake Design | Festas","potentialAction":[{"@type":"SearchAction","target":{"@type":"EntryPoint","urlTemplate":"https:\/\/cenariosdeacucar.pt\/?s={search_term_string}"},"query-input":{"@type":"PropertyValueSpecification","valueRequired":true,"valueName":"search_term_string"}}],"inLanguage":"pt-PT"}]}},"_links":{"self":[{"href":"https:\/\/cenariosdeacucar.pt\/index.php?rest_route=\/wp\/v2\/product\/14370","targetHints":{"allow":["GET"]}}],"collection":[{"href":"https:\/\/cenariosdeacucar.pt\/index.php?rest_route=\/wp\/v2\/product"}],"about":[{"href":"https:\/\/cenariosdeacucar.pt\/index.php?rest_route=\/wp\/v2\/types\/product"}],"replies":[{"embeddable":true,"href":"https:\/\/cenariosdeacucar.pt\/index.php?rest_route=%2Fwp%2Fv2%2Fcomments&post=14370"}],"wp:featuredmedia":[{"embeddable":true,"href":"https:\/\/cenariosdeacucar.pt\/index.php?rest_route=\/wp\/v2\/media\/14371"}],"wp:attachment":[{"href":"https:\/\/cenariosdeacucar.pt\/index.php?rest_route=%2Fwp%2Fv2%2Fmedia&parent=14370"}],"wp:term":[{"taxonomy":"product_brand","embeddable":true,"href":"https:\/\/cenariosdeacucar.pt\/index.php?rest_route=%2Fwp%2Fv2%2Fproduct_brand&post=14370"},{"taxonomy":"product_cat","embeddable":true,"href":"https:\/\/cenariosdeacucar.pt\/index.php?rest_route=%2Fwp%2Fv2%2Fproduct_cat&post=14370"},{"taxonomy":"product_tag","embeddable":true,"href":"https:\/\/cenariosdeacucar.pt\/index.php?rest_route=%2Fwp%2Fv2%2Fproduct_tag&post=14370"}],"curies":[{"name":"wp","href":"https:\/\/api.w.org\/{rel}","templated":true}]}}

<p>Duração aproximadamente de  <em>40 segundos </em><strong><br />
</strong>Ficam ótimas em qualquer bolo para  <em>aniversários, comunhões, etc.</em></p>

<p>Duração aproximadamente de  40 segundos  Ficam ótimas em qualquer bolo para  aniversários, comunhões, etc.</p>

<!-- This site is optimized with the Yoast SEO plugin v27.4 - https://yoast.com/product/yoast-seo-wordpress/ -->
<title>Velas Foguete Luminoso Dourado 15cm – Conj.2 - Cenários de Açucar</title>
<meta name="robots" content="index, follow, max-snippet:-1, max-image-preview:large, max-video-preview:-1" />
<link rel="canonical" href="https://cenariosdeacucar.pt/?product=velas-foguete-luminoso-dourado-15cm-conj-2" />
<meta property="og:locale" content="pt_PT" />
<meta property="og:type" content="article" />
<meta property="og:title" content="Velas Foguete Luminoso Dourado 15cm – Conj.2 - Cenários de Açucar" />
<meta property="og:description" content="Duração aproximadamente de  40 segundos  Ficam ótimas em qualquer bolo para  aniversários, comunhões, etc." />
<meta property="og:url" content="https://cenariosdeacucar.pt/?product=velas-foguete-luminoso-dourado-15cm-conj-2" />
<meta property="og:site_name" content="Cenários de Açucar" />
<meta property="article:modified_time" content="2024-07-10T12:00:22+00:00" />
<meta property="og:image" content="https://cenariosdeacucar.pt/novo/wp-content/uploads/2021/06/products-bengala_pack2_345022_l-680x680-1.png" />
	<meta property="og:image:width" content="680" />
	<meta property="og:image:height" content="680" />
	<meta property="og:image:type" content="image/png" />
<meta name="twitter:card" content="summary_large_image" />
<meta name="twitter:label1" content="Tempo estimado de leitura" />
	<meta name="twitter:data1" content="1 minuto" />
<script type="application/ld+json" class="yoast-schema-graph">{"@context":"https:\/\/schema.org","@graph":[{"@type":"WebPage","@id":"https:\/\/cenariosdeacucar.pt\/?product=velas-foguete-luminoso-dourado-15cm-conj-2","url":"https:\/\/cenariosdeacucar.pt\/?product=velas-foguete-luminoso-dourado-15cm-conj-2","name":"Velas Foguete Luminoso Dourado 15cm – Conj.2 - Cenários de Açucar","isPartOf":{"@id":"https:\/\/cenariosdeacucar.pt\/#website"},"primaryImageOfPage":{"@id":"https:\/\/cenariosdeacucar.pt\/?product=velas-foguete-luminoso-dourado-15cm-conj-2#primaryimage"},"image":{"@id":"https:\/\/cenariosdeacucar.pt\/?product=velas-foguete-luminoso-dourado-15cm-conj-2#primaryimage"},"thumbnailUrl":"https:\/\/cenariosdeacucar.pt\/novo\/wp-content\/uploads\/2021\/06\/products-bengala_pack2_345022_l-680x680-1.png","datePublished":"2021-06-24T23:19:23+00:00","dateModified":"2024-07-10T12:00:22+00:00","breadcrumb":{"@id":"https:\/\/cenariosdeacucar.pt\/?product=velas-foguete-luminoso-dourado-15cm-conj-2#breadcrumb"},"inLanguage":"pt-PT","potentialAction":[{"@type":"ReadAction","target":["https:\/\/cenariosdeacucar.pt\/?product=velas-foguete-luminoso-dourado-15cm-conj-2"]}]},{"@type":"ImageObject","inLanguage":"pt-PT","@id":"https:\/\/cenariosdeacucar.pt\/?product=velas-foguete-luminoso-dourado-15cm-conj-2#primaryimage","url":"https:\/\/cenariosdeacucar.pt\/novo\/wp-content\/uploads\/2021\/06\/products-bengala_pack2_345022_l-680x680-1.png","contentUrl":"https:\/\/cenariosdeacucar.pt\/novo\/wp-content\/uploads\/2021\/06\/products-bengala_pack2_345022_l-680x680-1.png","width":680,"height":680},{"@type":"BreadcrumbList","@id":"https:\/\/cenariosdeacucar.pt\/?product=velas-foguete-luminoso-dourado-15cm-conj-2#breadcrumb","itemListElement":[{"@type":"ListItem","position":1,"name":"Início","item":"https:\/\/cenariosdeacucar.pt\/"},{"@type":"ListItem","position":2,"name":"Produtos","item":"https:\/\/cenariosdeacucar.pt\/?post_type=product"},{"@type":"ListItem","position":3,"name":"Velas Foguete Luminoso Dourado 15cm – Conj.2"}]},{"@type":"WebSite","@id":"https:\/\/cenariosdeacucar.pt\/#website","url":"https:\/\/cenariosdeacucar.pt\/","name":"Cenários de Açucar","description":"Cake Design | Festas","potentialAction":[{"@type":"SearchAction","target":{"@type":"EntryPoint","urlTemplate":"https:\/\/cenariosdeacucar.pt\/?s={search_term_string}"},"query-input":{"@type":"PropertyValueSpecification","valueRequired":true,"valueName":"search_term_string"}}],"inLanguage":"pt-PT"}]}</script>
<!-- / Yoast SEO plugin. -->

Velas Foguete Luminoso Dourado 15cm – Conj.2 - Cenários de Açucar

Duração aproximadamente de  40 segundos  Ficam ótimas em qualquer bolo para  aniversários, comunhões, etc.

Cenários de Açucar

Início
