{"id":14028,"date":"2021-05-09T12:38:46","date_gmt":"2021-05-09T11:38:46","guid":{"rendered":"https:\/\/cenariosdeacucar.pt\/novo\/?post_type=product&#038;p=14028"},"modified":"2026-01-27T18:22:58","modified_gmt":"2026-01-27T17:22:58","slug":"botija-de-helio-balloon-time","status":"publish","type":"product","link":"https:\/\/cenariosdeacucar.pt\/?product=botija-de-helio-balloon-time","title":{"rendered":"Botija de H\u00e9lio Balloon Time Pequena"},"content":{"rendered":"<h2>Descri\u00e7\u00e3o<\/h2>\n<div class=\"product__description__additional\">\n<div>\n<div class=\"gwp3281033cb\">\n<div class=\"gwp3281033c_gwp3281033cb\">\n<div class=\"gwp3281033c_gwp3281033c_gwp3281033cb\">\n<div class=\"gwp3281033c_gwp3281033c_gwp3281033c_gwp3281033cb\">Capacidade da garrafa de aproximadamente\u00a0<span class=\"colour\">0,20\u00a0<\/span>\u00a0<strong>m\u00a0<sup><span class=\"colour\">3<\/span><\/sup><\/strong>\u00a0.<br \/>\n<strong>Voc\u00ea pode encher aproximadamente 30\u00a0 bal\u00f5es\u00a0<span class=\"colour\">(<\/span>\u00a09 polegadas\u00a0<span class=\"colour\">)<\/span>\u00a0\u00a0, aproximadamente 14 bal\u00f5es\u00a0<span class=\"colour\">\u00a0(<\/span>\u00a014 polegadas\u00a0<span class=\"colour\">)<\/span>\u00a0\u00a0ou dois bal\u00f5es numerados de 86 cm.<\/strong><\/div>\n<\/div>\n<\/div>\n<\/div>\n<\/div>\n<\/div>\n<div class=\"product__recommended\">\n<div id=\"st_tab_navigator-product_list-content\" class=\"st_content_tab\">\n<div class=\"tab-slide-widget tab-slide-widget__recommended\"><\/div>\n<\/div>\n<\/div>\n","protected":false},"excerpt":{"rendered":"<div class=\"product__name\">\n<p><strong>Tanque de h\u00e9lio, hortel\u00e3, 30 bal\u00f5es<\/strong><\/p>\n<\/div>\n<div class=\"product__description\">\n<p class=\"product__description__text\">Tanque de h\u00e9lio para 30 bal\u00f5es na cor menta com impress\u00e3o preta, capacidade aprox. 0,20 m3.<\/p>\n<\/div>\n","protected":false},"featured_media":17294,"comment_status":"closed","ping_status":"closed","template":"","meta":[],"product_brand":[],"product_cat":[107,114],"product_tag":[],"class_list":{"0":"post-14028","1":"product","2":"type-product","3":"status-publish","4":"has-post-thumbnail","6":"product_cat-baloes","7":"product_cat-helio","9":"first","10":"instock","11":"shipping-taxable","12":"purchasable","13":"product-type-simple"},"yoast_head":"<!-- This site is optimized with the Yoast SEO plugin v27.4 - https:\/\/yoast.com\/product\/yoast-seo-wordpress\/ -->\n<title>Botija de H\u00e9lio Balloon Time Pequena - Cen\u00e1rios de A\u00e7ucar<\/title>\n<meta name=\"robots\" content=\"index, follow, max-snippet:-1, max-image-preview:large, max-video-preview:-1\" \/>\n<link rel=\"canonical\" href=\"https:\/\/cenariosdeacucar.pt\/?product=botija-de-helio-balloon-time\" \/>\n<meta property=\"og:locale\" content=\"pt_PT\" \/>\n<meta property=\"og:type\" content=\"article\" \/>\n<meta property=\"og:title\" content=\"Botija de H\u00e9lio Balloon Time Pequena - Cen\u00e1rios de A\u00e7ucar\" \/>\n<meta property=\"og:description\" content=\"Tanque de h\u00e9lio, hortel\u00e3, 30 bal\u00f5es    Tanque de h\u00e9lio para 30 bal\u00f5es na cor menta com impress\u00e3o preta, capacidade aprox. 0,20 m3.\" \/>\n<meta property=\"og:url\" content=\"https:\/\/cenariosdeacucar.pt\/?product=botija-de-helio-balloon-time\" \/>\n<meta property=\"og:site_name\" content=\"Cen\u00e1rios de A\u00e7ucar\" \/>\n<meta property=\"article:modified_time\" content=\"2026-01-27T17:22:58+00:00\" \/>\n<meta property=\"og:image\" content=\"https:\/\/cenariosdeacucar.pt\/novo\/wp-content\/uploads\/2021\/05\/icon_BZH1-30-081_01_S.webp\" \/>\n\t<meta property=\"og:image:width\" content=\"360\" \/>\n\t<meta property=\"og:image:height\" content=\"270\" \/>\n\t<meta property=\"og:image:type\" content=\"image\/webp\" \/>\n<meta name=\"twitter:card\" content=\"summary_large_image\" \/>\n<meta name=\"twitter:label1\" content=\"Tempo estimado de leitura\" \/>\n\t<meta name=\"twitter:data1\" content=\"1 minuto\" \/>\n<script type=\"application\/ld+json\" class=\"yoast-schema-graph\">{\"@context\":\"https:\\\/\\\/schema.org\",\"@graph\":[{\"@type\":\"WebPage\",\"@id\":\"https:\\\/\\\/cenariosdeacucar.pt\\\/?product=botija-de-helio-balloon-time\",\"url\":\"https:\\\/\\\/cenariosdeacucar.pt\\\/?product=botija-de-helio-balloon-time\",\"name\":\"Botija de H\u00e9lio Balloon Time Pequena - Cen\u00e1rios de A\u00e7ucar\",\"isPartOf\":{\"@id\":\"https:\\\/\\\/cenariosdeacucar.pt\\\/#website\"},\"primaryImageOfPage\":{\"@id\":\"https:\\\/\\\/cenariosdeacucar.pt\\\/?product=botija-de-helio-balloon-time#primaryimage\"},\"image\":{\"@id\":\"https:\\\/\\\/cenariosdeacucar.pt\\\/?product=botija-de-helio-balloon-time#primaryimage\"},\"thumbnailUrl\":\"https:\\\/\\\/cenariosdeacucar.pt\\\/novo\\\/wp-content\\\/uploads\\\/2021\\\/05\\\/icon_BZH1-30-081_01_S.webp\",\"datePublished\":\"2021-05-09T11:38:46+00:00\",\"dateModified\":\"2026-01-27T17:22:58+00:00\",\"breadcrumb\":{\"@id\":\"https:\\\/\\\/cenariosdeacucar.pt\\\/?product=botija-de-helio-balloon-time#breadcrumb\"},\"inLanguage\":\"pt-PT\",\"potentialAction\":[{\"@type\":\"ReadAction\",\"target\":[\"https:\\\/\\\/cenariosdeacucar.pt\\\/?product=botija-de-helio-balloon-time\"]}]},{\"@type\":\"ImageObject\",\"inLanguage\":\"pt-PT\",\"@id\":\"https:\\\/\\\/cenariosdeacucar.pt\\\/?product=botija-de-helio-balloon-time#primaryimage\",\"url\":\"https:\\\/\\\/cenariosdeacucar.pt\\\/novo\\\/wp-content\\\/uploads\\\/2021\\\/05\\\/icon_BZH1-30-081_01_S.webp\",\"contentUrl\":\"https:\\\/\\\/cenariosdeacucar.pt\\\/novo\\\/wp-content\\\/uploads\\\/2021\\\/05\\\/icon_BZH1-30-081_01_S.webp\",\"width\":360,\"height\":270},{\"@type\":\"BreadcrumbList\",\"@id\":\"https:\\\/\\\/cenariosdeacucar.pt\\\/?product=botija-de-helio-balloon-time#breadcrumb\",\"itemListElement\":[{\"@type\":\"ListItem\",\"position\":1,\"name\":\"In\u00edcio\",\"item\":\"https:\\\/\\\/cenariosdeacucar.pt\\\/\"},{\"@type\":\"ListItem\",\"position\":2,\"name\":\"Produtos\",\"item\":\"https:\\\/\\\/cenariosdeacucar.pt\\\/?post_type=product\"},{\"@type\":\"ListItem\",\"position\":3,\"name\":\"Botija de H\u00e9lio Balloon Time Pequena\"}]},{\"@type\":\"WebSite\",\"@id\":\"https:\\\/\\\/cenariosdeacucar.pt\\\/#website\",\"url\":\"https:\\\/\\\/cenariosdeacucar.pt\\\/\",\"name\":\"Cen\u00e1rios de A\u00e7ucar\",\"description\":\"Cake Design | Festas\",\"potentialAction\":[{\"@type\":\"SearchAction\",\"target\":{\"@type\":\"EntryPoint\",\"urlTemplate\":\"https:\\\/\\\/cenariosdeacucar.pt\\\/?s={search_term_string}\"},\"query-input\":{\"@type\":\"PropertyValueSpecification\",\"valueRequired\":true,\"valueName\":\"search_term_string\"}}],\"inLanguage\":\"pt-PT\"}]}<\/script>\n<!-- \/ Yoast SEO plugin. -->","yoast_head_json":{"title":"Botija de H\u00e9lio Balloon Time Pequena - Cen\u00e1rios de A\u00e7ucar","robots":{"index":"index","follow":"follow","max-snippet":"max-snippet:-1","max-image-preview":"max-image-preview:large","max-video-preview":"max-video-preview:-1"},"canonical":"https:\/\/cenariosdeacucar.pt\/?product=botija-de-helio-balloon-time","og_locale":"pt_PT","og_type":"article","og_title":"Botija de H\u00e9lio Balloon Time Pequena - Cen\u00e1rios de A\u00e7ucar","og_description":"Tanque de h\u00e9lio, hortel\u00e3, 30 bal\u00f5es    Tanque de h\u00e9lio para 30 bal\u00f5es na cor menta com impress\u00e3o preta, capacidade aprox. 0,20 m3.","og_url":"https:\/\/cenariosdeacucar.pt\/?product=botija-de-helio-balloon-time","og_site_name":"Cen\u00e1rios de A\u00e7ucar","article_modified_time":"2026-01-27T17:22:58+00:00","og_image":[{"width":360,"height":270,"url":"https:\/\/cenariosdeacucar.pt\/novo\/wp-content\/uploads\/2021\/05\/icon_BZH1-30-081_01_S.webp","type":"image\/webp"}],"twitter_card":"summary_large_image","twitter_misc":{"Tempo estimado de leitura":"1 minuto"},"schema":{"@context":"https:\/\/schema.org","@graph":[{"@type":"WebPage","@id":"https:\/\/cenariosdeacucar.pt\/?product=botija-de-helio-balloon-time","url":"https:\/\/cenariosdeacucar.pt\/?product=botija-de-helio-balloon-time","name":"Botija de H\u00e9lio Balloon Time Pequena - Cen\u00e1rios de A\u00e7ucar","isPartOf":{"@id":"https:\/\/cenariosdeacucar.pt\/#website"},"primaryImageOfPage":{"@id":"https:\/\/cenariosdeacucar.pt\/?product=botija-de-helio-balloon-time#primaryimage"},"image":{"@id":"https:\/\/cenariosdeacucar.pt\/?product=botija-de-helio-balloon-time#primaryimage"},"thumbnailUrl":"https:\/\/cenariosdeacucar.pt\/novo\/wp-content\/uploads\/2021\/05\/icon_BZH1-30-081_01_S.webp","datePublished":"2021-05-09T11:38:46+00:00","dateModified":"2026-01-27T17:22:58+00:00","breadcrumb":{"@id":"https:\/\/cenariosdeacucar.pt\/?product=botija-de-helio-balloon-time#breadcrumb"},"inLanguage":"pt-PT","potentialAction":[{"@type":"ReadAction","target":["https:\/\/cenariosdeacucar.pt\/?product=botija-de-helio-balloon-time"]}]},{"@type":"ImageObject","inLanguage":"pt-PT","@id":"https:\/\/cenariosdeacucar.pt\/?product=botija-de-helio-balloon-time#primaryimage","url":"https:\/\/cenariosdeacucar.pt\/novo\/wp-content\/uploads\/2021\/05\/icon_BZH1-30-081_01_S.webp","contentUrl":"https:\/\/cenariosdeacucar.pt\/novo\/wp-content\/uploads\/2021\/05\/icon_BZH1-30-081_01_S.webp","width":360,"height":270},{"@type":"BreadcrumbList","@id":"https:\/\/cenariosdeacucar.pt\/?product=botija-de-helio-balloon-time#breadcrumb","itemListElement":[{"@type":"ListItem","position":1,"name":"In\u00edcio","item":"https:\/\/cenariosdeacucar.pt\/"},{"@type":"ListItem","position":2,"name":"Produtos","item":"https:\/\/cenariosdeacucar.pt\/?post_type=product"},{"@type":"ListItem","position":3,"name":"Botija de H\u00e9lio Balloon Time Pequena"}]},{"@type":"WebSite","@id":"https:\/\/cenariosdeacucar.pt\/#website","url":"https:\/\/cenariosdeacucar.pt\/","name":"Cen\u00e1rios de A\u00e7ucar","description":"Cake Design | Festas","potentialAction":[{"@type":"SearchAction","target":{"@type":"EntryPoint","urlTemplate":"https:\/\/cenariosdeacucar.pt\/?s={search_term_string}"},"query-input":{"@type":"PropertyValueSpecification","valueRequired":true,"valueName":"search_term_string"}}],"inLanguage":"pt-PT"}]}},"_links":{"self":[{"href":"https:\/\/cenariosdeacucar.pt\/index.php?rest_route=\/wp\/v2\/product\/14028","targetHints":{"allow":["GET"]}}],"collection":[{"href":"https:\/\/cenariosdeacucar.pt\/index.php?rest_route=\/wp\/v2\/product"}],"about":[{"href":"https:\/\/cenariosdeacucar.pt\/index.php?rest_route=\/wp\/v2\/types\/product"}],"replies":[{"embeddable":true,"href":"https:\/\/cenariosdeacucar.pt\/index.php?rest_route=%2Fwp%2Fv2%2Fcomments&post=14028"}],"wp:featuredmedia":[{"embeddable":true,"href":"https:\/\/cenariosdeacucar.pt\/index.php?rest_route=\/wp\/v2\/media\/17294"}],"wp:attachment":[{"href":"https:\/\/cenariosdeacucar.pt\/index.php?rest_route=%2Fwp%2Fv2%2Fmedia&parent=14028"}],"wp:term":[{"taxonomy":"product_brand","embeddable":true,"href":"https:\/\/cenariosdeacucar.pt\/index.php?rest_route=%2Fwp%2Fv2%2Fproduct_brand&post=14028"},{"taxonomy":"product_cat","embeddable":true,"href":"https:\/\/cenariosdeacucar.pt\/index.php?rest_route=%2Fwp%2Fv2%2Fproduct_cat&post=14028"},{"taxonomy":"product_tag","embeddable":true,"href":"https:\/\/cenariosdeacucar.pt\/index.php?rest_route=%2Fwp%2Fv2%2Fproduct_tag&post=14028"}],"curies":[{"name":"wp","href":"https:\/\/api.w.org\/{rel}","templated":true}]}}