{"id":14014,"date":"2021-05-09T11:50:54","date_gmt":"2021-05-09T10:50:54","guid":{"rendered":"https:\/\/cenariosdeacucar.pt\/novo\/?post_type=product&#038;p=14014"},"modified":"2021-05-09T11:50:54","modified_gmt":"2021-05-09T10:50:54","slug":"cenario-aderecos-fotografia-photo-booth","status":"publish","type":"product","link":"https:\/\/cenariosdeacucar.pt\/?product=cenario-aderecos-fotografia-photo-booth","title":{"rendered":"CEN\u00c1RIO + ADERE\u00c7OS FOTOGRAFIA (PHOTO BOOTH)"},"content":{"rendered":"<p>PARA QUE NADA LHE FALTE!<\/p>\n<p>Ideal para\u00a0o anivers\u00e1rio dos mais pequenos.<br \/>\nCont\u00e9m:<br \/>\n\u2013 1 Painel com com medida aproximada de 117 cm x 40,60 cm<br \/>\n\u2013 2 Pain\u00e9is pequenos para os laterais do cen\u00e1rio com medida aproximada de 25,40 cm x 40,60 cm<br \/>\n\u2013 2 Pain\u00e9is com medida aproximada de 82,50 cm x 149,80 cm.<\/p>\n<p><strong><em>Cen\u00e1rio:<\/em><\/strong><\/p>\n<p>Material : Pl\u00e1stico<\/p>\n<p>Altura: 180 cm<\/p>\n","protected":false},"excerpt":{"rendered":"<p>Conjunto de cen\u00e1rio mais 6 adere\u00e7os para fotos.<\/p>\n","protected":false},"featured_media":14015,"comment_status":"closed","ping_status":"closed","template":"","meta":[],"product_brand":[],"product_cat":[178,174,185,197],"product_tag":[],"class_list":{"0":"post-14014","1":"product","2":"type-product","3":"status-publish","4":"has-post-thumbnail","6":"product_cat-banner-e-grinaldas","7":"product_cat-decoracao","8":"product_cat-festas-tematicas","9":"product_cat-unicornio","11":"first","12":"instock","13":"shipping-taxable","14":"purchasable","15":"product-type-simple"},"yoast_head":"<!-- This site is optimized with the Yoast SEO plugin v27.4 - https:\/\/yoast.com\/product\/yoast-seo-wordpress\/ -->\n<title>CEN\u00c1RIO + ADERE\u00c7OS FOTOGRAFIA (PHOTO BOOTH) - Cen\u00e1rios de A\u00e7ucar<\/title>\n<meta name=\"robots\" content=\"index, follow, max-snippet:-1, max-image-preview:large, max-video-preview:-1\" \/>\n<link rel=\"canonical\" href=\"https:\/\/cenariosdeacucar.pt\/?product=cenario-aderecos-fotografia-photo-booth\" \/>\n<meta property=\"og:locale\" content=\"pt_PT\" \/>\n<meta property=\"og:type\" content=\"article\" \/>\n<meta property=\"og:title\" content=\"CEN\u00c1RIO + ADERE\u00c7OS FOTOGRAFIA (PHOTO BOOTH) - Cen\u00e1rios de A\u00e7ucar\" \/>\n<meta property=\"og:description\" content=\"Conjunto de cen\u00e1rio mais 6 adere\u00e7os para fotos.\" \/>\n<meta property=\"og:url\" content=\"https:\/\/cenariosdeacucar.pt\/?product=cenario-aderecos-fotografia-photo-booth\" \/>\n<meta property=\"og:site_name\" content=\"Cen\u00e1rios de A\u00e7ucar\" \/>\n<meta property=\"og:image\" content=\"https:\/\/cenariosdeacucar.pt\/novo\/wp-content\/uploads\/2021\/05\/20200404124706_resize.jpg\" \/>\n\t<meta property=\"og:image:width\" content=\"800\" \/>\n\t<meta property=\"og:image:height\" content=\"800\" \/>\n\t<meta property=\"og:image:type\" content=\"image\/jpeg\" \/>\n<meta name=\"twitter:card\" content=\"summary_large_image\" \/>\n<script type=\"application\/ld+json\" class=\"yoast-schema-graph\">{\"@context\":\"https:\\\/\\\/schema.org\",\"@graph\":[{\"@type\":\"WebPage\",\"@id\":\"https:\\\/\\\/cenariosdeacucar.pt\\\/?product=cenario-aderecos-fotografia-photo-booth\",\"url\":\"https:\\\/\\\/cenariosdeacucar.pt\\\/?product=cenario-aderecos-fotografia-photo-booth\",\"name\":\"CEN\u00c1RIO + ADERE\u00c7OS FOTOGRAFIA (PHOTO BOOTH) - Cen\u00e1rios de A\u00e7ucar\",\"isPartOf\":{\"@id\":\"https:\\\/\\\/cenariosdeacucar.pt\\\/#website\"},\"primaryImageOfPage\":{\"@id\":\"https:\\\/\\\/cenariosdeacucar.pt\\\/?product=cenario-aderecos-fotografia-photo-booth#primaryimage\"},\"image\":{\"@id\":\"https:\\\/\\\/cenariosdeacucar.pt\\\/?product=cenario-aderecos-fotografia-photo-booth#primaryimage\"},\"thumbnailUrl\":\"https:\\\/\\\/cenariosdeacucar.pt\\\/novo\\\/wp-content\\\/uploads\\\/2021\\\/05\\\/20200404124706_resize.jpg\",\"datePublished\":\"2021-05-09T10:50:54+00:00\",\"breadcrumb\":{\"@id\":\"https:\\\/\\\/cenariosdeacucar.pt\\\/?product=cenario-aderecos-fotografia-photo-booth#breadcrumb\"},\"inLanguage\":\"pt-PT\",\"potentialAction\":[{\"@type\":\"ReadAction\",\"target\":[\"https:\\\/\\\/cenariosdeacucar.pt\\\/?product=cenario-aderecos-fotografia-photo-booth\"]}]},{\"@type\":\"ImageObject\",\"inLanguage\":\"pt-PT\",\"@id\":\"https:\\\/\\\/cenariosdeacucar.pt\\\/?product=cenario-aderecos-fotografia-photo-booth#primaryimage\",\"url\":\"https:\\\/\\\/cenariosdeacucar.pt\\\/novo\\\/wp-content\\\/uploads\\\/2021\\\/05\\\/20200404124706_resize.jpg\",\"contentUrl\":\"https:\\\/\\\/cenariosdeacucar.pt\\\/novo\\\/wp-content\\\/uploads\\\/2021\\\/05\\\/20200404124706_resize.jpg\",\"width\":800,\"height\":800},{\"@type\":\"BreadcrumbList\",\"@id\":\"https:\\\/\\\/cenariosdeacucar.pt\\\/?product=cenario-aderecos-fotografia-photo-booth#breadcrumb\",\"itemListElement\":[{\"@type\":\"ListItem\",\"position\":1,\"name\":\"In\u00edcio\",\"item\":\"https:\\\/\\\/cenariosdeacucar.pt\\\/\"},{\"@type\":\"ListItem\",\"position\":2,\"name\":\"Produtos\",\"item\":\"https:\\\/\\\/cenariosdeacucar.pt\\\/?post_type=product\"},{\"@type\":\"ListItem\",\"position\":3,\"name\":\"CEN\u00c1RIO + ADERE\u00c7OS FOTOGRAFIA (PHOTO BOOTH)\"}]},{\"@type\":\"WebSite\",\"@id\":\"https:\\\/\\\/cenariosdeacucar.pt\\\/#website\",\"url\":\"https:\\\/\\\/cenariosdeacucar.pt\\\/\",\"name\":\"Cen\u00e1rios de A\u00e7ucar\",\"description\":\"Cake Design | Festas\",\"potentialAction\":[{\"@type\":\"SearchAction\",\"target\":{\"@type\":\"EntryPoint\",\"urlTemplate\":\"https:\\\/\\\/cenariosdeacucar.pt\\\/?s={search_term_string}\"},\"query-input\":{\"@type\":\"PropertyValueSpecification\",\"valueRequired\":true,\"valueName\":\"search_term_string\"}}],\"inLanguage\":\"pt-PT\"}]}<\/script>\n<!-- \/ Yoast SEO plugin. -->","yoast_head_json":{"title":"CEN\u00c1RIO + ADERE\u00c7OS FOTOGRAFIA (PHOTO BOOTH) - Cen\u00e1rios de A\u00e7ucar","robots":{"index":"index","follow":"follow","max-snippet":"max-snippet:-1","max-image-preview":"max-image-preview:large","max-video-preview":"max-video-preview:-1"},"canonical":"https:\/\/cenariosdeacucar.pt\/?product=cenario-aderecos-fotografia-photo-booth","og_locale":"pt_PT","og_type":"article","og_title":"CEN\u00c1RIO + ADERE\u00c7OS FOTOGRAFIA (PHOTO BOOTH) - Cen\u00e1rios de A\u00e7ucar","og_description":"Conjunto de cen\u00e1rio mais 6 adere\u00e7os para fotos.","og_url":"https:\/\/cenariosdeacucar.pt\/?product=cenario-aderecos-fotografia-photo-booth","og_site_name":"Cen\u00e1rios de A\u00e7ucar","og_image":[{"width":800,"height":800,"url":"https:\/\/cenariosdeacucar.pt\/novo\/wp-content\/uploads\/2021\/05\/20200404124706_resize.jpg","type":"image\/jpeg"}],"twitter_card":"summary_large_image","schema":{"@context":"https:\/\/schema.org","@graph":[{"@type":"WebPage","@id":"https:\/\/cenariosdeacucar.pt\/?product=cenario-aderecos-fotografia-photo-booth","url":"https:\/\/cenariosdeacucar.pt\/?product=cenario-aderecos-fotografia-photo-booth","name":"CEN\u00c1RIO + ADERE\u00c7OS FOTOGRAFIA (PHOTO BOOTH) - Cen\u00e1rios de A\u00e7ucar","isPartOf":{"@id":"https:\/\/cenariosdeacucar.pt\/#website"},"primaryImageOfPage":{"@id":"https:\/\/cenariosdeacucar.pt\/?product=cenario-aderecos-fotografia-photo-booth#primaryimage"},"image":{"@id":"https:\/\/cenariosdeacucar.pt\/?product=cenario-aderecos-fotografia-photo-booth#primaryimage"},"thumbnailUrl":"https:\/\/cenariosdeacucar.pt\/novo\/wp-content\/uploads\/2021\/05\/20200404124706_resize.jpg","datePublished":"2021-05-09T10:50:54+00:00","breadcrumb":{"@id":"https:\/\/cenariosdeacucar.pt\/?product=cenario-aderecos-fotografia-photo-booth#breadcrumb"},"inLanguage":"pt-PT","potentialAction":[{"@type":"ReadAction","target":["https:\/\/cenariosdeacucar.pt\/?product=cenario-aderecos-fotografia-photo-booth"]}]},{"@type":"ImageObject","inLanguage":"pt-PT","@id":"https:\/\/cenariosdeacucar.pt\/?product=cenario-aderecos-fotografia-photo-booth#primaryimage","url":"https:\/\/cenariosdeacucar.pt\/novo\/wp-content\/uploads\/2021\/05\/20200404124706_resize.jpg","contentUrl":"https:\/\/cenariosdeacucar.pt\/novo\/wp-content\/uploads\/2021\/05\/20200404124706_resize.jpg","width":800,"height":800},{"@type":"BreadcrumbList","@id":"https:\/\/cenariosdeacucar.pt\/?product=cenario-aderecos-fotografia-photo-booth#breadcrumb","itemListElement":[{"@type":"ListItem","position":1,"name":"In\u00edcio","item":"https:\/\/cenariosdeacucar.pt\/"},{"@type":"ListItem","position":2,"name":"Produtos","item":"https:\/\/cenariosdeacucar.pt\/?post_type=product"},{"@type":"ListItem","position":3,"name":"CEN\u00c1RIO + ADERE\u00c7OS FOTOGRAFIA (PHOTO BOOTH)"}]},{"@type":"WebSite","@id":"https:\/\/cenariosdeacucar.pt\/#website","url":"https:\/\/cenariosdeacucar.pt\/","name":"Cen\u00e1rios de A\u00e7ucar","description":"Cake Design | Festas","potentialAction":[{"@type":"SearchAction","target":{"@type":"EntryPoint","urlTemplate":"https:\/\/cenariosdeacucar.pt\/?s={search_term_string}"},"query-input":{"@type":"PropertyValueSpecification","valueRequired":true,"valueName":"search_term_string"}}],"inLanguage":"pt-PT"}]}},"_links":{"self":[{"href":"https:\/\/cenariosdeacucar.pt\/index.php?rest_route=\/wp\/v2\/product\/14014","targetHints":{"allow":["GET"]}}],"collection":[{"href":"https:\/\/cenariosdeacucar.pt\/index.php?rest_route=\/wp\/v2\/product"}],"about":[{"href":"https:\/\/cenariosdeacucar.pt\/index.php?rest_route=\/wp\/v2\/types\/product"}],"replies":[{"embeddable":true,"href":"https:\/\/cenariosdeacucar.pt\/index.php?rest_route=%2Fwp%2Fv2%2Fcomments&post=14014"}],"wp:featuredmedia":[{"embeddable":true,"href":"https:\/\/cenariosdeacucar.pt\/index.php?rest_route=\/wp\/v2\/media\/14015"}],"wp:attachment":[{"href":"https:\/\/cenariosdeacucar.pt\/index.php?rest_route=%2Fwp%2Fv2%2Fmedia&parent=14014"}],"wp:term":[{"taxonomy":"product_brand","embeddable":true,"href":"https:\/\/cenariosdeacucar.pt\/index.php?rest_route=%2Fwp%2Fv2%2Fproduct_brand&post=14014"},{"taxonomy":"product_cat","embeddable":true,"href":"https:\/\/cenariosdeacucar.pt\/index.php?rest_route=%2Fwp%2Fv2%2Fproduct_cat&post=14014"},{"taxonomy":"product_tag","embeddable":true,"href":"https:\/\/cenariosdeacucar.pt\/index.php?rest_route=%2Fwp%2Fv2%2Fproduct_tag&post=14014"}],"curies":[{"name":"wp","href":"https:\/\/api.w.org\/{rel}","templated":true}]}}

CENÁRIO + ADEREÇOS FOTOGRAFIA (PHOTO BOOTH)

<p>PARA QUE NADA LHE FALTE!</p>
<p>Ideal para o aniversário dos mais pequenos.<br />
Contém:<br />
– 1 Painel com com medida aproximada de 117 cm x 40,60 cm<br />
– 2 Painéis pequenos para os laterais do cenário com medida aproximada de 25,40 cm x 40,60 cm<br />
– 2 Painéis com medida aproximada de 82,50 cm x 149,80 cm.</p>
<p><strong><em>Cenário:</em></strong></p>
<p>Material : Plástico</p>
<p>Altura: 180 cm</p>

<p>Conjunto de cenário mais 6 adereços para fotos.</p>

<!-- This site is optimized with the Yoast SEO plugin v27.4 - https://yoast.com/product/yoast-seo-wordpress/ -->
<title>CENÁRIO + ADEREÇOS FOTOGRAFIA (PHOTO BOOTH) - Cenários de Açucar</title>
<meta name="robots" content="index, follow, max-snippet:-1, max-image-preview:large, max-video-preview:-1" />
<link rel="canonical" href="https://cenariosdeacucar.pt/?product=cenario-aderecos-fotografia-photo-booth" />
<meta property="og:locale" content="pt_PT" />
<meta property="og:type" content="article" />
<meta property="og:title" content="CENÁRIO + ADEREÇOS FOTOGRAFIA (PHOTO BOOTH) - Cenários de Açucar" />
<meta property="og:description" content="Conjunto de cenário mais 6 adereços para fotos." />
<meta property="og:url" content="https://cenariosdeacucar.pt/?product=cenario-aderecos-fotografia-photo-booth" />
<meta property="og:site_name" content="Cenários de Açucar" />
<meta property="og:image" content="https://cenariosdeacucar.pt/novo/wp-content/uploads/2021/05/20200404124706_resize.jpg" />
	<meta property="og:image:width" content="800" />
	<meta property="og:image:height" content="800" />
	<meta property="og:image:type" content="image/jpeg" />
<meta name="twitter:card" content="summary_large_image" />
<script type="application/ld+json" class="yoast-schema-graph">{"@context":"https:\/\/schema.org","@graph":[{"@type":"WebPage","@id":"https:\/\/cenariosdeacucar.pt\/?product=cenario-aderecos-fotografia-photo-booth","url":"https:\/\/cenariosdeacucar.pt\/?product=cenario-aderecos-fotografia-photo-booth","name":"CENÁRIO + ADEREÇOS FOTOGRAFIA (PHOTO BOOTH) - Cenários de Açucar","isPartOf":{"@id":"https:\/\/cenariosdeacucar.pt\/#website"},"primaryImageOfPage":{"@id":"https:\/\/cenariosdeacucar.pt\/?product=cenario-aderecos-fotografia-photo-booth#primaryimage"},"image":{"@id":"https:\/\/cenariosdeacucar.pt\/?product=cenario-aderecos-fotografia-photo-booth#primaryimage"},"thumbnailUrl":"https:\/\/cenariosdeacucar.pt\/novo\/wp-content\/uploads\/2021\/05\/20200404124706_resize.jpg","datePublished":"2021-05-09T10:50:54+00:00","breadcrumb":{"@id":"https:\/\/cenariosdeacucar.pt\/?product=cenario-aderecos-fotografia-photo-booth#breadcrumb"},"inLanguage":"pt-PT","potentialAction":[{"@type":"ReadAction","target":["https:\/\/cenariosdeacucar.pt\/?product=cenario-aderecos-fotografia-photo-booth"]}]},{"@type":"ImageObject","inLanguage":"pt-PT","@id":"https:\/\/cenariosdeacucar.pt\/?product=cenario-aderecos-fotografia-photo-booth#primaryimage","url":"https:\/\/cenariosdeacucar.pt\/novo\/wp-content\/uploads\/2021\/05\/20200404124706_resize.jpg","contentUrl":"https:\/\/cenariosdeacucar.pt\/novo\/wp-content\/uploads\/2021\/05\/20200404124706_resize.jpg","width":800,"height":800},{"@type":"BreadcrumbList","@id":"https:\/\/cenariosdeacucar.pt\/?product=cenario-aderecos-fotografia-photo-booth#breadcrumb","itemListElement":[{"@type":"ListItem","position":1,"name":"Início","item":"https:\/\/cenariosdeacucar.pt\/"},{"@type":"ListItem","position":2,"name":"Produtos","item":"https:\/\/cenariosdeacucar.pt\/?post_type=product"},{"@type":"ListItem","position":3,"name":"CENÁRIO + ADEREÇOS FOTOGRAFIA (PHOTO BOOTH)"}]},{"@type":"WebSite","@id":"https:\/\/cenariosdeacucar.pt\/#website","url":"https:\/\/cenariosdeacucar.pt\/","name":"Cenários de Açucar","description":"Cake Design | Festas","potentialAction":[{"@type":"SearchAction","target":{"@type":"EntryPoint","urlTemplate":"https:\/\/cenariosdeacucar.pt\/?s={search_term_string}"},"query-input":{"@type":"PropertyValueSpecification","valueRequired":true,"valueName":"search_term_string"}}],"inLanguage":"pt-PT"}]}</script>
<!-- / Yoast SEO plugin. -->

CENÁRIO + ADEREÇOS FOTOGRAFIA (PHOTO BOOTH) - Cenários de Açucar

Conjunto de cenário mais 6 adereços para fotos.

Cenários de Açucar

Início
