{"id":12790,"date":"2021-02-23T18:35:36","date_gmt":"2021-02-23T17:35:36","guid":{"rendered":"https:\/\/cenariosdeacucar.pt\/novo\/?post_type=product&#038;p=12790"},"modified":"2022-03-15T18:26:44","modified_gmt":"2022-03-15T17:26:44","slug":"forma-de-chocolate-especial-3-partes-ovo-cupcake","status":"publish","type":"product","link":"https:\/\/cenariosdeacucar.pt\/?product=forma-de-chocolate-especial-3-partes-ovo-cupcake","title":{"rendered":"Forma de Chocolate Especial 3 Partes &#8211; OVO CUPCAKE"},"content":{"rendered":"<p><b>Dimens\u00f5es aproximadas do produto:<\/b><\/p>\n<p>Di\u00e2metro: 8,7cm x Altura: 11,8cm<\/p>\n<p><b>Peso M\u00e9dio:\u00a0<\/b>250g.<\/p>\n<p><b>Cont\u00e9m:\u00a0<\/b>2 acetatos e 1 silicone.<\/p>\n<p><b>Material:\u00a0<\/b>Acetato e silicone.<\/p>\n","protected":false},"excerpt":{"rendered":"<p>Dimens\u00f5es aproximadas do produto: Di\u00e2metro: 8,7cm x Altura: 11,8cm Peso M\u00e9dio:\u00a0250g. Cont\u00e9m:\u00a02 acetatos e 1 silicone. Material:\u00a0Acetato e silicone.<\/p>\n","protected":false},"featured_media":12791,"comment_status":"closed","ping_status":"closed","template":"","meta":[],"product_brand":[],"product_cat":[158,148,115,162,116],"product_tag":[],"class_list":{"0":"post-12790","1":"product","2":"type-product","3":"status-publish","4":"has-post-thumbnail","6":"product_cat-cakedesign","7":"product_cat-chocolate","8":"product_cat-epocas-especiais","9":"product_cat-moldes","10":"product_cat-pascoa","12":"first","13":"instock","14":"shipping-taxable","15":"purchasable","16":"product-type-simple"},"yoast_head":"<!-- This site is optimized with the Yoast SEO plugin v27.4 - https:\/\/yoast.com\/product\/yoast-seo-wordpress\/ -->\n<title>Forma de Chocolate Especial 3 Partes - OVO CUPCAKE - Cen\u00e1rios de A\u00e7ucar<\/title>\n<meta name=\"robots\" content=\"index, follow, max-snippet:-1, max-image-preview:large, max-video-preview:-1\" \/>\n<link rel=\"canonical\" href=\"https:\/\/cenariosdeacucar.pt\/?product=forma-de-chocolate-especial-3-partes-ovo-cupcake\" \/>\n<meta property=\"og:locale\" content=\"pt_PT\" \/>\n<meta property=\"og:type\" content=\"article\" \/>\n<meta property=\"og:title\" content=\"Forma de Chocolate Especial 3 Partes - OVO CUPCAKE - Cen\u00e1rios de A\u00e7ucar\" \/>\n<meta property=\"og:description\" content=\"Dimens\u00f5es aproximadas do produto: Di\u00e2metro: 8,7cm x Altura: 11,8cm Peso M\u00e9dio:\u00a0250g. Cont\u00e9m:\u00a02 acetatos e 1 silicone. Material:\u00a0Acetato e silicone.\" \/>\n<meta property=\"og:url\" content=\"https:\/\/cenariosdeacucar.pt\/?product=forma-de-chocolate-especial-3-partes-ovo-cupcake\" \/>\n<meta property=\"og:site_name\" content=\"Cen\u00e1rios de A\u00e7ucar\" \/>\n<meta property=\"article:modified_time\" content=\"2022-03-15T17:26:44+00:00\" \/>\n<meta property=\"og:image\" content=\"https:\/\/cenariosdeacucar.pt\/novo\/wp-content\/uploads\/2021\/02\/BWB1265-1_370x.jpg\" \/>\n\t<meta property=\"og:image:width\" content=\"370\" \/>\n\t<meta property=\"og:image:height\" content=\"370\" \/>\n\t<meta property=\"og:image:type\" content=\"image\/jpeg\" \/>\n<meta name=\"twitter:card\" content=\"summary_large_image\" \/>\n<script type=\"application\/ld+json\" class=\"yoast-schema-graph\">{\"@context\":\"https:\\\/\\\/schema.org\",\"@graph\":[{\"@type\":\"WebPage\",\"@id\":\"https:\\\/\\\/cenariosdeacucar.pt\\\/?product=forma-de-chocolate-especial-3-partes-ovo-cupcake\",\"url\":\"https:\\\/\\\/cenariosdeacucar.pt\\\/?product=forma-de-chocolate-especial-3-partes-ovo-cupcake\",\"name\":\"Forma de Chocolate Especial 3 Partes - OVO CUPCAKE - Cen\u00e1rios de A\u00e7ucar\",\"isPartOf\":{\"@id\":\"https:\\\/\\\/cenariosdeacucar.pt\\\/#website\"},\"primaryImageOfPage\":{\"@id\":\"https:\\\/\\\/cenariosdeacucar.pt\\\/?product=forma-de-chocolate-especial-3-partes-ovo-cupcake#primaryimage\"},\"image\":{\"@id\":\"https:\\\/\\\/cenariosdeacucar.pt\\\/?product=forma-de-chocolate-especial-3-partes-ovo-cupcake#primaryimage\"},\"thumbnailUrl\":\"https:\\\/\\\/cenariosdeacucar.pt\\\/novo\\\/wp-content\\\/uploads\\\/2021\\\/02\\\/BWB1265-1_370x.jpg\",\"datePublished\":\"2021-02-23T17:35:36+00:00\",\"dateModified\":\"2022-03-15T17:26:44+00:00\",\"breadcrumb\":{\"@id\":\"https:\\\/\\\/cenariosdeacucar.pt\\\/?product=forma-de-chocolate-especial-3-partes-ovo-cupcake#breadcrumb\"},\"inLanguage\":\"pt-PT\",\"potentialAction\":[{\"@type\":\"ReadAction\",\"target\":[\"https:\\\/\\\/cenariosdeacucar.pt\\\/?product=forma-de-chocolate-especial-3-partes-ovo-cupcake\"]}]},{\"@type\":\"ImageObject\",\"inLanguage\":\"pt-PT\",\"@id\":\"https:\\\/\\\/cenariosdeacucar.pt\\\/?product=forma-de-chocolate-especial-3-partes-ovo-cupcake#primaryimage\",\"url\":\"https:\\\/\\\/cenariosdeacucar.pt\\\/novo\\\/wp-content\\\/uploads\\\/2021\\\/02\\\/BWB1265-1_370x.jpg\",\"contentUrl\":\"https:\\\/\\\/cenariosdeacucar.pt\\\/novo\\\/wp-content\\\/uploads\\\/2021\\\/02\\\/BWB1265-1_370x.jpg\",\"width\":370,\"height\":370},{\"@type\":\"BreadcrumbList\",\"@id\":\"https:\\\/\\\/cenariosdeacucar.pt\\\/?product=forma-de-chocolate-especial-3-partes-ovo-cupcake#breadcrumb\",\"itemListElement\":[{\"@type\":\"ListItem\",\"position\":1,\"name\":\"In\u00edcio\",\"item\":\"https:\\\/\\\/cenariosdeacucar.pt\\\/\"},{\"@type\":\"ListItem\",\"position\":2,\"name\":\"Produtos\",\"item\":\"https:\\\/\\\/cenariosdeacucar.pt\\\/?post_type=product\"},{\"@type\":\"ListItem\",\"position\":3,\"name\":\"Forma de Chocolate Especial 3 Partes &#8211; OVO CUPCAKE\"}]},{\"@type\":\"WebSite\",\"@id\":\"https:\\\/\\\/cenariosdeacucar.pt\\\/#website\",\"url\":\"https:\\\/\\\/cenariosdeacucar.pt\\\/\",\"name\":\"Cen\u00e1rios de A\u00e7ucar\",\"description\":\"Cake Design | Festas\",\"potentialAction\":[{\"@type\":\"SearchAction\",\"target\":{\"@type\":\"EntryPoint\",\"urlTemplate\":\"https:\\\/\\\/cenariosdeacucar.pt\\\/?s={search_term_string}\"},\"query-input\":{\"@type\":\"PropertyValueSpecification\",\"valueRequired\":true,\"valueName\":\"search_term_string\"}}],\"inLanguage\":\"pt-PT\"}]}<\/script>\n<!-- \/ Yoast SEO plugin. -->","yoast_head_json":{"title":"Forma de Chocolate Especial 3 Partes - OVO CUPCAKE - Cen\u00e1rios de A\u00e7ucar","robots":{"index":"index","follow":"follow","max-snippet":"max-snippet:-1","max-image-preview":"max-image-preview:large","max-video-preview":"max-video-preview:-1"},"canonical":"https:\/\/cenariosdeacucar.pt\/?product=forma-de-chocolate-especial-3-partes-ovo-cupcake","og_locale":"pt_PT","og_type":"article","og_title":"Forma de Chocolate Especial 3 Partes - OVO CUPCAKE - Cen\u00e1rios de A\u00e7ucar","og_description":"Dimens\u00f5es aproximadas do produto: Di\u00e2metro: 8,7cm x Altura: 11,8cm Peso M\u00e9dio:\u00a0250g. Cont\u00e9m:\u00a02 acetatos e 1 silicone. Material:\u00a0Acetato e silicone.","og_url":"https:\/\/cenariosdeacucar.pt\/?product=forma-de-chocolate-especial-3-partes-ovo-cupcake","og_site_name":"Cen\u00e1rios de A\u00e7ucar","article_modified_time":"2022-03-15T17:26:44+00:00","og_image":[{"width":370,"height":370,"url":"https:\/\/cenariosdeacucar.pt\/novo\/wp-content\/uploads\/2021\/02\/BWB1265-1_370x.jpg","type":"image\/jpeg"}],"twitter_card":"summary_large_image","schema":{"@context":"https:\/\/schema.org","@graph":[{"@type":"WebPage","@id":"https:\/\/cenariosdeacucar.pt\/?product=forma-de-chocolate-especial-3-partes-ovo-cupcake","url":"https:\/\/cenariosdeacucar.pt\/?product=forma-de-chocolate-especial-3-partes-ovo-cupcake","name":"Forma de Chocolate Especial 3 Partes - OVO CUPCAKE - Cen\u00e1rios de A\u00e7ucar","isPartOf":{"@id":"https:\/\/cenariosdeacucar.pt\/#website"},"primaryImageOfPage":{"@id":"https:\/\/cenariosdeacucar.pt\/?product=forma-de-chocolate-especial-3-partes-ovo-cupcake#primaryimage"},"image":{"@id":"https:\/\/cenariosdeacucar.pt\/?product=forma-de-chocolate-especial-3-partes-ovo-cupcake#primaryimage"},"thumbnailUrl":"https:\/\/cenariosdeacucar.pt\/novo\/wp-content\/uploads\/2021\/02\/BWB1265-1_370x.jpg","datePublished":"2021-02-23T17:35:36+00:00","dateModified":"2022-03-15T17:26:44+00:00","breadcrumb":{"@id":"https:\/\/cenariosdeacucar.pt\/?product=forma-de-chocolate-especial-3-partes-ovo-cupcake#breadcrumb"},"inLanguage":"pt-PT","potentialAction":[{"@type":"ReadAction","target":["https:\/\/cenariosdeacucar.pt\/?product=forma-de-chocolate-especial-3-partes-ovo-cupcake"]}]},{"@type":"ImageObject","inLanguage":"pt-PT","@id":"https:\/\/cenariosdeacucar.pt\/?product=forma-de-chocolate-especial-3-partes-ovo-cupcake#primaryimage","url":"https:\/\/cenariosdeacucar.pt\/novo\/wp-content\/uploads\/2021\/02\/BWB1265-1_370x.jpg","contentUrl":"https:\/\/cenariosdeacucar.pt\/novo\/wp-content\/uploads\/2021\/02\/BWB1265-1_370x.jpg","width":370,"height":370},{"@type":"BreadcrumbList","@id":"https:\/\/cenariosdeacucar.pt\/?product=forma-de-chocolate-especial-3-partes-ovo-cupcake#breadcrumb","itemListElement":[{"@type":"ListItem","position":1,"name":"In\u00edcio","item":"https:\/\/cenariosdeacucar.pt\/"},{"@type":"ListItem","position":2,"name":"Produtos","item":"https:\/\/cenariosdeacucar.pt\/?post_type=product"},{"@type":"ListItem","position":3,"name":"Forma de Chocolate Especial 3 Partes &#8211; OVO CUPCAKE"}]},{"@type":"WebSite","@id":"https:\/\/cenariosdeacucar.pt\/#website","url":"https:\/\/cenariosdeacucar.pt\/","name":"Cen\u00e1rios de A\u00e7ucar","description":"Cake Design | Festas","potentialAction":[{"@type":"SearchAction","target":{"@type":"EntryPoint","urlTemplate":"https:\/\/cenariosdeacucar.pt\/?s={search_term_string}"},"query-input":{"@type":"PropertyValueSpecification","valueRequired":true,"valueName":"search_term_string"}}],"inLanguage":"pt-PT"}]}},"_links":{"self":[{"href":"https:\/\/cenariosdeacucar.pt\/index.php?rest_route=\/wp\/v2\/product\/12790","targetHints":{"allow":["GET"]}}],"collection":[{"href":"https:\/\/cenariosdeacucar.pt\/index.php?rest_route=\/wp\/v2\/product"}],"about":[{"href":"https:\/\/cenariosdeacucar.pt\/index.php?rest_route=\/wp\/v2\/types\/product"}],"replies":[{"embeddable":true,"href":"https:\/\/cenariosdeacucar.pt\/index.php?rest_route=%2Fwp%2Fv2%2Fcomments&post=12790"}],"wp:featuredmedia":[{"embeddable":true,"href":"https:\/\/cenariosdeacucar.pt\/index.php?rest_route=\/wp\/v2\/media\/12791"}],"wp:attachment":[{"href":"https:\/\/cenariosdeacucar.pt\/index.php?rest_route=%2Fwp%2Fv2%2Fmedia&parent=12790"}],"wp:term":[{"taxonomy":"product_brand","embeddable":true,"href":"https:\/\/cenariosdeacucar.pt\/index.php?rest_route=%2Fwp%2Fv2%2Fproduct_brand&post=12790"},{"taxonomy":"product_cat","embeddable":true,"href":"https:\/\/cenariosdeacucar.pt\/index.php?rest_route=%2Fwp%2Fv2%2Fproduct_cat&post=12790"},{"taxonomy":"product_tag","embeddable":true,"href":"https:\/\/cenariosdeacucar.pt\/index.php?rest_route=%2Fwp%2Fv2%2Fproduct_tag&post=12790"}],"curies":[{"name":"wp","href":"https:\/\/api.w.org\/{rel}","templated":true}]}}