{"id":12687,"date":"2021-02-16T17:07:54","date_gmt":"2021-02-16T16:07:54","guid":{"rendered":"https:\/\/cenariosdeacucar.pt\/novo\/?post_type=product&#038;p=12687"},"modified":"2025-09-09T11:30:10","modified_gmt":"2025-09-09T10:30:10","slug":"corante-em-gel-progel-rainbow-dust-vermelho","status":"publish","type":"product","link":"https:\/\/cenariosdeacucar.pt\/?product=corante-em-gel-progel-rainbow-dust-vermelho","title":{"rendered":"CORANTE EM GEL &#8220;PROGEL&#8221; RAINBOW DUST &#8211; VERMELHO"},"content":{"rendered":"<div id=\"textos_avanzados_pestanyas\" class=\"navePestanyas\">\n<p><b>Composi\u00e7\u00e3o:<\/b><\/p>\n<\/div>\n<div id=\"div_textos_avanzados_pestanyas_descripcion_tecnica\" class=\"pestanyaCliente descripcionTecnica\">\n<p>Glicerina, di\u00f3xido de silicone, glicol de propileno, corantes (E-124, E-129).<\/p>\n<p><i>Os corantes E-124 y E-129 podem ter um efeito adverso na atividade e aten\u00e7\u00e3o das crian\u00e7as.\u00a0<\/i><\/p>\n<p><b>Alerg\u00e9nicos<\/b>:<\/p>\n<p>Sem gl\u00faten. Livre de nozes e OGM.<\/p>\n<p>Adequado para pessoas vegetarianas.<\/p>\n<p>Certificado Kosher y Halal.<\/p>\n<p><b>Conserva\u00e7\u00e3o:<\/b><\/p>\n<p>Conservar \u00e0 temperatura ambiente, em lugar fresco e seco.<\/p>\n<\/div>\n","protected":false},"excerpt":{"rendered":"<p id=\"nombreProducto\">CORANTE EM GEL &#8220;PROGEL&#8221; RAINBOW DUST &#8211; VERMELHO25 G<\/p>\n<p>Perfeito para tingir pasta de a\u00e7\u00facar, glac\u00ea, creme de manteiga, macarons,&#8230;.<\/p>\n","protected":false},"featured_media":12688,"comment_status":"closed","ping_status":"closed","template":"","meta":[],"product_brand":[],"product_cat":[142,153,155,125,128],"product_tag":[],"class_list":{"0":"post-12687","1":"product","2":"type-product","3":"status-publish","4":"has-post-thumbnail","6":"product_cat-comestiveis","7":"product_cat-corantes","8":"product_cat-corantes-gel","9":"product_cat-cores","10":"product_cat-vermelho","12":"first","13":"instock","14":"shipping-taxable","15":"purchasable","16":"product-type-simple"},"yoast_head":"<!-- This site is optimized with the Yoast SEO plugin v27.4 - https:\/\/yoast.com\/product\/yoast-seo-wordpress\/ -->\n<title>CORANTE EM GEL &quot;PROGEL&quot; RAINBOW DUST - VERMELHO - Cen\u00e1rios de A\u00e7ucar<\/title>\n<meta name=\"robots\" content=\"index, follow, max-snippet:-1, max-image-preview:large, max-video-preview:-1\" \/>\n<link rel=\"canonical\" href=\"https:\/\/cenariosdeacucar.pt\/?product=corante-em-gel-progel-rainbow-dust-vermelho\" \/>\n<meta property=\"og:locale\" content=\"pt_PT\" \/>\n<meta property=\"og:type\" content=\"article\" \/>\n<meta property=\"og:title\" content=\"CORANTE EM GEL &quot;PROGEL&quot; RAINBOW DUST - VERMELHO - Cen\u00e1rios de A\u00e7ucar\" \/>\n<meta property=\"og:description\" content=\"CORANTE EM GEL &quot;PROGEL&quot; RAINBOW DUST - VERMELHO25 G Perfeito para tingir pasta de a\u00e7\u00facar, glac\u00ea, creme de manteiga, macarons,....\" \/>\n<meta property=\"og:url\" content=\"https:\/\/cenariosdeacucar.pt\/?product=corante-em-gel-progel-rainbow-dust-vermelho\" \/>\n<meta property=\"og:site_name\" content=\"Cen\u00e1rios de A\u00e7ucar\" \/>\n<meta property=\"article:modified_time\" content=\"2025-09-09T10:30:10+00:00\" \/>\n<meta property=\"og:image\" content=\"https:\/\/cenariosdeacucar.pt\/novo\/wp-content\/uploads\/2021\/02\/img_14448_83b610acc14a7ab790c6abe07ba58f43_1.png\" \/>\n\t<meta property=\"og:image:width\" content=\"900\" \/>\n\t<meta property=\"og:image:height\" content=\"900\" \/>\n\t<meta property=\"og:image:type\" content=\"image\/png\" \/>\n<meta name=\"twitter:card\" content=\"summary_large_image\" \/>\n<meta name=\"twitter:label1\" content=\"Tempo estimado de leitura\" \/>\n\t<meta name=\"twitter:data1\" content=\"1 minuto\" \/>\n<script type=\"application\/ld+json\" class=\"yoast-schema-graph\">{\"@context\":\"https:\\\/\\\/schema.org\",\"@graph\":[{\"@type\":\"WebPage\",\"@id\":\"https:\\\/\\\/cenariosdeacucar.pt\\\/?product=corante-em-gel-progel-rainbow-dust-vermelho\",\"url\":\"https:\\\/\\\/cenariosdeacucar.pt\\\/?product=corante-em-gel-progel-rainbow-dust-vermelho\",\"name\":\"CORANTE EM GEL \\\"PROGEL\\\" RAINBOW DUST - VERMELHO - Cen\u00e1rios de A\u00e7ucar\",\"isPartOf\":{\"@id\":\"https:\\\/\\\/cenariosdeacucar.pt\\\/#website\"},\"primaryImageOfPage\":{\"@id\":\"https:\\\/\\\/cenariosdeacucar.pt\\\/?product=corante-em-gel-progel-rainbow-dust-vermelho#primaryimage\"},\"image\":{\"@id\":\"https:\\\/\\\/cenariosdeacucar.pt\\\/?product=corante-em-gel-progel-rainbow-dust-vermelho#primaryimage\"},\"thumbnailUrl\":\"https:\\\/\\\/cenariosdeacucar.pt\\\/novo\\\/wp-content\\\/uploads\\\/2021\\\/02\\\/img_14448_83b610acc14a7ab790c6abe07ba58f43_1.png\",\"datePublished\":\"2021-02-16T16:07:54+00:00\",\"dateModified\":\"2025-09-09T10:30:10+00:00\",\"breadcrumb\":{\"@id\":\"https:\\\/\\\/cenariosdeacucar.pt\\\/?product=corante-em-gel-progel-rainbow-dust-vermelho#breadcrumb\"},\"inLanguage\":\"pt-PT\",\"potentialAction\":[{\"@type\":\"ReadAction\",\"target\":[\"https:\\\/\\\/cenariosdeacucar.pt\\\/?product=corante-em-gel-progel-rainbow-dust-vermelho\"]}]},{\"@type\":\"ImageObject\",\"inLanguage\":\"pt-PT\",\"@id\":\"https:\\\/\\\/cenariosdeacucar.pt\\\/?product=corante-em-gel-progel-rainbow-dust-vermelho#primaryimage\",\"url\":\"https:\\\/\\\/cenariosdeacucar.pt\\\/novo\\\/wp-content\\\/uploads\\\/2021\\\/02\\\/img_14448_83b610acc14a7ab790c6abe07ba58f43_1.png\",\"contentUrl\":\"https:\\\/\\\/cenariosdeacucar.pt\\\/novo\\\/wp-content\\\/uploads\\\/2021\\\/02\\\/img_14448_83b610acc14a7ab790c6abe07ba58f43_1.png\",\"width\":900,\"height\":900},{\"@type\":\"BreadcrumbList\",\"@id\":\"https:\\\/\\\/cenariosdeacucar.pt\\\/?product=corante-em-gel-progel-rainbow-dust-vermelho#breadcrumb\",\"itemListElement\":[{\"@type\":\"ListItem\",\"position\":1,\"name\":\"In\u00edcio\",\"item\":\"https:\\\/\\\/cenariosdeacucar.pt\\\/\"},{\"@type\":\"ListItem\",\"position\":2,\"name\":\"Produtos\",\"item\":\"https:\\\/\\\/cenariosdeacucar.pt\\\/?post_type=product\"},{\"@type\":\"ListItem\",\"position\":3,\"name\":\"CORANTE EM GEL &#8220;PROGEL&#8221; RAINBOW DUST &#8211; VERMELHO\"}]},{\"@type\":\"WebSite\",\"@id\":\"https:\\\/\\\/cenariosdeacucar.pt\\\/#website\",\"url\":\"https:\\\/\\\/cenariosdeacucar.pt\\\/\",\"name\":\"Cen\u00e1rios de A\u00e7ucar\",\"description\":\"Cake Design | Festas\",\"potentialAction\":[{\"@type\":\"SearchAction\",\"target\":{\"@type\":\"EntryPoint\",\"urlTemplate\":\"https:\\\/\\\/cenariosdeacucar.pt\\\/?s={search_term_string}\"},\"query-input\":{\"@type\":\"PropertyValueSpecification\",\"valueRequired\":true,\"valueName\":\"search_term_string\"}}],\"inLanguage\":\"pt-PT\"}]}<\/script>\n<!-- \/ Yoast SEO plugin. -->","yoast_head_json":{"title":"CORANTE EM GEL \"PROGEL\" RAINBOW DUST - VERMELHO - Cen\u00e1rios de A\u00e7ucar","robots":{"index":"index","follow":"follow","max-snippet":"max-snippet:-1","max-image-preview":"max-image-preview:large","max-video-preview":"max-video-preview:-1"},"canonical":"https:\/\/cenariosdeacucar.pt\/?product=corante-em-gel-progel-rainbow-dust-vermelho","og_locale":"pt_PT","og_type":"article","og_title":"CORANTE EM GEL \"PROGEL\" RAINBOW DUST - VERMELHO - Cen\u00e1rios de A\u00e7ucar","og_description":"CORANTE EM GEL \"PROGEL\" RAINBOW DUST - VERMELHO25 G Perfeito para tingir pasta de a\u00e7\u00facar, glac\u00ea, creme de manteiga, macarons,....","og_url":"https:\/\/cenariosdeacucar.pt\/?product=corante-em-gel-progel-rainbow-dust-vermelho","og_site_name":"Cen\u00e1rios de A\u00e7ucar","article_modified_time":"2025-09-09T10:30:10+00:00","og_image":[{"width":900,"height":900,"url":"https:\/\/cenariosdeacucar.pt\/novo\/wp-content\/uploads\/2021\/02\/img_14448_83b610acc14a7ab790c6abe07ba58f43_1.png","type":"image\/png"}],"twitter_card":"summary_large_image","twitter_misc":{"Tempo estimado de leitura":"1 minuto"},"schema":{"@context":"https:\/\/schema.org","@graph":[{"@type":"WebPage","@id":"https:\/\/cenariosdeacucar.pt\/?product=corante-em-gel-progel-rainbow-dust-vermelho","url":"https:\/\/cenariosdeacucar.pt\/?product=corante-em-gel-progel-rainbow-dust-vermelho","name":"CORANTE EM GEL \"PROGEL\" RAINBOW DUST - VERMELHO - Cen\u00e1rios de A\u00e7ucar","isPartOf":{"@id":"https:\/\/cenariosdeacucar.pt\/#website"},"primaryImageOfPage":{"@id":"https:\/\/cenariosdeacucar.pt\/?product=corante-em-gel-progel-rainbow-dust-vermelho#primaryimage"},"image":{"@id":"https:\/\/cenariosdeacucar.pt\/?product=corante-em-gel-progel-rainbow-dust-vermelho#primaryimage"},"thumbnailUrl":"https:\/\/cenariosdeacucar.pt\/novo\/wp-content\/uploads\/2021\/02\/img_14448_83b610acc14a7ab790c6abe07ba58f43_1.png","datePublished":"2021-02-16T16:07:54+00:00","dateModified":"2025-09-09T10:30:10+00:00","breadcrumb":{"@id":"https:\/\/cenariosdeacucar.pt\/?product=corante-em-gel-progel-rainbow-dust-vermelho#breadcrumb"},"inLanguage":"pt-PT","potentialAction":[{"@type":"ReadAction","target":["https:\/\/cenariosdeacucar.pt\/?product=corante-em-gel-progel-rainbow-dust-vermelho"]}]},{"@type":"ImageObject","inLanguage":"pt-PT","@id":"https:\/\/cenariosdeacucar.pt\/?product=corante-em-gel-progel-rainbow-dust-vermelho#primaryimage","url":"https:\/\/cenariosdeacucar.pt\/novo\/wp-content\/uploads\/2021\/02\/img_14448_83b610acc14a7ab790c6abe07ba58f43_1.png","contentUrl":"https:\/\/cenariosdeacucar.pt\/novo\/wp-content\/uploads\/2021\/02\/img_14448_83b610acc14a7ab790c6abe07ba58f43_1.png","width":900,"height":900},{"@type":"BreadcrumbList","@id":"https:\/\/cenariosdeacucar.pt\/?product=corante-em-gel-progel-rainbow-dust-vermelho#breadcrumb","itemListElement":[{"@type":"ListItem","position":1,"name":"In\u00edcio","item":"https:\/\/cenariosdeacucar.pt\/"},{"@type":"ListItem","position":2,"name":"Produtos","item":"https:\/\/cenariosdeacucar.pt\/?post_type=product"},{"@type":"ListItem","position":3,"name":"CORANTE EM GEL &#8220;PROGEL&#8221; RAINBOW DUST &#8211; VERMELHO"}]},{"@type":"WebSite","@id":"https:\/\/cenariosdeacucar.pt\/#website","url":"https:\/\/cenariosdeacucar.pt\/","name":"Cen\u00e1rios de A\u00e7ucar","description":"Cake Design | Festas","potentialAction":[{"@type":"SearchAction","target":{"@type":"EntryPoint","urlTemplate":"https:\/\/cenariosdeacucar.pt\/?s={search_term_string}"},"query-input":{"@type":"PropertyValueSpecification","valueRequired":true,"valueName":"search_term_string"}}],"inLanguage":"pt-PT"}]}},"_links":{"self":[{"href":"https:\/\/cenariosdeacucar.pt\/index.php?rest_route=\/wp\/v2\/product\/12687","targetHints":{"allow":["GET"]}}],"collection":[{"href":"https:\/\/cenariosdeacucar.pt\/index.php?rest_route=\/wp\/v2\/product"}],"about":[{"href":"https:\/\/cenariosdeacucar.pt\/index.php?rest_route=\/wp\/v2\/types\/product"}],"replies":[{"embeddable":true,"href":"https:\/\/cenariosdeacucar.pt\/index.php?rest_route=%2Fwp%2Fv2%2Fcomments&post=12687"}],"wp:featuredmedia":[{"embeddable":true,"href":"https:\/\/cenariosdeacucar.pt\/index.php?rest_route=\/wp\/v2\/media\/12688"}],"wp:attachment":[{"href":"https:\/\/cenariosdeacucar.pt\/index.php?rest_route=%2Fwp%2Fv2%2Fmedia&parent=12687"}],"wp:term":[{"taxonomy":"product_brand","embeddable":true,"href":"https:\/\/cenariosdeacucar.pt\/index.php?rest_route=%2Fwp%2Fv2%2Fproduct_brand&post=12687"},{"taxonomy":"product_cat","embeddable":true,"href":"https:\/\/cenariosdeacucar.pt\/index.php?rest_route=%2Fwp%2Fv2%2Fproduct_cat&post=12687"},{"taxonomy":"product_tag","embeddable":true,"href":"https:\/\/cenariosdeacucar.pt\/index.php?rest_route=%2Fwp%2Fv2%2Fproduct_tag&post=12687"}],"curies":[{"name":"wp","href":"https:\/\/api.w.org\/{rel}","templated":true}]}}

<div id="textos_avanzados_pestanyas" class="navePestanyas">
<p><b>Composição:</b></p>
</div>
<div id="div_textos_avanzados_pestanyas_descripcion_tecnica" class="pestanyaCliente descripcionTecnica">
<p>Glicerina, dióxido de silicone, glicol de propileno, corantes (E-124, E-129).</p>
<p><i>Os corantes E-124 y E-129 podem ter um efeito adverso na atividade e atenção das crianças. </i></p>
<p><b>Alergénicos</b>:</p>
<p>Sem glúten. Livre de nozes e OGM.</p>
<p>Adequado para pessoas vegetarianas.</p>
<p>Certificado Kosher y Halal.</p>
<p><b>Conservação:</b></p>
<p>Conservar à temperatura ambiente, em lugar fresco e seco.</p>
</div>

<p id="nombreProducto">CORANTE EM GEL &#8220;PROGEL&#8221; RAINBOW DUST &#8211; VERMELHO25 G</p>
<p>Perfeito para tingir pasta de açúcar, glacê, creme de manteiga, macarons,&#8230;.</p>

<!-- This site is optimized with the Yoast SEO plugin v27.4 - https://yoast.com/product/yoast-seo-wordpress/ -->
<title>CORANTE EM GEL &quot;PROGEL&quot; RAINBOW DUST - VERMELHO - Cenários de Açucar</title>
<meta name="robots" content="index, follow, max-snippet:-1, max-image-preview:large, max-video-preview:-1" />
<link rel="canonical" href="https://cenariosdeacucar.pt/?product=corante-em-gel-progel-rainbow-dust-vermelho" />
<meta property="og:locale" content="pt_PT" />
<meta property="og:type" content="article" />
<meta property="og:title" content="CORANTE EM GEL &quot;PROGEL&quot; RAINBOW DUST - VERMELHO - Cenários de Açucar" />
<meta property="og:description" content="CORANTE EM GEL &quot;PROGEL&quot; RAINBOW DUST - VERMELHO25 G Perfeito para tingir pasta de açúcar, glacê, creme de manteiga, macarons,...." />
<meta property="og:url" content="https://cenariosdeacucar.pt/?product=corante-em-gel-progel-rainbow-dust-vermelho" />
<meta property="og:site_name" content="Cenários de Açucar" />
<meta property="article:modified_time" content="2025-09-09T10:30:10+00:00" />
<meta property="og:image" content="https://cenariosdeacucar.pt/novo/wp-content/uploads/2021/02/img_14448_83b610acc14a7ab790c6abe07ba58f43_1.png" />
	<meta property="og:image:width" content="900" />
	<meta property="og:image:height" content="900" />
	<meta property="og:image:type" content="image/png" />
<meta name="twitter:card" content="summary_large_image" />
<meta name="twitter:label1" content="Tempo estimado de leitura" />
	<meta name="twitter:data1" content="1 minuto" />
<script type="application/ld+json" class="yoast-schema-graph">{"@context":"https:\/\/schema.org","@graph":[{"@type":"WebPage","@id":"https:\/\/cenariosdeacucar.pt\/?product=corante-em-gel-progel-rainbow-dust-vermelho","url":"https:\/\/cenariosdeacucar.pt\/?product=corante-em-gel-progel-rainbow-dust-vermelho","name":"CORANTE EM GEL \"PROGEL\" RAINBOW DUST - VERMELHO - Cenários de Açucar","isPartOf":{"@id":"https:\/\/cenariosdeacucar.pt\/#website"},"primaryImageOfPage":{"@id":"https:\/\/cenariosdeacucar.pt\/?product=corante-em-gel-progel-rainbow-dust-vermelho#primaryimage"},"image":{"@id":"https:\/\/cenariosdeacucar.pt\/?product=corante-em-gel-progel-rainbow-dust-vermelho#primaryimage"},"thumbnailUrl":"https:\/\/cenariosdeacucar.pt\/novo\/wp-content\/uploads\/2021\/02\/img_14448_83b610acc14a7ab790c6abe07ba58f43_1.png","datePublished":"2021-02-16T16:07:54+00:00","dateModified":"2025-09-09T10:30:10+00:00","breadcrumb":{"@id":"https:\/\/cenariosdeacucar.pt\/?product=corante-em-gel-progel-rainbow-dust-vermelho#breadcrumb"},"inLanguage":"pt-PT","potentialAction":[{"@type":"ReadAction","target":["https:\/\/cenariosdeacucar.pt\/?product=corante-em-gel-progel-rainbow-dust-vermelho"]}]},{"@type":"ImageObject","inLanguage":"pt-PT","@id":"https:\/\/cenariosdeacucar.pt\/?product=corante-em-gel-progel-rainbow-dust-vermelho#primaryimage","url":"https:\/\/cenariosdeacucar.pt\/novo\/wp-content\/uploads\/2021\/02\/img_14448_83b610acc14a7ab790c6abe07ba58f43_1.png","contentUrl":"https:\/\/cenariosdeacucar.pt\/novo\/wp-content\/uploads\/2021\/02\/img_14448_83b610acc14a7ab790c6abe07ba58f43_1.png","width":900,"height":900},{"@type":"BreadcrumbList","@id":"https:\/\/cenariosdeacucar.pt\/?product=corante-em-gel-progel-rainbow-dust-vermelho#breadcrumb","itemListElement":[{"@type":"ListItem","position":1,"name":"Início","item":"https:\/\/cenariosdeacucar.pt\/"},{"@type":"ListItem","position":2,"name":"Produtos","item":"https:\/\/cenariosdeacucar.pt\/?post_type=product"},{"@type":"ListItem","position":3,"name":"CORANTE EM GEL &#8220;PROGEL&#8221; RAINBOW DUST &#8211; VERMELHO"}]},{"@type":"WebSite","@id":"https:\/\/cenariosdeacucar.pt\/#website","url":"https:\/\/cenariosdeacucar.pt\/","name":"Cenários de Açucar","description":"Cake Design | Festas","potentialAction":[{"@type":"SearchAction","target":{"@type":"EntryPoint","urlTemplate":"https:\/\/cenariosdeacucar.pt\/?s={search_term_string}"},"query-input":{"@type":"PropertyValueSpecification","valueRequired":true,"valueName":"search_term_string"}}],"inLanguage":"pt-PT"}]}</script>
<!-- / Yoast SEO plugin. -->

CORANTE EM GEL "PROGEL" RAINBOW DUST - VERMELHO - Cenários de Açucar

CORANTE EM GEL "PROGEL" RAINBOW DUST - VERMELHO25 G Perfeito para tingir pasta de açúcar, glacê, creme de manteiga, macarons,....

Cenários de Açucar

Início
